--
-- Host: localhost    Database: curso
-- ------------------------------------------------------


--
-- Table structure for table `asistencia_cursos`
--

CREATE TABLE `asistencia_cursos` (
  `id` bigint unsigned NOT NULL AUTO_INCREMENT,
  `client_id` bigint unsigned DEFAULT NULL,
  `curso_id` bigint unsigned DEFAULT NULL,
  `created_at` timestamp NULL DEFAULT NULL,
  `updated_at` timestamp NULL DEFAULT NULL,
  PRIMARY KEY (`id`),
  KEY `asistencia_cursos_client_id_foreign` (`client_id`),
  KEY `asistencia_cursos_curso_id_foreign` (`curso_id`),
  CONSTRAINT `asistencia_cursos_client_id_foreign` FOREIGN KEY (`client_id`) REFERENCES `clientes` (`id`),
  CONSTRAINT `asistencia_cursos_curso_id_foreign` FOREIGN KEY (`curso_id`) REFERENCES `cursos` (`id`)
) ENGINE=InnoDB AUTO_INCREMENT=271 DEFAULT CHARSET=utf8mb4 COLLATE=utf8mb4_unicode_ci;

--
-- Dumping data for table `asistencia_cursos`
--

INSERT INTO `asistencia_cursos` VALUES (1,53,6,'2023-03-24 23:20:41','2023-03-24 23:20:41'),(2,22,6,'2023-03-24 23:21:00','2023-03-24 23:21:00'),(3,47,6,'2023-03-24 23:21:07','2023-03-24 23:21:07'),(4,79,6,'2023-03-24 23:23:53','2023-03-24 23:23:53'),(5,4,6,'2023-03-24 23:26:31','2023-03-24 23:26:31'),(6,5,6,'2023-03-24 23:26:47','2023-03-24 23:26:47'),(7,24,6,'2023-03-24 23:27:26','2023-03-24 23:27:26'),(8,44,6,'2023-03-24 23:28:04','2023-03-24 23:28:04'),(10,25,6,'2023-03-24 23:29:17','2023-03-24 23:29:17'),(11,16,6,'2023-03-24 23:29:48','2023-03-24 23:29:48'),(12,63,6,'2023-03-24 23:30:10','2023-03-24 23:30:10'),(13,40,6,'2023-03-24 23:30:34','2023-03-24 23:30:34'),(14,30,6,'2023-03-24 23:32:13','2023-03-24 23:32:13'),(15,35,6,'2023-03-24 23:34:29','2023-03-24 23:34:29'),(16,28,6,'2023-03-24 23:34:47','2023-03-24 23:34:47'),(17,60,6,'2023-03-24 23:34:54','2023-03-24 23:34:54'),(18,9,6,'2023-03-24 23:35:27','2023-03-24 23:35:27'),(19,61,6,'2023-03-24 23:35:28','2023-03-24 23:35:28'),(21,14,6,'2023-03-24 23:36:10','2023-03-24 23:36:10'),(22,68,6,'2023-03-24 23:36:47','2023-03-24 23:36:47'),(23,17,6,'2023-03-24 23:36:51','2023-03-24 23:36:51'),(24,21,6,'2023-03-24 23:37:00','2023-03-24 23:37:00'),(25,37,6,'2023-03-24 23:37:21','2023-03-24 23:37:21'),(26,71,6,'2023-03-24 23:37:34','2023-03-24 23:37:34'),(27,12,6,'2023-03-24 23:37:54','2023-03-24 23:37:54'),(28,66,6,'2023-03-24 23:38:02','2023-03-24 23:38:02'),(29,34,6,'2023-03-24 23:38:28','2023-03-24 23:38:28'),(31,6,6,'2023-03-24 23:38:57','2023-03-24 23:38:57'),(32,20,6,'2023-03-24 23:39:04','2023-03-24 23:39:04'),(33,23,6,'2023-03-24 23:39:50','2023-03-24 23:39:50'),(34,64,6,'2023-03-24 23:39:50','2023-03-24 23:39:50'),(35,36,6,'2023-03-24 23:40:25','2023-03-24 23:40:25'),(36,41,6,'2023-03-24 23:40:48','2023-03-24 23:40:48'),(37,51,6,'2023-03-24 23:41:09','2023-03-24 23:41:09'),(38,78,6,'2023-03-24 23:41:26','2023-03-24 23:41:26'),(39,48,6,'2023-03-24 23:41:35','2023-03-24 23:41:35'),(40,8,6,'2023-03-24 23:41:57','2023-03-24 23:41:57'),(41,69,6,'2023-03-24 23:42:28','2023-03-24 23:42:28'),(42,27,6,'2023-03-24 23:43:05','2023-03-24 23:43:05'),(43,73,6,'2023-03-24 23:43:25','2023-03-24 23:43:25'),(44,15,6,'2023-03-24 23:44:02','2023-03-24 23:44:02'),(45,80,6,'2023-03-24 23:44:10','2023-03-24 23:44:10'),(46,70,6,'2023-03-24 23:44:31','2023-03-24 23:44:31'),(47,67,6,'2023-03-24 23:44:56','2023-03-24 23:44:56'),(48,65,6,'2023-03-24 23:45:14','2023-03-24 23:45:14'),(49,7,6,'2023-03-24 23:45:38','2023-03-24 23:45:38'),(50,45,6,'2023-03-24 23:45:48','2023-03-24 23:45:48'),(51,50,6,'2023-03-24 23:47:01','2023-03-24 23:47:01'),(52,11,6,'2023-03-24 23:47:39','2023-03-24 23:47:39'),(53,57,6,'2023-03-24 23:48:36','2023-03-24 23:48:36'),(54,52,6,'2023-03-24 23:48:45','2023-03-24 23:48:45'),(55,33,6,'2023-03-24 23:48:57','2023-03-24 23:48:57'),(56,58,6,'2023-03-24 23:49:17','2023-03-24 23:49:17'),(57,54,6,'2023-03-24 23:49:27','2023-03-24 23:49:27'),(58,39,6,'2023-03-24 23:50:23','2023-03-24 23:50:23'),(60,32,6,'2023-03-24 23:50:46','2023-03-24 23:50:46'),(61,55,6,'2023-03-24 23:51:54','2023-03-24 23:51:54'),(62,55,6,'2023-03-24 23:52:20','2023-03-24 23:52:20'),(65,74,6,'2023-03-27 16:12:14','2023-03-27 16:12:14'),(70,3,6,'2023-03-30 20:55:00','2023-03-30 20:55:00'),(75,122,7,'2023-04-12 21:30:22','2023-04-12 21:30:22'),(76,153,7,'2023-04-12 21:30:25','2023-04-12 21:30:25'),(77,150,7,'2023-04-12 21:30:44','2023-04-12 21:30:44'),(78,179,7,'2023-04-12 21:30:55','2023-04-12 21:30:55'),(79,86,7,'2023-04-12 21:31:07','2023-04-12 21:31:07'),(80,102,7,'2023-04-12 21:31:16','2023-04-12 21:31:16'),(81,154,7,'2023-04-12 21:31:23','2023-04-12 21:31:23'),(82,108,7,'2023-04-12 21:31:39','2023-04-12 21:31:39'),(83,160,7,'2023-04-12 21:31:51','2023-04-12 21:31:51'),(84,186,7,'2023-04-12 21:32:20','2023-04-12 21:32:20'),(86,97,7,'2023-04-12 21:32:38','2023-04-12 21:32:38'),(87,96,7,'2023-04-12 21:32:45','2023-04-12 21:32:45'),(88,93,7,'2023-04-12 21:33:04','2023-04-12 21:33:04'),(89,109,7,'2023-04-12 21:33:15','2023-04-12 21:33:15'),(90,118,7,'2023-04-12 21:33:25','2023-04-12 21:33:25'),(91,113,7,'2023-04-12 21:33:32','2023-04-12 21:33:32'),(92,128,7,'2023-04-12 21:33:48','2023-04-12 21:33:48'),(93,185,7,'2023-04-12 21:33:52','2023-04-12 21:33:52'),(94,95,7,'2023-04-12 21:34:16','2023-04-12 21:34:16'),(96,177,7,'2023-04-12 21:34:36','2023-04-12 21:34:36'),(97,82,7,'2023-04-12 21:34:36','2023-04-12 21:34:36'),(98,188,7,'2023-04-12 21:34:59','2023-04-12 21:34:59'),(99,132,7,'2023-04-12 21:35:07','2023-04-12 21:35:07'),(100,107,7,'2023-04-12 21:35:17','2023-04-12 21:35:17'),(101,172,7,'2023-04-12 21:35:27','2023-04-12 21:35:27'),(102,103,7,'2023-04-12 21:35:38','2023-04-12 21:35:38'),(104,137,7,'2023-04-12 21:36:00','2023-04-12 21:36:00'),(105,127,7,'2023-04-12 21:36:23','2023-04-12 21:36:23'),(106,176,7,'2023-04-12 21:36:25','2023-04-12 21:36:25'),(107,138,7,'2023-04-12 21:36:42','2023-04-12 21:36:42'),(108,111,7,'2023-04-12 21:36:50','2023-04-12 21:36:50'),(109,173,7,'2023-04-12 21:37:27','2023-04-12 21:37:27'),(110,121,7,'2023-04-12 21:38:38','2023-04-12 21:38:38'),(111,117,7,'2023-04-12 21:39:01','2023-04-12 21:39:01'),(112,134,7,'2023-04-12 21:39:51','2023-04-12 21:39:51'),(113,120,7,'2023-04-12 21:40:15','2023-04-12 21:40:15'),(114,144,7,'2023-04-12 21:40:35','2023-04-12 21:40:35'),(116,164,7,'2023-04-12 21:43:20','2023-04-12 21:43:20'),(117,146,7,'2023-04-12 21:43:48','2023-04-12 21:43:48'),(118,112,7,'2023-04-12 21:44:19','2023-04-12 21:44:19'),(119,139,7,'2023-04-12 21:44:31','2023-04-12 21:44:31'),(121,159,7,'2023-04-12 21:47:45','2023-04-12 21:47:45'),(122,116,7,'2023-04-12 21:48:20','2023-04-12 21:48:20'),(123,167,7,'2023-04-12 21:50:11','2023-04-12 21:50:11'),(125,110,7,'2023-04-12 21:50:57','2023-04-12 21:50:57'),(126,141,7,'2023-04-12 21:51:15','2023-04-12 21:51:15'),(127,133,7,'2023-04-12 21:59:50','2023-04-12 21:59:50'),(128,106,7,'2023-04-12 22:01:04','2023-04-12 22:01:04'),(129,126,7,'2023-04-12 22:03:50','2023-04-12 22:03:50'),(130,94,7,'2023-04-12 22:04:33','2023-04-12 22:04:33'),(131,183,7,'2023-04-12 22:05:32','2023-04-12 22:05:32'),(132,136,7,'2023-04-12 22:07:12','2023-04-12 22:07:12'),(133,184,7,'2023-04-12 22:10:58','2023-04-12 22:10:58'),(134,119,7,'2023-04-12 22:11:48','2023-04-12 22:11:48'),(135,175,7,'2023-04-12 22:12:07','2023-04-12 22:12:07'),(136,178,7,'2023-04-12 22:18:11','2023-04-12 22:18:11'),(137,170,7,'2023-04-12 22:23:53','2023-04-12 22:23:53'),(138,104,7,'2023-04-12 22:24:13','2023-04-12 22:24:13'),(139,161,7,'2023-04-12 22:24:31','2023-04-12 22:24:31'),(140,147,7,'2023-04-12 22:25:31','2023-04-12 22:25:31'),(141,165,7,'2023-04-12 22:27:11','2023-04-12 22:27:11'),(142,99,7,'2023-04-12 22:28:01','2023-04-12 22:28:01'),(143,202,7,'2023-04-12 22:36:44','2023-04-12 22:36:44'),(144,171,7,'2023-04-12 22:39:17','2023-04-12 22:39:17'),(145,135,7,'2023-04-12 22:48:08','2023-04-12 22:48:08'),(147,174,7,'2023-04-12 22:59:05','2023-04-12 22:59:05'),(151,113,9,'2023-04-26 15:57:02','2023-04-26 15:57:02'),(152,94,9,'2023-04-26 15:58:23','2023-04-26 15:58:23'),(153,95,9,'2023-04-26 15:59:52','2023-04-26 15:59:52'),(154,160,9,'2023-04-26 16:01:53','2023-04-26 16:01:53'),(155,188,9,'2023-04-26 16:04:50','2023-04-26 16:04:50'),(156,141,9,'2023-04-26 16:06:35','2023-04-26 16:06:35'),(157,159,9,'2023-04-26 16:06:57','2023-04-26 16:06:57'),(159,171,9,'2023-04-26 16:08:38','2023-04-26 16:08:38'),(160,222,9,'2023-04-26 16:08:45','2023-04-26 16:08:45'),(161,111,9,'2023-04-26 16:08:58','2023-04-26 16:08:58'),(162,184,9,'2023-04-26 16:09:34','2023-04-26 16:09:34'),(163,185,9,'2023-04-26 16:10:16','2023-04-26 16:10:16'),(164,185,9,'2023-04-26 16:11:16','2023-04-26 16:11:16'),(165,176,9,'2023-04-26 16:11:17','2023-04-26 16:11:17'),(166,86,9,'2023-04-26 16:16:10','2023-04-26 16:16:10'),(167,102,9,'2023-04-26 16:16:52','2023-04-26 16:16:52'),(168,132,9,'2023-04-26 16:17:10','2023-04-26 16:17:10'),(169,138,9,'2023-04-26 16:17:32','2023-04-26 16:17:32'),(170,177,9,'2023-04-26 16:18:01','2023-04-26 16:18:01'),(171,126,9,'2023-04-26 16:18:27','2023-04-26 16:18:27'),(172,139,9,'2023-04-26 16:19:24','2023-04-26 16:19:24'),(173,223,9,'2023-04-26 16:19:51','2023-04-26 16:19:51'),(174,186,9,'2023-04-26 16:20:00','2023-04-26 16:20:00'),(175,122,9,'2023-04-26 16:21:35','2023-04-26 16:21:35'),(176,154,9,'2023-04-26 16:22:02','2023-04-26 16:22:02'),(177,82,9,'2023-04-26 16:23:46','2023-04-26 16:23:46'),(178,137,9,'2023-04-26 16:24:00','2023-04-26 16:24:00'),(179,18,9,'2023-04-26 16:25:01','2023-04-26 16:25:01'),(180,179,9,'2023-04-26 16:25:48','2023-04-26 16:25:48'),(181,218,9,'2023-04-26 16:26:37','2023-04-26 16:26:37'),(183,119,9,'2023-04-26 16:28:55','2023-04-26 16:28:55'),(184,97,9,'2023-04-26 16:29:29','2023-04-26 16:29:29'),(185,135,9,'2023-04-26 16:29:48','2023-04-26 16:29:48'),(186,178,9,'2023-04-26 16:29:58','2023-04-26 16:29:58'),(187,117,9,'2023-04-26 16:30:34','2023-04-26 16:30:34'),(188,127,9,'2023-04-26 16:31:28','2023-04-26 16:31:28'),(189,104,9,'2023-04-26 16:32:40','2023-04-26 16:32:40'),(190,144,9,'2023-04-26 16:34:26','2023-04-26 16:34:26'),(192,134,9,'2023-04-26 16:39:16','2023-04-26 16:39:16'),(193,112,9,'2023-04-26 16:41:23','2023-04-26 16:41:23'),(194,153,9,'2023-04-26 16:42:05','2023-04-26 16:42:05'),(195,153,9,'2023-04-26 16:42:15','2023-04-26 16:42:15'),(196,165,9,'2023-04-26 16:43:28','2023-04-26 16:43:28'),(197,175,9,'2023-04-26 16:43:39','2023-04-26 16:43:39'),(198,108,9,'2023-04-26 16:44:15','2023-04-26 16:44:15'),(199,108,9,'2023-04-26 16:44:16','2023-04-26 16:44:16'),(200,170,9,'2023-04-26 16:44:38','2023-04-26 16:44:38'),(201,174,9,'2023-04-26 16:45:07','2023-04-26 16:45:07'),(202,146,9,'2023-04-26 16:46:04','2023-04-26 16:46:04'),(203,93,9,'2023-04-26 16:46:13','2023-04-26 16:46:13'),(204,96,9,'2023-04-26 16:46:21','2023-04-26 16:46:21'),(205,109,9,'2023-04-26 16:46:29','2023-04-26 16:46:29'),(206,224,9,'2023-04-26 16:46:35','2023-04-26 16:46:35'),(207,161,9,'2023-04-26 16:46:48','2023-04-26 16:46:48'),(208,147,9,'2023-04-26 16:47:06','2023-04-26 16:47:06'),(209,116,9,'2023-04-26 16:47:32','2023-04-26 16:47:32'),(210,221,9,'2023-04-26 16:49:37','2023-04-26 16:49:37'),(211,164,9,'2023-04-26 16:53:23','2023-04-26 16:53:23'),(212,183,9,'2023-04-26 16:55:46','2023-04-26 16:55:46'),(213,183,9,'2023-04-26 16:56:10','2023-04-26 16:56:10'),(214,110,9,'2023-04-26 16:56:27','2023-04-26 16:56:27'),(215,110,9,'2023-04-26 16:56:48','2023-04-26 16:56:48'),(216,219,9,'2023-04-26 16:56:52','2023-04-26 16:56:52'),(217,150,9,'2023-04-26 19:05:16','2023-04-26 19:05:16'),(218,98,7,'2023-05-04 16:28:39','2023-05-04 16:28:39'),(219,177,10,'2023-05-05 23:21:01','2023-05-05 23:21:01'),(220,255,10,'2023-05-05 23:21:56','2023-05-05 23:21:56'),(221,224,10,'2023-05-05 23:25:38','2023-05-05 23:25:38'),(222,184,10,'2023-05-05 23:26:48','2023-05-05 23:26:48'),(223,94,10,'2023-05-05 23:29:34','2023-05-05 23:29:34'),(224,110,10,'2023-05-05 23:30:13','2023-05-05 23:30:13'),(225,141,10,'2023-05-05 23:31:29','2023-05-05 23:31:29'),(226,102,10,'2023-05-05 23:32:06','2023-05-05 23:32:06'),(227,188,10,'2023-05-05 23:33:02','2023-05-05 23:33:02'),(228,111,10,'2023-05-05 23:33:45','2023-05-05 23:33:45'),(229,122,10,'2023-05-05 23:33:49','2023-05-05 23:33:49'),(230,112,10,'2023-05-05 23:34:35','2023-05-05 23:34:35'),(231,176,10,'2023-05-05 23:35:26','2023-05-05 23:35:26'),(232,144,10,'2023-05-05 23:36:19','2023-05-05 23:36:19'),(233,86,10,'2023-05-05 23:36:55','2023-05-05 23:36:55'),(234,82,10,'2023-05-05 23:37:38','2023-05-05 23:37:38'),(235,137,10,'2023-05-05 23:38:25','2023-05-05 23:38:25'),(236,179,10,'2023-05-05 23:38:45','2023-05-05 23:38:45'),(237,146,10,'2023-05-05 23:41:37','2023-05-05 23:41:37'),(238,139,10,'2023-05-05 23:42:11','2023-05-05 23:42:11'),(239,135,10,'2023-05-05 23:42:35','2023-05-05 23:42:35'),(240,153,10,'2023-05-05 23:43:39','2023-05-05 23:43:39'),(241,108,10,'2023-05-05 23:44:35','2023-05-05 23:44:35'),(242,159,10,'2023-05-05 23:45:23','2023-05-05 23:45:23'),(243,222,10,'2023-05-05 23:46:21','2023-05-05 23:46:21'),(244,93,10,'2023-05-05 23:46:46','2023-05-05 23:46:46'),(245,161,10,'2023-05-05 23:47:32','2023-05-05 23:47:32'),(246,165,10,'2023-05-05 23:47:58','2023-05-05 23:47:58'),(247,186,10,'2023-05-05 23:48:36','2023-05-05 23:48:36'),(248,154,10,'2023-05-05 23:49:08','2023-05-05 23:49:08'),(249,117,10,'2023-05-05 23:49:55','2023-05-05 23:49:55'),(250,134,10,'2023-05-05 23:50:24','2023-05-05 23:50:24'),(251,138,10,'2023-05-05 23:52:42','2023-05-05 23:52:42'),(253,104,10,'2023-05-05 23:53:29','2023-05-05 23:53:29'),(254,97,10,'2023-05-05 23:53:35','2023-05-05 23:53:35'),(255,164,10,'2023-05-05 23:53:44','2023-05-05 23:53:44'),(256,183,10,'2023-05-05 23:53:48','2023-05-05 23:53:48'),(257,174,10,'2023-05-05 23:55:05','2023-05-05 23:55:05');

--
-- Table structure for table `categorias`
--

CREATE TABLE `categorias` (
  `id` bigint unsigned NOT NULL AUTO_INCREMENT,
  `name` varchar(200) COLLATE utf8mb4_unicode_ci NOT NULL,
  `created_at` timestamp NULL DEFAULT NULL,
  `updated_at` timestamp NULL DEFAULT NULL,
  PRIMARY KEY (`id`),
  UNIQUE KEY `categorias_name_unique` (`name`)
) ENGINE=InnoDB DEFAULT CHARSET=utf8mb4 COLLATE=utf8mb4_unicode_ci;

--
-- Dumping data for table `categorias`
--


--
-- Table structure for table `clientes`
--

CREATE TABLE `clientes` (
  `id` bigint unsigned NOT NULL AUTO_INCREMENT,
  `name` varchar(200) COLLATE utf8mb4_unicode_ci NOT NULL,
  `last_name` varchar(200) COLLATE utf8mb4_unicode_ci NOT NULL,
  `phone` varchar(100) COLLATE utf8mb4_unicode_ci NOT NULL,
  `email` varchar(100) COLLATE utf8mb4_unicode_ci NOT NULL,
  `birth_date` date DEFAULT NULL,
  `nacionalidad` varchar(100) COLLATE utf8mb4_unicode_ci DEFAULT NULL,
  `civil_status` varchar(100) COLLATE utf8mb4_unicode_ci DEFAULT NULL,
  `pais` varchar(100) COLLATE utf8mb4_unicode_ci NOT NULL DEFAULT 'Panamá',
  `accept_contract` tinyint(1) NOT NULL DEFAULT '0',
  `created_at` timestamp NULL DEFAULT NULL,
  `updated_at` timestamp NULL DEFAULT NULL,
  `occupation` varchar(250) COLLATE utf8mb4_unicode_ci DEFAULT NULL,
  `objectives` varchar(250) COLLATE utf8mb4_unicode_ci DEFAULT NULL,
  `dni` varchar(255) COLLATE utf8mb4_unicode_ci NOT NULL,
  `nickname` varchar(250) COLLATE utf8mb4_unicode_ci DEFAULT NULL,
  `place_work` varchar(250) COLLATE utf8mb4_unicode_ci DEFAULT NULL,
  `referrals_code` varchar(250) COLLATE utf8mb4_unicode_ci DEFAULT NULL,
  `question_1` varchar(250) COLLATE utf8mb4_unicode_ci DEFAULT NULL,
  `question_2` varchar(250) COLLATE utf8mb4_unicode_ci DEFAULT NULL,
  `note_1` varchar(250) COLLATE utf8mb4_unicode_ci DEFAULT NULL,
  `note_2` varchar(250) COLLATE utf8mb4_unicode_ci DEFAULT NULL,
  `sexo` varchar(20) COLLATE utf8mb4_unicode_ci DEFAULT NULL,
  `soft_delete` tinyint(1) NOT NULL DEFAULT '0',
  `reference_person` varchar(100) COLLATE utf8mb4_unicode_ci DEFAULT NULL,
  `user_id` bigint unsigned DEFAULT NULL,
  `curso_id` bigint unsigned DEFAULT NULL,
  PRIMARY KEY (`id`),
  KEY `clientes_user_id_foreign` (`user_id`),
  KEY `clientes_curso_id_foreign` (`curso_id`),
  CONSTRAINT `clientes_curso_id_foreign` FOREIGN KEY (`curso_id`) REFERENCES `cursos` (`id`),
  CONSTRAINT `clientes_user_id_foreign` FOREIGN KEY (`user_id`) REFERENCES `users` (`id`)
) ENGINE=InnoDB AUTO_INCREMENT=366 DEFAULT CHARSET=utf8mb4 COLLATE=utf8mb4_unicode_ci;

--
-- Dumping data for table `clientes`
--

INSERT INTO `clientes` VALUES (3,'Adahir Milagros Cando Castillo','','507 67123712','adahircando06@gmail.com',NULL,'','','',1,'2023-03-23 23:23:40','2023-04-06 13:41:50','','','','ADAHIR CANDO','','',NULL,NULL,NULL,NULL,NULL,0,'AMELITH',NULL,6),(4,'Alejandra Paola Diaz Rivas','','507 65415913','alepaoladiazrivas09@gmail.com',NULL,'','','',1,'2023-03-23 23:23:40','2023-04-06 13:41:50','','','','ALE DIAZ','','',NULL,NULL,NULL,NULL,NULL,0,'CARMEN',NULL,6),(5,'Alexandra Vasquez','','507 60700425','alexandravasquez1504@gmail.com',NULL,'','','',1,'2023-03-23 23:23:40','2023-04-06 13:41:50','','','','ALEXANDRA VASQUEZ','','',NULL,NULL,NULL,NULL,NULL,0,'SHER',NULL,6),(6,'Annybel Aracelys Alvarado Angulo','','507 61105410','Annybel2101@gmail.com',NULL,'','','',1,'2023-03-23 23:23:40','2023-04-06 13:41:50','','','','ANNYBEL ALVARADO','','',NULL,NULL,NULL,NULL,NULL,0,'ANAMARIA',NULL,6),(7,'Aracellys Cumbrera','','507 64957438','arac_05@hotmail.com',NULL,'','','',1,'2023-03-23 23:23:40','2023-04-06 13:41:50','','','','ARACELLYS CUMBRERA','','',NULL,NULL,NULL,NULL,NULL,0,'AMARELLYS',NULL,6),(8,'Arelis Donaide Amado Miranda','','57 3008256477','arelisamado0206@gmail.com',NULL,'','','',1,'2023-03-23 23:23:40','2023-04-06 13:41:50','','','','ARELIS AMADO','','',NULL,NULL,NULL,NULL,NULL,0,'DONA',NULL,6),(9,'Aristides Ariel Barrios Morales','','507 66799661','Ab141981@gmail.com',NULL,'','','',1,'2023-03-23 23:23:40','2023-04-06 13:41:50','','','','ARISTIDES BARRIOS','','',NULL,NULL,NULL,NULL,NULL,0,'MIKE',NULL,6),(10,'Barbara Danieisy Cabrera','','504 31852304','barbarad.cabreras@gmail.com',NULL,'','','',1,'2023-03-23 23:23:40','2023-04-06 13:41:50','','','','BARBARA CABRERA','','',NULL,NULL,NULL,NULL,NULL,0,'GEO',NULL,1),(11,'Bolívar Tascon','','507 60706829','btascon26@gmail.com',NULL,'','','',1,'2023-03-23 23:23:40','2023-04-06 13:41:50','','','','CHINO TASCON','','',NULL,NULL,NULL,NULL,NULL,0,'JHON',NULL,6),(12,'Carla Morales','','507 61009889','carlasofia102010@gmail.com',NULL,'','','',1,'2023-03-23 23:23:40','2023-04-06 13:41:50','','','','CARLA SOFIA MORALES','','',NULL,NULL,NULL,NULL,NULL,0,'NANCY',NULL,6),(13,'Carlos Aizpurua','','507 65753906','caizpuruaseguros@gmail.com',NULL,'','','',1,'2023-03-23 23:23:40','2023-05-05 19:09:08','','','','CARLOS AIZPURUA','','',NULL,NULL,NULL,NULL,NULL,0,'LIMY',NULL,11),(14,'Carlos Luis de la Rosa Candanedo','','507 69940284','carlosdrc90@gmail.com',NULL,'','','',1,'2023-03-23 23:23:40','2023-04-06 13:41:50','','','','CARLOS DE LA ROSA','','',NULL,NULL,NULL,NULL,NULL,0,'MARIELA',NULL,6),(15,'Carlos Mauricio Giraldo Tangarife','','507 60248551','procoservicios@gmail.com',NULL,'','','',1,'2023-03-23 23:23:40','2023-04-06 13:41:50','','','','CARLOS GIRALDO','','',NULL,NULL,NULL,NULL,NULL,0,'FRANCO',NULL,6),(16,'Carolina Salamanca','','507 68998950','carolinasalamanca03@gmail.com',NULL,'','','',1,'2023-03-23 23:23:40','2023-04-06 13:41:50','','','','CARITO SALAMANCA','','',NULL,NULL,NULL,NULL,NULL,0,'ANAMARÍA',NULL,6),(17,'Cecimar Martinez','','507 61500698','cecimar.martinez02@gmail.com',NULL,'','','',1,'2023-03-23 23:23:40','2023-04-06 13:41:50','','','','CECY MARTINEZ','','',NULL,NULL,NULL,NULL,NULL,0,'LILIA',NULL,6),(18,'Claudia Muñoz H.','','507 68116101','claudiadenniss041891@gmail.com',NULL,'','','',1,'2023-03-23 23:23:40','2023-04-25 20:27:54','','','','CLAUDIA MUÑOZ','','',NULL,NULL,NULL,NULL,NULL,0,'MITCH',NULL,9),(19,'Claudina Escobar','','507 65089303','claudinaescobar60@gmail.com',NULL,'','','',1,'2023-03-23 23:23:40','2023-04-06 13:41:50','','','','CLAUDIN ESCOBAR','','',NULL,NULL,NULL,NULL,NULL,0,'MIGUEL',NULL,1),(20,'Cristian Jesús Castro','','507 65321048','ayanamicastro@gmail.com',NULL,'','','',1,'2023-03-23 23:23:40','2023-04-06 13:41:50','','','','FITO CASTRO','','',NULL,NULL,NULL,NULL,NULL,0,'YESSY',NULL,6),(21,'Dailis Ester Navarro Ospino','','507 62590554','navarrodailis547@gmail.com',NULL,'','','',1,'2023-03-23 23:23:40','2023-04-06 13:41:50','','','','DAILIS NAVARRO','','',NULL,NULL,NULL,NULL,NULL,0,'LILIA',NULL,6),(22,'Daritzel del Carmen Martínez','','507 66858031','daritzel.martinez@gmail.com',NULL,'','','',1,'2023-03-23 23:23:40','2023-04-06 13:41:50','','','','DARY MARTINEZ','','',NULL,NULL,NULL,NULL,NULL,0,'FRANK',NULL,6),(23,'Dashmairy Cerrud','','507 61723888','cerruddash@gmail.com',NULL,'','','',1,'2023-03-23 23:23:40','2023-04-06 13:41:50','','','','DASHY CERRUD','','',NULL,NULL,NULL,NULL,NULL,0,'MIKE',NULL,6),(24,'Diego Lizano Jimenez','','507 62664883','dlj1587@gmail.com',NULL,'','','',1,'2023-03-23 23:23:40','2023-04-06 13:41:50','','','','DIEGO LIZANO','','',NULL,NULL,NULL,NULL,NULL,0,'MAIRO',NULL,6),(25,'Eloisa Montero','','507 61551876','eloisa_montero@yahoo.com',NULL,'','','',1,'2023-03-23 23:23:40','2023-04-06 13:41:50','','','','ELOISA MONTERO','','',NULL,NULL,NULL,NULL,NULL,0,'ZULEYKA',NULL,6),(26,'Elvia Castillo','','507 69810531','eycastillo@copaair.com',NULL,'','','',1,'2023-03-23 23:23:40','2023-04-06 13:41:50','','','','YARELIS CASTILLO','','',NULL,NULL,NULL,NULL,NULL,0,'VIELKA',NULL,1),(27,'German Jose Vera','','507 68612518','germanverajr@gmail.com',NULL,'','','',1,'2023-03-23 23:23:40','2023-04-06 13:41:50','','','','JOSÉ VERA','','',NULL,NULL,NULL,NULL,NULL,0,'ALEJANDRA',NULL,6),(28,'Guillermo Aaron Sanchez Alzamora','','507 66725839','gaaron@gasaplastic.com',NULL,'','','',1,'2023-03-23 23:23:40','2023-04-06 13:41:50','','','','AARON SANCHEZ','','',NULL,NULL,NULL,NULL,NULL,0,'MIGUEL',NULL,6),(29,'Heidy Luzmila Flores Pinzon','','507 65895453','heidyf1425@gmail.com',NULL,'','','',1,'2023-03-23 23:23:40','2023-04-06 13:41:50','','','','PALESTINA FLORES','','',NULL,NULL,NULL,NULL,NULL,0,'ALEXA',NULL,1),(30,'Ihamadis Batista','','507 63273706','ihamadis15batista@gmail.com',NULL,'','','',1,'2023-03-23 23:23:40','2023-04-06 13:41:50','','','','IVETTE BATISTA','','',NULL,NULL,NULL,NULL,NULL,0,'ESTEFANY B.',NULL,6),(31,'Jan Luca Reiss','','507 63784580','janlucareiss@gmail.com',NULL,'','','',1,'2023-03-23 23:23:40','2023-04-06 13:41:50','','','','JAN REISS','','',NULL,NULL,NULL,NULL,NULL,0,'IBIS',NULL,1),(32,'Jesús Eladio Suárez','','507 62536203','belerofomte84@gmail.com',NULL,'','','',1,'2023-03-23 23:23:40','2023-04-06 13:41:50','','','','JESÚS SUÁREZ','','',NULL,NULL,NULL,NULL,NULL,0,'YRAIS',NULL,6),(33,'Jonathan Javier Hernández Quijano','','507 65638603','javierherna654@gmail.com',NULL,'','','',1,'2023-03-23 23:23:40','2023-04-06 13:41:50','','','','ASHE HERNÁNDEZ','','',NULL,NULL,NULL,NULL,NULL,0,'KENNYA',NULL,6),(34,'Jonathan Said Sánchez Rodriguez','','507 69664818','jonasaid4sanchez@gmail.com',NULL,'','','',1,'2023-03-23 23:23:40','2023-04-06 13:41:50','','','','JONASAID SÁNCHEZ','','',NULL,NULL,NULL,NULL,NULL,0,'EMILY',NULL,6),(35,'José Luis Palacios','','0','Jlpm01@hotmail.com',NULL,'','','',1,'2023-03-23 23:23:40','2023-04-06 13:41:50','','','','JOSÉ LUIS PALACIOS','','',NULL,NULL,NULL,NULL,NULL,0,'ALEJANDRO',NULL,6),(36,'Julissa Arauz Ibarra','','507 65359402','yuli.2098@hotmail.com',NULL,'','','',1,'2023-03-23 23:23:40','2023-04-06 13:41:50','','','','JULISSA ARAUZ','','',NULL,NULL,NULL,NULL,NULL,0,'LUIS FERNANDO',NULL,6),(37,'Kathia del Carmen López Riasco','','507 63472737','kathia.lopez@ifarhu.gob.pa',NULL,'','','',1,'2023-03-23 23:23:40','2023-04-06 13:41:50','','','','KATHIA LÓPEZ','','',NULL,NULL,NULL,NULL,NULL,0,'HERNAN',NULL,6),(38,'Keely Mabel Almengor Méndez','','507 67513054','almengorkeely@gmail.com',NULL,'','','',1,'2023-03-23 23:23:40','2023-04-06 13:41:50','','','','KEELY ALMENGOR','','',NULL,NULL,NULL,NULL,NULL,0,'NELLY',NULL,1),(39,'Kimberly Ortega','','507 62457412','maykimby27@gmail.com',NULL,'','','',1,'2023-03-23 23:23:40','2023-04-06 13:41:50','','','','KIMBERLY ORTEGA','','',NULL,NULL,NULL,NULL,NULL,0,'KENI',NULL,6),(40,'Librada Rivera','','507 66765207','libririvera@gmail.com',NULL,'','','',1,'2023-03-23 23:23:40','2023-04-06 13:41:50','','','','LIBRI RIVERA','','',NULL,NULL,NULL,NULL,NULL,0,'IBIS',NULL,6),(41,'Liliana Guerrero','','507 62744285','lylyanaguerrero@gmail.com',NULL,'','','',1,'2023-03-23 23:23:40','2023-04-06 13:41:50','','','','LILIANA GUERRERO','','',NULL,NULL,NULL,NULL,NULL,0,'MICHELLE',NULL,6),(42,'Lorena Gutierrez','','507 63975443','anerolg2509@gmail.com',NULL,'','','',1,'2023-03-23 23:23:40','2023-04-06 13:41:50','','','','LORENA GUTIERREZ','','',NULL,NULL,NULL,NULL,NULL,0,'ALEJANDRO',NULL,1),(43,'Luis Alfredo Benavides Arellano','','507 66671626','luisbenaalfre@gmail.com',NULL,'','','',1,'2023-03-23 23:23:40','2023-04-06 13:41:50','','','','LUIS BENAVIDES','','',NULL,NULL,NULL,NULL,NULL,0,'TEFI',NULL,1),(44,'Luis Gilberto Guzman Morales','','507 66581647','luisggm82@gmail.com',NULL,'','','',1,'2023-03-23 23:23:40','2023-04-06 13:41:50','','','','LUIGI GUZMAN','','',NULL,NULL,NULL,NULL,NULL,0,'ANA I.',NULL,6),(45,'Luis Inocente Camarena García','','507 69253100','camarenaluis28@gmail.com',NULL,'','','',1,'2023-03-23 23:23:40','2023-04-06 13:41:50','','','','LUIS CAMARENA','','',NULL,NULL,NULL,NULL,NULL,0,'GRISELDA',NULL,6),(46,'Maria Cristina Sanchez','','507 64929935','crismar0823@gmail.com',NULL,'','','',1,'2023-03-23 23:23:40','2023-04-06 13:41:50','','','','MARIA CRISTINA SANCHEZ','','',NULL,NULL,NULL,NULL,NULL,0,'GREPSY',NULL,1),(47,'Maria Gabriela Melendez','','507 66913468','mariagmelendezg@gmail.com',NULL,'','','',1,'2023-03-23 23:23:40','2023-04-06 13:41:50','','','','MARY GABY MELENDEZ','','',NULL,NULL,NULL,NULL,NULL,0,'RODERICK',NULL,6),(48,'María Rebeca Alonso','','52 5561607860','rebecalonso@gmail.com',NULL,'','','',1,'2023-03-23 23:23:40','2023-04-06 13:41:50','','','','REBECA ALONSO','','',NULL,NULL,NULL,NULL,NULL,0,'ALEJANDRO',NULL,6),(49,'Michelle Marie Parchment','','507 64973364','michelleparchment@hotmail.com',NULL,'','','',1,'2023-03-23 23:23:40','2023-04-06 13:41:50','','','','MICHELLE MARIE PARCHMENT','','',NULL,NULL,NULL,NULL,NULL,0,'LINETTE',NULL,1),(50,'Miriam Darlene Rueda Morgado','','507 62503716','mdar19@live.com',NULL,'','','',1,'2023-03-23 23:23:40','2023-04-06 13:41:50','','','','DARLENE RUEDA','','',NULL,NULL,NULL,NULL,NULL,0,'WILLY',NULL,6),(51,'Moisés Enrique Justavino','','507 69207748','justavinomoises5@gmail.com',NULL,'','','',1,'2023-03-23 23:23:40','2023-04-06 13:41:50','','','','MOISÉS JUSTAVINO','','',NULL,NULL,NULL,NULL,NULL,0,'LETICIA',NULL,6),(52,'Nancy Aguilar','','507 69672802','nancyaguilar626@gmail.com',NULL,'','','',1,'2023-03-23 23:23:40','2023-04-06 13:41:50','','','','LARY AGUILAR','','',NULL,NULL,NULL,NULL,NULL,0,'PRISCILA',NULL,6),(53,'Nino Moscoso Castorina','','507 63017862','ninomoscoso13@hotmail.com',NULL,'','','',1,'2023-03-23 23:23:40','2023-04-06 13:41:50','','','','NINO MOSCOSO','','',NULL,NULL,NULL,NULL,NULL,0,'NATII',NULL,6),(54,'Norelys Espinosa','','507 64560185','norelysespinosa92@gmail.com',NULL,'','','',1,'2023-03-23 23:23:40','2023-04-06 13:41:50','','','','NORELYS ESPINOSA','','',NULL,NULL,NULL,NULL,NULL,0,'BRYAN',NULL,6),(55,'Paula Andrea Mayorquino Vargas','','507 64233963','Paulamayorquinov21@gmail.com',NULL,'','','',1,'2023-03-23 23:23:40','2023-04-06 13:41:50','','','','PAULA MAYORQUINO','','',NULL,NULL,NULL,NULL,NULL,0,'MARLIN',NULL,6),(56,'Rigoberto Rene Rodriguez Avila','','507 67352999','grupohipa@gmail.com',NULL,'','','',1,'2023-03-23 23:23:40','2023-04-06 13:41:50','','','','RENE AVILA','','',NULL,NULL,NULL,NULL,NULL,0,'MILEIKA',NULL,1),(57,'Rodrigo Velarde','','507 69630888','rodrigoeducacion09@gmail.com',NULL,'','','',1,'2023-03-23 23:23:40','2023-04-06 13:41:50','','','','RODRI VELARDE','','',NULL,NULL,NULL,NULL,NULL,0,'ALEJANDRA',NULL,6),(58,'Ronald Javier Lopez Galindo','','507 69124531','elflacolopez1024@hotmail.com',NULL,'','','',1,'2023-03-23 23:23:40','2023-04-06 13:41:50','','','','RONALD LOPEZ','','',NULL,NULL,NULL,NULL,NULL,0,'RICARDO',NULL,6),(59,'Rosaura Reiss','','507 69201258','rosaurareiss@gmail.com',NULL,'','','',1,'2023-03-23 23:23:40','2023-04-06 13:41:50','','','','ROSY REISS','','',NULL,NULL,NULL,NULL,NULL,0,'ALEJANDRA',NULL,1),(60,'Ruben Alvarez','','507 67104941','ralvarez@mayorsafety.com',NULL,'','','',1,'2023-03-23 23:23:40','2023-04-06 13:41:50','','','','RUBEN ALVAREZ','','',NULL,NULL,NULL,NULL,NULL,0,'CHARLES',NULL,6),(61,'Saharaly Quiel','','507 65743968','qsaharaly@gmail.com',NULL,'','','',1,'2023-03-23 23:23:40','2023-04-06 13:41:50','','','','SAHARALY QUIEL','','',NULL,NULL,NULL,NULL,NULL,0,'EYRA',NULL,6),(62,'Shanelys Tays Garibaldi Maldonado','','507 60269101','Shanelysgaribaldi21@gmail.com',NULL,'','','',1,'2023-03-23 23:23:40','2023-04-06 13:41:50','','','','NELYS GARIBALDI','','',NULL,NULL,NULL,NULL,NULL,0,'LEYLA',NULL,1),(63,'Sofía Gonzalez Arauz','','507 62932701','soffgonzalez06@gmail.com',NULL,'','','',1,'2023-03-23 23:23:40','2023-04-06 13:41:50','','','','SOFIA GONZALEZ','','',NULL,NULL,NULL,NULL,NULL,0,'RUBEN',NULL,6),(64,'Sophia Victoria Robinson Samudio','','507 62662644','robinsonsophia771@gmail.com',NULL,'','','',1,'2023-03-23 23:23:40','2023-04-06 13:41:50','','','','SOFI ROBINSON','','',NULL,NULL,NULL,NULL,NULL,0,'LUIS FERNANDO',NULL,6),(65,'Susana Diaz','','507 67982917','susanadiaz321@gmail.com',NULL,'','','',1,'2023-03-23 23:23:40','2023-04-06 13:41:50','','','','SUSANA DIAZ','','',NULL,NULL,NULL,NULL,NULL,0,'MIKE',NULL,6),(66,'Tatiana Moncada','','507 68237587','tatimoncada11@gmail.com',NULL,'','','',1,'2023-03-23 23:23:40','2023-04-06 13:41:50','','','','TATIANA MONCADA','','',NULL,NULL,NULL,NULL,NULL,0,'HECTOR CRUZ',NULL,6),(67,'Tomas Guardia','','507 62688801','tjgguerra@gmail.com',NULL,'','','',1,'2023-03-23 23:23:40','2023-04-06 13:41:50','','','','TOMAS GUARDIA','','',NULL,NULL,NULL,NULL,NULL,0,'LUIS FERNANDO',NULL,6),(68,'Wilker León','','507 63185322','wilkerleon77@gmail.com',NULL,'','','',1,'2023-03-23 23:23:40','2023-04-06 13:41:50','','','','WILKER LEON','','',NULL,NULL,NULL,NULL,NULL,0,'ALBA',NULL,6),(69,'Yennyfer Quezada','','507 63785145','yennyferquezada@hotmail.com',NULL,'','','',1,'2023-03-23 23:23:40','2023-04-06 13:41:50','','','','YE QUEZADA','','',NULL,NULL,NULL,NULL,NULL,0,'DYAN',NULL,6),(70,'Yinkiria Lorena Cheng Orobio','','507 62311512','yinki203@gmail.com',NULL,'','','',1,'2023-03-23 23:23:40','2023-04-06 13:41:50','','','','YINKIRIA CHENG','','',NULL,NULL,NULL,NULL,NULL,0,'ODESSA',NULL,6),(71,'Yoselin Betania Perez Perozo','','507 65121785','yoselinbperez@gmail.com',NULL,'','','',1,'2023-03-23 23:23:40','2023-04-06 13:41:50','','','','YOSELIN PEREZ','','',NULL,NULL,NULL,NULL,NULL,0,'ALEJANDRO',NULL,6),(72,'Yulissa Cedeño','','507 62175780','yulissalzate@gmail.com',NULL,'','','',1,'2023-03-23 23:23:40','2023-04-06 13:41:50','','','','YUYU CEDEÑO','','',NULL,NULL,NULL,NULL,NULL,0,'WENDY',NULL,1),(73,'Zaara Yaheel Wittgren Pinzon','','507 61518046','zaarawdt@hotmail.com',NULL,'','','',1,'2023-03-23 23:23:40','2023-04-06 13:41:50','','','','ZAARA Y. WITTGREN P.','','',NULL,NULL,NULL,NULL,NULL,0,'EYRA',NULL,6),(74,'Zadock Mitchell','','507 63832466','cardiofit.zm@gmail.com',NULL,'','','',1,'2023-03-23 23:23:40','2023-04-06 13:41:50','','','','MIGUE ZADOCK','','',NULL,NULL,NULL,NULL,NULL,0,'ALEJANDRO',NULL,6),(75,'mauricio','reyes','04145394567','maur28363429rd@gmail.com','2023-10-10','panama','2','panama',1,'2023-03-24 14:11:17','2023-04-06 13:41:50','nomne','as','11772497',NULL,'asas','751416','0','0','as','1','M',1,'as',5,NULL),(77,'mau','mau','10','ma@gmail.com','0100-01-10','asas','1','asa',1,'2023-03-24 14:36:05','2023-04-06 13:41:50','asas','asiaosais','112',NULL,'asas','771707','0','0',NULL,NULL,'M',1,'asasa',7,NULL),(78,'Ana Maria','Sequera Perez','68541028','anna100979@gmail.com','1980-03-24','panameña','1','panama',1,'2023-03-24 20:56:18','2023-04-06 13:41:50','empleada','asad\nasdsa\nasdade','123414',NULL,'panama','781013','0','0',NULL,'4','F',0,'John Uzcategui Gol Estela',8,6),(79,'Carlos Enrique','Medina Figueroa','62013146','cemedinaf@gmail.com','1995-03-24','panameño','1','panama',1,'2023-03-24 20:59:26','2023-04-06 13:41:50','trabajador','qweqw\nqweqwe\nasdfasf','13412343',NULL,'panama','7970','0','0',NULL,'4','M',0,'Ashley Grzeszak Gol Sinergia',9,6),(80,'Lineth','Del Rosario Rivera','65382943','linriv29@hotmail.com','1980-12-12','panameña','1','panama',1,'2023-03-24 21:03:33','2023-04-06 13:41:50','trabajadora','qwewq\nQWEQRFS\nFSCS','q131242',NULL,'panama','801887','0','0',NULL,'4','F',0,'ana jota gol sinergia',10,6),(81,'Pedro','Munoz','65566556','prueba@gmail.com','2023-03-27','panama','1','panama',1,'2023-03-27 18:17:51','2023-04-06 13:41:50','panama','asdfasfd','89898989',NULL,'panama','811964','0','0',NULL,'4','M',1,'Male',11,NULL),(82,'Lais','De Leon','60242946','laisdeleon10@hotmail.com','1990-03-01','Panameña','1','Panama',1,'2023-03-27 21:43:09','2023-05-04 17:17:51','Administradora','Mejorar mis relaciones interpersonales\nMejorar mis finanzas\nSer mas comprometida con mis metas','2-724-1976',NULL,'Clinica dental Alborada','82568','0','0',NULL,'4','F',0,'Nino Moscoso',12,10),(84,'ejemplo','ejemplo','04145394567','maur28363412121229rd@gmail.com','0012-12-12','venezuela','1','mauricio',1,'2023-03-28 11:06:03','2023-04-06 13:41:50','reyes','reyhes','10974033',NULL,'asasa','84614','0','0',NULL,NULL,'F',1,'oscar jose',24,NULL),(85,'test','test','test','test@gmail.com','2023-03-28','asf','1','asdf',1,'2023-03-28 19:18:26','2023-04-06 13:41:50','asdf','sadf','asd',NULL,'asdf','85130','0','0',NULL,'1','M',1,'asdf',25,NULL),(86,'Armando','Alvarado','65795454','aalvarado1909@gmail.com','2000-09-19','Panameño','1','Panamá',1,'2023-03-28 19:28:44','2023-05-04 17:13:12','Estudiante','Mejorar relación familiar.\nSuperación personal.\nMejorar relación sentimental.','8-961-1204',NULL,'UTP','861136','0','0',NULL,'1','M',0,'Iván Maldonado',26,10),(87,'prueba','prueba','prueba','prueba2@gmail.com','0111-12-12','prueba','1','preuba',1,'2023-03-28 19:53:19','2023-04-06 13:41:50','prueba','sasasas','prueba',NULL,'preuba','87756','0','0',NULL,NULL,'M',1,'prueba',34,NULL),(88,'test','test','test','tes@gmail.com','2023-03-01','tst','2','tst',1,'2023-03-28 20:10:04','2023-04-06 13:41:50','test','test','test',NULL,'stees','881984','0','0',NULL,'2','M',1,'ste',38,NULL),(90,'prueba de calidad','prueba de calidad','prueba de calidad','prueba_de_calidad@gmail.com','0121-02-21','prueba de calidad','1','prueba de calidad',1,'2023-03-28 20:25:45','2023-04-06 13:41:50','prueba de calidad','prueba de calidad \nprueba de calidad \nprueba de calidad','prueba de calidad','prueba de calidad','prueba de calidad','90645','0','0',NULL,'2','M',1,'prueba de calidad',42,NULL),(91,'Raquel','Otero','62150647','oteroraq@gmail.com','1993-02-15','Panameña','4','Panamá',1,'2023-03-29 00:58:18','2023-04-12 17:42:19','Inspector de obra','Amor propio \nPaz\nSuperación','9-749-2159','Raquel','Consorcios Loma Cova','91552','0','0',NULL,NULL,'F',0,'Diego Lizano',43,8),(92,'Sergio','Muñoz','67379996','sergioabdiel19@gmail.com','1999-04-10','Panameño','1','Panamá',1,'2023-03-29 02:15:03','2023-04-06 13:41:50','Estudiante','Aprender\nConocer gente y sus historias \nAprender a hacer dineros','8-944-2467','Sergio Muñoz',NULL,'92758','1','0','Problemillas del corazon aveces xd','4','M',0,'Ana Pinzón',44,NULL),(93,'Lorena Itzel','Morales Echeverria','6228-6345','lorenaecheve1391@gmail.com','1991-04-13','Panameña','1','Panamá',1,'2023-03-29 14:47:08','2023-05-04 17:20:07','Logistica','Sentirme bien conmigo misma\nEncontrar mi rumbo en la vida\nTomar accion con mi felicidad','8-847-728','Lori',NULL,'93282','0','1',NULL,'4','F',0,'Sofia Gonzalez',45,10),(94,'Catherine','Sibauste','6312-1371','catherinejsibauste@gmail.com','1979-09-14','Panameña','1','Panama',1,'2023-03-29 17:32:58','2023-05-04 17:13:35','Vendedora','Financieros, mejorar la relación familiar y crecimiento','8-731-415','Catherine','Ninguno','94268','1','0','Depresión','4','F',0,'Michelle Liao',46,10),(95,'Neila','pimentel','63165335','neilaq@icloud.com','1996-12-30','Panamá','1','Panamá',1,'2023-03-29 18:35:36','2023-04-24 17:19:07','Oficinista','Económico \nPersonal \nFísico','8-914-155','Neila','Correos nacionales','95731','0','0',NULL,'4','F',0,'Yessy Bowen',47,9),(96,'Leonel','Flores','69194630','leonelflores2883@gmail.com','1983-11-28','Panameño','1','Panamá',1,'2023-03-29 20:19:13','2023-04-24 17:17:48','Arquitecto','1-terminar mi carrera profesional.\n2-mejorar como persona y profesional \n3-tener un negocio propio.','8-774-21','Leo.','Ciudad  de Panamá','961258','0','0',NULL,'4','M',0,'Arq.Michael Daniels',49,9),(97,'Delis Ismarly','Cantillo Rodriguez','60152160','delisc22@gmail.com','1986-09-22','Venezolana','3','Panamá',1,'2023-03-29 20:55:17','2023-05-04 17:14:00','Gerente Comercial','Manejar más mis emociones\nQuisiera potenciar mis habilidades de crecimiento personal \nSentirme más plena','125340991','Delis','Mayor Safety and Supplies, S.A.','971736','1','0','Algunas veces subida de azucar','4','F',0,'Ruben Alvarez',50,10),(98,'Albany','Sanchez','+507 6127-3748','albanyvsanchez@gmail.com','1989-05-18','Venezolana','1','Panama',1,'2023-03-30 21:44:26','2023-04-06 13:41:50','Comunicadora social','Sanación de relaciones interpersonales\nSuperación de ruptura \nCrecimiento personal','078870585','Albany','Banesco','981763','0','0',NULL,'4','F',0,'Librada Rivera',51,7),(99,'Barbara Hernández -','','507 67305597 -','barbiehernandez20@gmail.com-',NULL,'','','',1,'2023-03-30 22:20:36','2023-04-06 13:41:50','','','',NULL,'','',NULL,NULL,NULL,NULL,NULL,0,'EMM -',NULL,7),(102,'Carmen Graciela Miranda -','','507 62399596 -','elynn1109@gmail.com-',NULL,'','','',1,'2023-03-30 22:20:36','2023-05-04 17:13:29','','','',NULL,'','',NULL,NULL,NULL,NULL,NULL,0,'MIKE -',NULL,10),(103,'Deniece Newton Cuerpo -','','507 63313848 -','newtondeniece@gmail.com-',NULL,'','','',1,'2023-03-30 22:20:36','2023-04-06 13:41:50','','','',NULL,'','',NULL,NULL,NULL,NULL,NULL,0,'RUPERT -',NULL,7),(104,'Ida Baloco -','','507 60390287 -','idabaloco13@gmail.com-',NULL,'','','',1,'2023-03-30 22:20:36','2023-05-04 17:17:26','','','',NULL,'','',NULL,NULL,NULL,NULL,NULL,0,'ROBERTO -',NULL,10),(106,'Yaiseth Ruiz -','','507 61788162 -','ruizalvarez10@gmail.com-',NULL,'','','',1,'2023-03-30 22:20:36','2023-04-06 13:41:50','','','',NULL,'','',NULL,NULL,NULL,NULL,NULL,0,'MIKE -',NULL,7),(107,'Yasser Jimenez -','','507 66737428 -','yasser@aduanasjimenez.com-',NULL,'','','',1,'2023-03-30 22:20:36','2023-04-06 13:41:50','','','',NULL,'','',NULL,NULL,NULL,NULL,NULL,0,'FERNANDO -',NULL,7),(108,'Jesus Magallon Menchaca -','','507 65774402 -','jesus.magallon@gmail.com-',NULL,'','','',1,'2023-03-30 22:20:36','2023-05-04 17:18:27','','','',NULL,'','',NULL,NULL,NULL,NULL,NULL,0,'MIKE -',NULL,10),(109,'Maximo Gordon -','','507 69562724 -','maximogordon777@gmail.com-',NULL,'','','',1,'2023-03-30 22:20:36','2023-04-24 17:18:26','','','',NULL,'','',NULL,NULL,NULL,NULL,NULL,0,'MIKE -',NULL,9),(110,'Natalia Baccino -','','507 66126688 -','natybaccino@yahoo.com.ar-',NULL,'','','',1,'2023-03-30 22:20:36','2023-05-04 17:19:04','','','',NULL,'','',NULL,NULL,NULL,NULL,NULL,0,'NATALIA -',NULL,10),(111,'Mack Joel Mendoza Ayala -','','507 62435246 -','mjma34@hotmail.com-',NULL,'','','',1,'2023-03-30 22:20:36','2023-05-04 17:18:21','','','',NULL,'','',NULL,NULL,NULL,NULL,NULL,0,'CLAY -',NULL,10),(112,'Luis Jose Mauricio Fernandes Araujo -','','507 64302590 -','luisjm27.8@gmail.com-',NULL,'','','',1,'2023-03-30 22:20:36','2023-05-04 17:18:56','','','',NULL,'','',NULL,NULL,NULL,NULL,NULL,0,'MITCH -',NULL,10),(113,'Miguel Alberto Chung Yau -','','507 68883103 -','miguelchung2008@gmail.com-',NULL,'','','',1,'2023-03-30 22:20:36','2023-04-24 17:18:34','','','',NULL,'','',NULL,NULL,NULL,NULL,NULL,0,'VICTORIA -',NULL,9),(114,'Astrid Castillo Bocanegra -','',' -','astridmc28@gmail.com-',NULL,'','','',1,'2023-03-30 22:20:36','2023-04-06 13:41:50','','','',NULL,'','',NULL,NULL,NULL,NULL,NULL,0,'LIMY -',NULL,7),(115,'Georgino Antonelli Biso Umaña -','','507 62253793 -','georginobiso21@gmail.com-',NULL,'','','',1,'2023-03-30 22:20:37','2023-04-06 13:41:50','','','',NULL,'','',NULL,NULL,NULL,NULL,NULL,0,'KEVIN -',NULL,7),(116,'Arianis Yahaira Martinez Mendoza -','','507 66747520 -','supventasch@haristmo.net-',NULL,'','','',1,'2023-03-30 22:20:37','2023-05-04 17:13:02','','','',NULL,'','',NULL,NULL,NULL,NULL,NULL,0,'RUBEN -',NULL,10),(117,'Némesis Saldaña -','','507 62116873 -','nemesissaldana@gmail.com-',NULL,'','','',1,'2023-03-30 22:20:37','2023-05-04 17:19:11','','','',NULL,'','',NULL,NULL,NULL,NULL,NULL,0,'MIKE -',NULL,10),(118,'Ferney Mosquera Mosquera -','','507 60912155 -','licferney@gmail.com-',NULL,'','','',1,'2023-03-30 22:20:37','2023-04-06 13:41:50','','','',NULL,'','',NULL,NULL,NULL,NULL,NULL,0,'MAURICIO -',NULL,7),(119,'Maria Teresa Moreno  -','','507 62352199 -','mariateresa@prestapanama.com-',NULL,'','','',1,'2023-03-30 22:20:37','2023-04-24 17:18:08','','','',NULL,'','',NULL,NULL,NULL,NULL,NULL,0,'MITCH -',NULL,9),(120,'Valery Michell Ramos González -','','507 61208670 -','ramosvalery2604@gmail.com-',NULL,'','','',1,'2023-03-30 22:20:37','2023-04-06 13:41:50','','','',NULL,'','',NULL,NULL,NULL,NULL,NULL,0,'LILIA -',NULL,7),(121,'Roger Alejandro Madriñán Guinto -','','507 68508435 -','ramg_23_4@hotmail.com-',NULL,'','','',1,'2023-03-30 22:20:37','2023-04-06 13:41:50','','','',NULL,'','',NULL,NULL,NULL,NULL,NULL,0,'NATALIA -',NULL,7),(122,'Ailin Lisbeth Delgado Aguilar -','','507 68162451 -','ailinlisbeth@gmail.com-',NULL,'','','',1,'2023-03-30 22:20:37','2023-05-04 21:49:17','','','',NULL,'','',NULL,NULL,NULL,NULL,NULL,0,'JHON -',NULL,10),(125,'Edgar Uzcátegui -','','507 68902314 -','edgaruzca@yahoo.com-',NULL,'','','',1,'2023-03-30 22:20:37','2023-04-12 17:40:35','','','',NULL,'','',NULL,NULL,NULL,NULL,NULL,0,'JHON -',NULL,8),(126,'Yorelanys Mayreth Rodriguez Moreno -','','507 64832926 -','ryorelanys@gmail.com-',NULL,'','','',1,'2023-03-30 22:20:37','2023-04-24 17:19:54','','','',NULL,'','',NULL,NULL,NULL,NULL,NULL,0,'ESTRELLA -',NULL,9),(127,'Eleyma Carolina Hurtado Medina -','','507 64467351 -','eleymah@gmail.com-',NULL,'','','',1,'2023-03-30 22:20:37','2023-04-24 17:16:29','','','',NULL,'','',NULL,NULL,NULL,NULL,NULL,0,'AARON -',NULL,9),(128,'Diznarda Castrellón -','','507 67386483 -','dizivasquez@gmail.com-',NULL,'','','',1,'2023-03-30 22:20:37','2023-04-06 13:41:50','','','',NULL,'','',NULL,NULL,NULL,NULL,NULL,0,'ALEXANDRA -',NULL,7),(129,'Hannah Tejedor Pitty -','','507 62587074 -','tejedorpitty@gmail.com-',NULL,'','','',1,'2023-03-30 22:20:37','2023-04-12 17:41:08','','','',NULL,'','',NULL,NULL,NULL,NULL,NULL,0,'DIEGO -',NULL,8),(130,'Lucero Ricord -','','507 66705931 -','luricord@gmail.com-',NULL,'','','',1,'2023-03-30 22:20:37','2023-04-12 17:41:22','','','',NULL,'','',NULL,NULL,NULL,NULL,NULL,0,'NINO -',NULL,8),(131,'Jorge Fernando Yearwood Cruz -','','507 62546878 -','jyearwood02@gmail.com-',NULL,'','','',1,'2023-03-30 22:20:37','2023-04-12 17:41:46','','','',NULL,'','',NULL,NULL,NULL,NULL,NULL,0,'CARLOS -',NULL,8),(132,'Daid Othon -','','507 62177981 -','daidothon4@gmail.com-',NULL,'','','',1,'2023-03-30 22:20:37','2023-04-24 17:15:43','','','',NULL,'','',NULL,NULL,NULL,NULL,NULL,0,'IVETTE -',NULL,9),(133,'Andrés Vega -','','507 61130492 -','vegaandres0381@gmail.com-',NULL,'','','',1,'2023-03-30 22:20:37','2023-04-06 13:41:50','','','',NULL,'','',NULL,NULL,NULL,NULL,NULL,0,'JONASAID -',NULL,7),(134,'Yarelis Yaizareth Dixon Cedeño -','','507 63414163 -','dyarelis182@gmail.com-',NULL,'','','',1,'2023-03-30 22:20:37','2023-05-04 21:50:13','','','',NULL,'','',NULL,NULL,NULL,NULL,NULL,0,'KIMBERLY -',NULL,10),(135,'Itzelia Hervey Valencia -','','507 66856518 -','itzeliah@gmail.com-',NULL,'','','',1,'2023-03-30 22:20:37','2023-05-04 21:50:04','','','',NULL,'','',NULL,NULL,NULL,NULL,NULL,0,'FITO -',NULL,10),(136,'Linette Rivera -','','507 67227783 -','linette.rivera2@gmail.com-',NULL,'','','',1,'2023-03-30 22:20:37','2023-04-24 17:17:52','','','',NULL,'','',NULL,NULL,NULL,NULL,NULL,0,'YAMI -',NULL,9),(137,'Leida Yasnin','De Leon','6451-7927','leidadeleon@live.com','1978-01-27','Panameña','4','Panama',1,'2023-03-30 23:31:30','2023-05-04 17:17:55','Secretaria','Mejorar mi relación con mi hijo\nSanar emocionalmente\nPoder llevar la relacion de padres','8-714-1692','Leida De Leon','Comerciales la Alemana','13756','1','1','Alergia','4','F',0,'Ericka Rangel',52,10),(138,'Guillermo','Requena','6911-0716','gd.requena@gmail.com','1984-09-30','Panameña','1','Panamá',1,'2023-03-31 01:39:26','2023-05-04 17:17:18','Ingeniero Biomedico','- Crecer Emocionalmente .\n- Desarrollar la capacidad de ayudar a otros.\n- Crear experiencia.','4-734-636','Guillermo','MEDTRONIC','138597','0','0',NULL,'4','M',0,'Natalia Hernandez',53,10),(139,'Jania','Abrego','6124-3015','janiaabrego@gmail.com','1973-12-29','Panamá','1','Panamá',1,'2023-03-31 15:21:32','2023-05-04 17:17:32','Vendedora','1. Mejorar la relación con mi madre\n2. Pagar todas mi deudas\n3. Verme grande','3-123-296','Jania','Suproser','1391211','0','0',NULL,'2','F',0,'Carla Morales',54,10),(141,'maricelis  dinora','iglesias','63154638','miglesias0482@gmail.com','1982-04-04','panameña','1','Panama',1,'2023-03-31 20:40:12','2023-05-04 17:20:01','ANALISTA','Aumentar mi  capacidad de  liderazgo\nreforzar  mi  inteligencia  emocional\ncrecimiento','8-763-2436','Maricelis','mides','141585','0','0',NULL,NULL,'F',0,'Guillermo Sanchez',56,10),(143,'Ricardo','Sánchez','69422990','ricardo7421596@gmail.com','1980-12-25','Panameño','1','Panama',1,'2023-03-31 23:27:41','2023-04-06 13:41:50','Vendedor','1 una familia feliz\n2 casa para mi familia\n3 ser mejor persona','8-742-1596','Ricardo','Panama Botom','1431986','0','0',NULL,'4','M',0,'Ye (Yennyfer Quezada)',66,NULL),(144,'Amarilys Adela','Morán Ovalles','6128-3572','amarilysm06@hotmail.com','2023-04-06','Panameña','3','Panamá',1,'2023-04-01 00:21:28','2023-05-04 22:13:27','Administración.','- conocer qué hacer pra mi futuro. \n- saber cuánto valgo. \n- querer conocer cosas que desconozco.','8-868-2323','Amy','Administración de edificios','1441902','1','0','Hipertiroidismo','4','F',0,'Susana Díaz',67,10),(145,'Carlos Andrés','Ordoñez Reina','67778794','ordonezcarlosreina@gmail.com','2004-06-22','Panameño','1','Panama',1,'2023-04-01 23:38:45','2023-04-06 13:41:50',NULL,'Vivir la experiencia','8-1010-868','Carbo','-','145481','0','0',NULL,'4','M',0,'Malcolm',68,NULL),(146,'Eduardo','Ballestero','6981-3733','emballestero@hotmail.com','1993-06-16','Panameña','1','Panamá',1,'2023-04-01 23:55:48','2023-05-04 17:14:07','Contador','Conocerme mejor\nMejorar mi forma de pensar\nPrepararme para los constantes cambios del futuro','8-875-318','Eduardo Miguel','BRM Accounting','146717','0','1',NULL,'4','M',0,'Roderick Garcia',69,10),(147,'Cesar','Vargas','62658045','cv_montenegro@hotmail.com','1992-08-04','Panamá','1','Panamá',1,'2023-04-01 23:59:49','2023-05-05 22:56:50','Logistica y transporte','1. Ser disciplinado autocumplimiento\n2.puntualidad \n3. Manejo de emociones','8-861-1299','Cesar','Aeropuerto de tocumen','1471237','0','0',NULL,'4','M',0,'Limy',70,11),(148,'Diana Kristell','Ríos Rodríguez','65546252','rios45902@gmail.com','2001-01-08','Panameña','1','Panama',1,'2023-04-02 00:08:06','2023-04-06 13:41:50','Asistente legal','Me gustaría aprender a cómo dirigir mi vida, sacar el potencial que tengo peor no lo aprovecho , mejorar personal como profesionalmente, obtener mi enfoque','8-965-1002','Diana k',NULL,'1481599','1','0','Asma','4','F',0,'Estefany Paola Batista',71,7),(149,'Sahlo','Ravinovich','66512206','sahloravinov@gmail.con','1992-07-01','Estadounidense','1','Panama',1,'2023-04-02 00:43:29','2023-04-06 13:41:50','Administración','Mejor mi aspecto de vida \nEnforcer mis debilidades \nMejorar mis social skills','683602073','Sahlo','Casco','1491908','0','0',NULL,'4','M',0,'Tefy',72,7),(150,'Alexander','Luna','6673-0929','aluna@optimusenseguros.com','1973-01-27','Panameña','3','PANAMA',1,'2023-04-02 16:56:14','2023-04-24 17:14:44','Corredor de Seguros','1.  Sanar mi pasado\n2.  Ser libre financieramente\n3.  Ayudar a otros a recuperarse','8-425-950','ALEX','OPTIMUS EN SEGUROS','150763','1','1','Trastorno depresivo bipolar','4','M',0,'Maria Kerekes',73,9),(151,'Alfredo','Villaverde','66130448','ajvc38@gmail.com','1983-03-04','Panameño','1','Panamá',1,'2023-04-02 19:14:32','2023-04-06 13:41:50','Ing. Industrial','Mejorar en mi vida profesional,\nMejorar en mi vida personal\nMejorar mi autoestima','8-764-287','Alfredo J Villaverde','Polyenvases','151775','0','0',NULL,'4','M',0,'Francisco Lucumi',74,NULL),(153,'Johanna esperanza','Escobar González','62792681','jojoartpty@gmail.com','1985-08-12','Panamá','1','Panamá',1,'2023-04-03 00:21:49','2023-05-04 17:17:37','Estudiante','Superación personal\nReencuentro con mi ser interno\nDesarrollo de mi ser espiritual','8-821-349','Jojo','None','153189','0','0',NULL,NULL,'F',0,'Tatiana moncada',76,10),(154,'Anibal','Nuñez','6569 1085','gedecarsa@gmail.com','1964-05-24','Panameña','2','Panama',1,'2023-04-03 01:40:24','2023-05-04 17:12:25','Gerente General','Admistral el tiempo eficazmente\nCumplir metas aplazadas\nTener más comunicación con mi familia','9-144-438','Anibal','GEDECAR','1541042','0','0',NULL,'4','M',0,'Michael Daniels',77,10),(155,'María Cristina','Barrantes','6561-5843','mariacristina0522@gmail.com','1996-04-05','Panameña','1','Panama',1,'2023-04-03 03:59:27','2023-04-06 13:41:50','Contadora','Superación \nAprender a creer en mi\nSeguridad','9-746-2427','Mariacris','Bethania','155392','0','0',NULL,'4','F',0,'Skarlet junco',80,NULL),(158,'Moises','piza','60705745','moises.piza@gmail.com','1978-09-04','Panamá','1','Panamá',1,'2023-04-04 18:29:03','2023-04-06 13:41:50','Relaciones públicas','Desbloqueo de la glándula pineal\nPercepción\nAutoconfianza','8721133','Moi','Ministerio de economía y finanzas','158147','0','0',NULL,'4','M',0,'Roderick Garcia',92,7),(159,'Antonio','Berman','65620157','tonyberman03@gmail.com','1985-06-03','panameña','2','panama',1,'2023-04-04 23:16:08','2023-05-04 17:19:34','123','1. Mejorar la situación económica \n2. Perder peso\n3. Mejorar la relación con mi esposa','123','Tony','3 Guys Cargo','159331','1','0','Lesion en el area del achilles. Me operaron como hace 2 años atrás en ambos pies. El doctor se refería a la lesión como síndrome de Haglund','4','M',0,'Eric Bodden Gol Estela',93,10),(160,'Oliver Alexis','Torres Vásquez','62644243','olivertorres1102@gmail.com','2000-05-11','Panameño','1','Panamá',1,'2023-04-05 15:11:13','2023-04-24 17:19:16','Estudiante','Quiero mejorar la capacidad de comunicación. \nTener un buen nivel de conciencia. \nAprender a ser líder y poder manejar ese liderazgo.','9-756-2419','Oliver Torres','No laboro','1601539','0','0',NULL,'4','M',0,'Zaara Wittgren',97,9),(161,'Jorge','Vilas','64506477','j_vilas@hotmail.com','1969-05-05','Panameño','2','Panamá',1,'2023-04-05 16:03:54','2023-05-04 17:17:45','Gerente General','Inteligencia Emocional\nEmpatía con otras personas \nMejorar relaciones interpersonales','8-309-191','Jorge','Lanco Panamá','1611068','0','0',NULL,'4','M',0,'Arianis Gonzalez',100,10),(163,'example','example','example','example123rojo@gmail.com','1212-12-12','example','2','example',1,'2023-04-06 01:06:27','2023-04-06 13:41:50','example','easasasasasas','example','example','example','1631060','0',NULL,'ssasasasasa','1','F',1,'exampple',106,NULL),(164,'Nieves Isabel','Burgos Rodríguez','65348726','burgosn2727pty@gmail.com','1987-05-27','Panameña','1','Panamá',1,'2023-04-06 02:40:33','2023-05-04 17:13:48','Independiente','1. Mejorar mi relación con el dinero\n2. ESTAR CON MIS HIJOS\n3. Hacer crecer mis negocios','8-811-1578','Chavelin','Independiente','1641787','0','0',NULL,'4','F',0,'Niky',107,10),(165,'Alexis','Maylin','69804057','chockee06@hotmail.com','1990-09-06','Panameño','3','Panamá',1,'2023-04-06 05:59:49','2023-05-04 17:12:15','Analista de personal','Saber que hacer para trabajar por mis metas.','8-839-601','Alexis Maylin chockee','Caja de seguro social','165648','0','0',NULL,'3','M',0,'Vivían Maylin',108,10),(166,'Marielis','Matos','62893250','mm3989692@gmail.com','2001-09-01','Panameña','1','Panamá',1,'2023-04-06 14:59:38','2023-04-06 15:47:27','Ejecutiva de atención','SEGURIDAD  EN MI \nATREVIMIENTO \nDEJAR MIEDO','8-973-1818','May','Bac avenida balboa','1661581','0','1',NULL,'Si','F',0,'Yurisbell du bois',109,7),(167,'Yajaira','Barria','68406385','lg5983766@gmail.com','1976-04-01','Panameña','1','Panamaa',0,'2023-04-06 20:11:26','2023-04-06 20:11:51','123','Casa Propia\nTerminar mis estudios\nNegocio propio','134','Yajaira','San Antonio Durman','1671679','0','0',NULL,'4','F',0,'Jose luis Cuesta',110,7),(168,'Alexis','Quintero','6002-1319','aquintero05@gmail.com','1985-01-05','panama','2','Panama',1,'2023-04-07 00:37:38','2023-04-07 00:37:38','Gerente General de PS AUTO PANAMA, S.A.','Organizar mi Tiempo \nFamilia\nCarrera','8-781-570','Alexis','Grupo Cincuentenario','1681808','0','0',NULL,NULL,'M',0,'Mileika Dominguez',111,NULL),(169,'Victor','Romero','+17862239862','vmrome@gmail.com','1978-03-12','Venezolano','2','USA',1,'2023-04-07 01:55:46','2023-04-07 20:52:21','Comerciante','Crecimiento Personal \nLiderazgo \nCapacidad para sobrepasar eventos','13487266','Victor Romero','Miami','169208','0','0','.','.','M',0,'German Vera',114,7),(170,'Marlon','Daniels','6515 1961','marlonthomas882@gmail.com','1981-12-09','Panameña','1','Panama',1,'2023-04-07 12:10:48','2023-04-24 17:18:21',NULL,'Ser empresario exitosos\nAdquirir bienes\nLograr metas','8-753-203','Marlon','Tipic Faschion','1701645','0','0',NULL,'3','M',0,'Michael Daniels',115,9),(171,'Raisbel andreina','Leon serrano','66457686','raisbell97@gmail.con','1997-09-01','Colombiana','1','Panamá',1,'2023-04-07 18:09:27','2023-04-24 17:19:21','Independiente','Crecer. Quererme. Mejorar mi estado laboral','Av695894','Rai','Independiente','171293','0','0',NULL,'4','F',0,'Wilker',116,9),(172,'Lola de Jesus','Barcala Blaisdell','6202-5348','lolabarcala@gmail.com','1990-03-05','Panameña','1','Panamá',1,'2023-04-07 19:45:04','2023-04-07 20:51:58','Abogada','Inteligencia emocional, estabilidad laborar económica, y encarrilar o mejor mi relación amorosa a algo estable mutuo.','8-833-1158','Lolita','Independiente','172787','0','1',NULL,'4','F',0,'Maria Rebeca Alonso Alonso',117,7),(173,'Luisa Fernanda','Hernandez pineda','69203356','Lafer74@yahoo.com','1974-04-24','Guatemala','2','Panamá',1,'2023-04-08 02:14:21','2023-04-08 02:49:12','Ventas','Siempre me gusta aprender algo nuevo para Mejorar y\nSer lo mejor versión de mi ser','E8105263','Luisa','Quality Group','1731639','0','0',NULL,'4','F',0,'Yisel villareal',118,7),(174,'Esteban','Cumbrera Orocú','6032-1329','ecumbrera0982@gmail.com','1982-09-22','Panameño','1','Panamá',1,'2023-04-08 03:36:33','2023-05-04 17:16:57','Independiente','Miedo al fracaso\nTrabajo independiente \nEstabilidad Financiera','8-760-342','Esteban',NULL,'17475','0','0',NULL,'4','M',0,'Catalina Puerta',119,10),(175,'Melissa','Chial','69494898','melissachial@gmail.com','1994-09-21','panameña','3','Panamá',0,'2023-04-08 18:02:44','2023-04-24 17:18:30','doctora','Autoconfianza\nComunicación\nExpandir','8-886-6005','Melissa Chial','Centro médico Omega','1751627','0','0',NULL,'4','F',0,'Marco Pacheco',120,9),(176,'Jose','Aranda','69801147','jose_aranda15@hotmail.con','1992-05-15','panameño','1','Panama',0,'2023-04-08 18:14:00','2023-05-04 17:17:07','Independiente','Establecer objetivos en mi vida laboral\nMejorar mi vida amorosa\nEstablecer metas claras para mi futuro','8-000-0000','Facundo Aranda','CALLE','176892','0','0',NULL,'4','M',0,'DARY',121,10),(177,'Vilma','Mariscal','65874855','vilmaivette86@gmail.com','1973-11-11','Panameña','2','Panamá',1,'2023-04-08 19:15:11','2023-05-04 17:19:41','Enfermera','Conocerme\nCocretar objetivo\nAprender de otras personas','8-452-865','Vilma','Santo Tomás y tpc','17762','0','0',NULL,'2','F',0,'Gerald Batista',122,10),(178,'Mary','Johnson','60616412','johnsonq.mary@gmail.com','1984-07-10','Panameña','1','Panama',1,'2023-04-09 16:46:00','2023-05-05 22:33:57','Asistente de gerencia','Ser mejor persona.\nAdquirir nuevos conocimientos.\nManejo y confianza','8-778-2154','Mary Johnson','Mercados nacionales de Cadena de Frio','1781407','0','0',NULL,'4','F',0,'Victor Landazabal',123,11),(179,'Marielys Ailyn','González Zegarra','6670-5267','marielys.agz@gmail.com','1990-03-11','Panameña','1','Panamá',1,'2023-04-09 17:04:03','2023-05-04 17:18:39','Arquitecta','Crecimiento personal y profesional.','8-841-1094','Marielys GZ','Zego','179179','0','0',NULL,'4','F',0,'Aristides Barrios',124,10),(180,'Roberto','Gonzalez','63116412','amilcararthuro0190@gmal.com','1990-08-09','Panameño','1','Panama',1,'2023-04-09 22:27:51','2023-04-12 13:13:10','Contratista','Una pareja estable.\nEmprender mi propio negocio.\nFundación de fines de lucro','4-768-729','Amilcar','GS contracciones','180907','0','0',NULL,'4','M',0,'Mileika Dominguez',125,7),(181,'Nicole','Navarro','62098465','nicolenavarro121@gmail.com','2000-01-01','Panameña','1','Panamá',1,'2023-04-10 00:59:58','2023-05-23 00:35:41','Abogada','Mejoras visiones a futuro','8-961-902','Nicole Navarro','Migración','18194','0','0',NULL,'4','F',0,'Sofia Melissa González',126,8),(182,'Dagmara Milagros','Cando Castillo','6712-2736','dmcastillo82@gmail.com','1999-08-06','Panameña','1','Panamá',1,'2023-04-10 02:05:50','2023-05-04 16:33:23','Arquitecta','Sacar mi idoneidad \nConseguir un empleo \nHacer crecer mi Pág se arquitectura','8-947-861','Dagmara','Independiente','182871','0','0',NULL,'3','F',0,'Amelith Cando',127,8),(183,'Sol Figueredo','Figueredo Ramirez','63155344','solfigueredo12@gmail.com','1994-08-15','Venezolana','1','Panamá',1,'2023-04-10 15:38:31','2023-05-04 17:19:20','Traiding','Aunto conocerme mejor \nTener mejor desempeño en mi vida en general \nTener relaciones sanas','172039448','Sol','Panamá','183185','0','0',NULL,'4','F',0,'Lili y Yoselin',128,10),(184,'Elyna','Chong Li','65800402','elynaaa18@gmail.com','1996-03-18','Panameña','1','Panamá',1,'2023-04-11 15:45:58','2023-05-04 17:16:51','Administrativa de Ventas','1. Mayor fe en mi misma\n2. Lidiar con el miedo para que sea fuente de energía \n3. Desapego','8-946-807','Elyna Chong Li','Bimbo De Panama','1841621','0','1',NULL,'4','F',0,'Amael Gonzalez',129,10),(185,'Joanny','Domínguez','6850 6220','jafe9.may@gmail.com','1980-07-02','Panameña','2','Panamá',1,'2023-04-11 16:01:27','2023-04-24 17:17:29','Secretaria','Superación personal.\nAyuda emocional.\nPotenciar mi conciencia.','8 738 692','Joa','Correos Panamá','1851372','0','0',NULL,'4','F',0,'Yessy Bowen',130,9),(186,'Angel','Barrios','64795026','barriosa468@gmail.com','1968-09-15','Panameño','1','Panamá',1,'2023-04-11 19:03:02','2023-05-04 17:12:21','Independiente','Superación personal\nInteractuar más con personas \nReafirmar mi confianza','8-375-3','Angel','Casa','1861832','1','0','Diabetes','4','M',0,'Ana Pinzon',131,10),(187,'Heusen Livan','Cordoba Gutiérrez','+507 6911-3520','heusencordoba1509c@gmail.com','1986-03-15','Panameño','3','Panama',1,'2023-04-12 02:51:55','2023-04-12 02:51:55','Independiente','Mejorar mi carácter \nConocer el proceso \nObtener herramientas para mis situaciones personales','8-793-1993','Heusen','-','1871525','0','0',NULL,'3','M',0,'Jairo',132,NULL),(188,'Algus Antonio','Cardenas Diaz','61579074','alguscardenas@gmail.com','1980-08-11','Panameña','1','Panana',1,'2023-04-12 11:52:40','2023-05-04 17:12:53','Operador de audio','Ventas','8-739-409','Antonio','Asamblea nacional','1881635','0','0',NULL,'3','M',0,'Maria del carmen',133,10),(200,'example','example','example','desarrollomau@gmail.com','0012-12-12','example','2','example',1,'2023-04-12 19:11:13','2023-04-12 19:11:13','example','asasaosas','example','example','example','200220','0','0','asas','1','M',0,'asasas',146,NULL),(201,'reynaldo','rivera','65349303','reysinho03@gmail.com','1990-10-14','Panameño','1','Panamá',1,'2023-04-12 19:13:05','2023-04-12 19:14:44','Cocinero','Interés\nInterés\nInterés','8-840-1754','Reynaldo','Panamá brewers supply','2011647','0','0',NULL,'4','M',0,'Pedro Muñoz',147,7),(202,'Alejandra','Abrego','68562322','Abregoalejandra@hotmail.com','0001-01-01','0000','1','Panama',0,'2023-04-12 19:13:14','2023-04-12 19:15:04','000',NULL,'00000','ALEJANDRA ABREGO','0000','202378','0','0',NULL,NULL,'F',0,'JOSE LUIS',148,7),(203,'Alejandra','Abrego','6856-2322','alejandraabrego01@hotmail.com','1973-07-01','Panameña','3','Panamá',1,'2023-04-12 19:39:08','2023-04-12 19:39:08','Abogada','Liberar tensión\nAmpliar horizontes\nDesapego emocional','8-519-1291','allyabrego','Asamblea Nacional','203930','0','0',NULL,'2','F',0,'Jose Luis Palacios',149,NULL),(204,'Cyndy Dianeth','Chérigo Cedeño','61518644','cyndydch02@gmail.com','1981-09-02','Panameña','3','Panamá',1,'2023-04-15 03:03:52','2023-05-09 04:36:11','Corredor de seguros','Superación\nMotivación\nEnfoque','8-749-1461','Cyndy Cherigo C','Independiente','204432','0','0',NULL,'4','F',0,'Eloisa Montero',150,8),(205,'Gaspar','Justiniani','66938357','gaspar.justiniani@gmail.com','1973-07-26','Panameño','2','Panama',1,'2023-04-15 04:52:34','2023-04-15 04:52:34','Empresario','Conocerse a si mismo\nConocer adonde llegar\nConocer como llegar','8-492-493','Gaspar','Panama','2051438','0','0',NULL,'4','M',0,'Yennyfer Quezada',152,NULL),(206,'Yariela','Yau','6976-0372','yariela.i.yau@gmail.com','1985-11-10','Panameña','1','Panamá',1,'2023-04-15 23:01:00','2023-04-15 23:01:00','Coordinadora de ventas y trámites','Quiero mi casa\nViajar\nMejor empleo.','8-791-2053','Yariela','Casa Propia','2061636','0','0',NULL,'4','F',0,'Michael Daniels',153,NULL),(207,'Lorena','Miranda','62458431','lorena.magallon@gmail.com','1984-04-17','Panameña','1','Panamá',1,'2023-04-17 19:38:10','2023-05-04 16:26:29','Independiente','Conocer de que se trata \nCambiar mi mente, mi vida\nTener metas','8-775-562','Lorena Miranda','Independiente','2071901','0','1',NULL,'4','F',0,'Michael Daniels',154,8),(208,'paul aurelio','carrillo vielma','63323363','paulvielmap@gmail.com','1988-07-27','venezolano','1','panama',1,'2023-04-19 03:18:05','2023-04-19 03:18:05','bartender','- ver a mi familia \n- iniciar el papeleo con mis negocio\n- Comprar apto \n-','054453539','pol','wshaka','2081299','0','0',NULL,NULL,'M',0,'tefi',155,NULL),(209,'Tayna','Samaniego','66151066','tayna0381@gmail.com','1981-08-19','Panameña','4','Panamá',1,'2023-04-19 19:03:59','2023-05-04 16:32:50','Tesorera','Quitarme el miedo \nHablar de como me siento','8-748-2062','Tay','Celsia Centroamerica','209428','0','1',NULL,'4','F',0,'Lilia RaMos',156,8),(210,'Karla Gisselle','Almanza Cedeño','63988947','karlagisselle10@gmail.com','2005-01-10','Panameña','1','Panamá',1,'2023-04-19 20:35:05','2023-05-04 16:43:58','Estudiante','1. Título universitario\n2. Ser una profesional\n3. Sacar mi propia casa y carro','8-1018-2278','Karla','No tengo aún','2101332','1','0','Alergia','4','F',0,'Michael Daniels',157,8),(211,'Mitzie','Lasso','66795058','mitzie.lasso@gmail.com','1985-10-16','Panameña','3','Panama',1,'2023-04-21 20:44:19','2023-05-04 16:42:09','Contadora','Lograr mayores ingresos\nMejor comunicación con las personas','8-795-724','Mitzie','Encuentra24','211357','0','0',NULL,'4','F',0,'Jeancarlos Giron',158,8),(212,'German','Vera','64462632','germanverape0@gmail.com','2002-07-10','Venezolano','1','Panamá',1,'2023-04-23 18:05:17','2023-05-08 17:20:41','Personal trainer','Transformar mi manera de ver las cosas \nPoderle dar un mejor servicio a mis clientes \nMejorar mi relaciones personales y las futuras también','E-8-207863','German Vera','Panama Pacifico','212279','0','0','No','No','M',0,'Jose Vera',159,8),(213,'Yahaira Del Carmen','Arrocha Aguilar','65143734','ydelcarmdn1508@gmail.com','1981-08-15','Panameña','1','Panama',1,'2023-04-23 23:06:13','2023-04-23 23:06:13','Analista de cuenta y correcion de saldo','Mejorar a nivel personal\nMejora de manejo de emociones\nAyudar a otras personas','2-709-1018','Yaha','Idaan','213968','0','0',NULL,'4','F',0,'Aristides Barrios',160,NULL),(214,'Yahaira Del Carmen','Arrocha Aguilar','65143734','ydelcarmen1508@gmail.com','1981-08-15','Panameña','1','Panama',1,'2023-04-23 23:31:26','2023-05-04 16:35:22',NULL,'Mejorar a nivel personal\nManejo de emociones \nAyudar a otras personas','2-709-1018','Yaha','Idaan','2141485','0',NULL,NULL,'4','F',0,'Aristides Barrios',161,8),(215,'Raúl','Saturno','65659198','rsaturno106@gmail.com','1972-01-07','Panameño','3','Panama',1,'2023-04-24 14:58:51','2023-05-04 16:35:53','Contratista','Mejorar mi negocio tener estabilidad y tener seguridad','9-184-799','Raúl','DDSA','2151883','0','0',NULL,'4','M',0,'Michael Daniels',162,8),(216,'Johan David','Somoza Maita','63022674','johansomoza@gmail.com','1991-02-16','Venezolana','3','Panamá',1,'2023-04-24 22:51:29','2023-04-24 22:51:29','Vendedor','…','130497862','Johan D Somoza','Madelove Salon','2161977','0','0',NULL,'4','M',0,'Ricardo Peres y Ronald Lopez',163,NULL),(217,'Luis','Allen','63518066','ibpd.panama@gmail.com','1992-12-28','Panameña','1','Panama',1,'2023-04-25 02:38:02','2023-04-25 02:38:02',NULL,'Crecer interpersonalmente\nSeguridad\nLiderazgo','8-866-739','Luis Allen',NULL,'217214','0','1',NULL,'4','M',0,'Yurisbell Du Bois',164,NULL),(218,'Arleny','Marcos Acuña','61534480','arlenymariam@gmail.com','0001-01-01','PANAMA','1','PANAMA',0,'2023-04-25 20:36:25','2023-04-25 20:37:11',NULL,NULL,'00000000','ARLENY MARCOS',NULL,'218339','0','0',NULL,NULL,'F',0,'AMARELLYS',165,9),(219,'Ricardo','Cumbrera','507 68646092','ricardocumbrera@gmail.com','0001-01-01','panameño','1','panama',0,'2023-04-25 20:40:52','2023-04-25 20:54:18',NULL,NULL,'00000000','RICARDO CUMBRERA',NULL,'2191252','0','0',NULL,NULL,'M',0,'AMARELLYS',166,9),(220,'Rita','Varela Rodriguez','507 65372887','ritavarela2005@gmail.com','0001-01-01','panameña','1','panama',0,'2023-04-25 20:42:51','2023-04-25 20:54:45',NULL,NULL,'99999999999','RITA VARELA',NULL,'2201960','0','0',NULL,NULL,'F',0,'LUIS CABEZAS',167,9),(221,'ROGER','SANCHEZ','507 64836212','rogersanchezbermudez@gmail.com','0008-08-08','PANAMEÑO','1','PANAMA',0,'2023-04-25 20:44:55','2023-04-25 20:55:11',NULL,NULL,'444444444','ROGERS SANCHEZ',NULL,'2211903','0','0',NULL,NULL,'M',0,NULL,168,9),(222,'EDWIN GERMAN','JUAREZ LOAIZA','507 61071666','ejuarezloaiza@hotmail.com','0002-02-02','PANAMEÑ0','1','PANAMA',0,'2023-04-25 20:48:16','2023-05-04 17:14:18',NULL,NULL,'4444444444','EDWIN JUAREZ',NULL,'2221925','0','0',NULL,NULL,'M',0,'JANINA LOAIZA',169,10),(223,'DAISY M','GUITERREZ','507 68721362','cristinagutierrez842@gmail.com','0001-01-01','PANAMA','2','PANAMA',0,'2023-04-25 20:51:37','2023-04-25 20:53:16',NULL,NULL,'77777777','MARLENI GUTIERREZ',NULL,'2231494','0','0',NULL,NULL,'F',0,'JAIRO',170,9),(224,'Geraldine Shantal','Jaimes Roman','507 62057207','Geraldinejaimes05@gmail.con','0001-01-01','PANAMEÑA','1','PANAMA',0,'2023-04-25 21:16:01','2023-05-04 21:49:36',NULL,NULL,'99999999','SHANTY JAIMES',NULL,'224120','0','0',NULL,NULL,'F',0,'LUIS CABEZAS',171,10),(225,'Kristel Itzel','Villarreal Guerra','62570298','kristelvillarreal2@gmail.com','1985-05-03','Panameña','4','Panama',1,'2023-04-26 00:03:06','2023-05-04 16:36:29','Especialista en Nomina','Autoconocimiento,','8-785-2386','Kristel','Nestle Panamá','225841','0','0',NULL,'3','F',0,'Yisel Villarreal',172,8),(226,'Katia','Castillo','6922-7047','katia.castilloj30@gmail.com','1968-04-30','panameña','1','Panamá',1,'2023-04-26 01:31:15','2023-05-04 16:39:02','ama de casa','mejorar relación con hijas\nmejor autoestima','8-302-87','Katita',NULL,'226886','1','0','tiroides, hipertensión','2','F',0,'Yurisbell Dubois',174,8),(227,'Michelle del Carmen','García Ruíz','66701417','michmelendez08@gmail.com','1970-07-08','Panameña','2','Panamá',1,'2023-04-26 20:44:15','2023-05-04 16:37:04','Jefe Administrativa','1. Amor propio\n2. Dejar atrás la dependencia emocional\n3. Sacarle provecho a la mala experiencia','8-349-60','Michelle García','Panavolt, S.A.','2271087','0','0',NULL,'2','F',0,'Maria Gabriela Meléndez García',175,8),(228,'Maria Angelica','Uzcategui','66393566','angeuzca20@gmail.com','1993-11-20','Venezolana','1','Panama',1,'2023-04-26 21:11:21','2023-05-04 16:37:35','Camarera','-Encontrar un trabajo con sueldo de 2mil.\n-Tener mas tiempo para familia.\n-Viajar una vez al año.','AU339080','Maria','Cafe neto','2281011','0','0',NULL,'4','F',0,'John Uzcategui',176,8),(229,'Benigno rafael','Jimenez hurtado','61847093','elbati1998@gmail.com','1998-05-06','Panameña','1','Panamá',1,'2023-04-27 01:50:15','2023-05-04 16:38:34','Estudiante','1.Mejorar mis relaciones interpersonales\n2. Conseguir un empleo\n3. Adoptar un estilo de vida saludable.','8-930-1893','Rafael','Ciudad de la salud','2291886','0','0',NULL,'4','M',0,'Kevin vergara',177,8),(230,'Seidy','Elizondo Marín','506+88715878','seidyin29@gmail.com','1982-09-29','Costarricense','4','Costa Rica',1,'2023-04-27 02:23:43','2023-05-04 16:38:06','Asesora de Orientación','Crecimiento personal\nCrecimiento y preparación profesional\nAlcances laborales','111510702','Seidy','Ministerio de Educación Pública','2301219','0','1',NULL,'4','F',0,'Diego Lizano',178,8),(231,'Isaac','Garcia','66534655','isaacgm28@gmail.com','1993-07-28','Cuba','3','Panama',1,'2023-04-27 18:51:18','2023-05-04 16:39:28','Empresario','- Tener una mayor unión familiar\n- Mejorar la organización del tiempo con la familia, los negocios y tiempos de crecimiento personal \n- Mejorar mis habilidades comunicativas para conectarme más con las personas tanto personal como laboralmente','K444178','Isaac','Be Luxe Real Estate','2311863','0','0',NULL,'4','M',0,'Natalia Hernández',179,8),(232,'Iris','Blanco','64999997','iblanco1516@gmail.com','1982-09-15','Panameña','3','Panamá',1,'2023-04-28 15:56:19','2023-05-04 16:40:00','Contador','Estudiar, más tiempo para mi, quiero libertad.','8-799-2300','Iris','DDSA','232556','0','0',NULL,'4','F',0,'Michael Daniels',180,8),(233,'Arelys Aytzel','Alvarado Angulo','6657-0993','arelys35@hotmail.com','1966-03-31','Panameña','1','Panamá',1,'2023-04-28 16:55:46','2023-05-04 16:41:17','Abogada','Ser mejor persona\nViajar\nTener buena salud','2-105-1032','Arelys','Independiente','233476','1','0','Asmática','3','F',0,'Annybel Alvarado',181,8),(234,'Gustavo','Centeno','64894201','gustavo_direposa@hotmail.com','1980-03-15','Panameño','2','Panama',1,'2023-04-28 17:42:25','2023-05-04 16:40:32','Ventas','Mejorar la relación con mis hijos\nApertura de negocio propio\nInversiones','8-735-1609','Gustavo','DIREPO, S.A.','2341591','0','0',NULL,NULL,'M',0,'Lilia Ramos',184,8),(235,'Sergio','Arrocha','60409327','s_arrocha@yahoo.com','1982-06-08','Panama','1','Panama',1,'2023-04-28 18:55:35','2023-05-23 00:33:44','Ingeniero','Crecimiento, Confianza, Seguridad','8-756-2343','Sergio','Parque Lefevre','2351324','0','0',NULL,'4','M',0,'Angelica De Obaldia',185,8),(236,'Patricia','Cabassa','60624285','pattycabassa10@gmail.com','1981-03-10','Panameña','1','Panama',1,'2023-04-29 02:22:22','2023-05-04 16:41:40','Directora de Residecial','1. Buscar la mejor versión de mi\n2.soltar las ataduras de mi karma familiar\n3. Tomar una desició pensando solo en mí','8 745 985','Patty','Residencial Santa Marta','236633','0','0',NULL,'3','F',0,'Roderick Garcia',193,8),(237,'Ashley','Abrego','6113-3208','angelyashley56@gmail.com','2002-01-24','Panameña','1','Panamá',1,'2023-04-29 15:40:23','2023-04-29 15:40:23','Estudiar','Mis objetivos actuales más importantes por cumplir son tener mi casa propia, tener un trabajo estable y por último aprender a estar sola sanar mis heridas.','8-978-905','Ashley',NULL,'2371805','0','0',NULL,'4','F',0,'Jhoanis',194,NULL),(238,'Dhalgir','CASTILLO','63665950','dhalgir@hotmail.com','1978-08-01','Panameña','2','Panamá',1,'2023-04-29 18:59:21','2023-05-04 16:42:41','Contadora','Ser libre\nSer Feliz\nSer una profesional','8-719-1936','Dhalgir','Grupo angel','2381340','0','0',NULL,'4','F',0,'Hugo',197,8),(239,'Mayuli Anais','González Zegarra','6670-7673','mayuli.gz11@gmail.com','1991-06-11','Panameña','1','Panamá',1,'2023-04-29 21:55:53','2023-05-04 16:44:23','Relacionista Público','Por mi hija \nSuperación personal','8-849-374','Mayu','Ministerio de Educación','2391340','0',NULL,NULL,'3','F',0,'Marielys González',198,8),(240,'Liz cristel','Quintana','6893-9294','Lizquintana507@gmail.com','2003-01-05','Panameña','1','Panama',1,'2023-04-30 01:49:13','2023-05-04 16:43:06','Estudiante','Aprender ingles\nTerminar mis estudios universitarios\nEmprender','000000','LIZ',NULL,'2401530','0','0',NULL,NULL,'F',0,'Emileyda Rodriguez',199,8),(241,'Arelys','Barrios','65795928','arelysbarrios82@gmail.com','1988-04-28','Panameña','1','Panamá',1,'2023-04-30 21:24:21','2023-05-04 16:46:11','Mercadeo y ventas','Mejorar autoestima \nMejorar mis relaciones familiares, amigos y compañeros \nMejorar mi estabilidad emocional','8 813 2158','Arelys','Riba Smith','2411088','0','0',NULL,'3','F',0,'Susana Díaz',200,8),(242,'Magdi Malena','Ballestero Franceschi','69975150','magdimalena@hotmail.com','2001-10-24','Panamea','1','Panamá',1,'2023-05-01 17:26:27','2023-05-04 16:44:59','Asistente Contable','Mejor relación conmigo misma \nToma de decisiones','8-976-2423','Magdi Ballestero','BRM Accounting & Consulting','242933','0','1','.','Duelo y Ansiedad','F',0,'Eduardo Ballestero',201,8),(243,'María Carolina','Viloria Aristeguieta','+507 6700-9631','Mc.Viloriaa@gmail.com','1988-08-16','Venezolana','1','Panamá',1,'2023-05-01 19:27:46','2023-05-23 00:40:51','Agente de ventas Internacional','Independencia Emocional\nAmor propio\nSalud financiera','E-8-206027','Caru','International Brands','243640','0','1',NULL,'4','F',0,'Franklin Castillo',202,8),(244,'Hilda Patricia','Figueroa Discua','+504 96120967','hipafy@hotmail.com','1972-01-21','Hondureña','4','Honduras',1,'2023-05-01 19:53:12','2023-05-01 19:53:12','Administradora','Mejorar la relación con mi mama.\nEmprender.\nobtener una residencia propia.','0801199124981','Patricia Figueroa','Usados Autopartes','2441242','0','0','ninguno','2','F',0,'Carlos Medina',203,NULL),(245,'María Alejandra','Chiari Varela','6234-2827','maria_12_alejandra@hotmail.com','1998-10-12','Panamá','1','Panamá',1,'2023-05-02 02:08:52','2023-05-04 22:18:25','Lic. Administración marítima y portuaria','Quisiera tener mi casa \nQuisiera saber manejarme financieramente \nQuisiera tener dominio de mis emociones','8-939-1844','Maria Ale','Autoridad Marítima de Panamá','245307','0','0',NULL,'4','F',0,'Nino Moscoso',204,8),(246,'Roger','Pérez Plotnikoff','66304937','rogpeplot@gmail.com','1980-07-30','Panameña','2','Panamá',1,'2023-05-03 02:51:04','2023-05-04 16:48:23','Ingeniero en electrónica y comunicación','1. Mejorar relaciones interpersonales\n2. Aumentar autoestima \n3. Aprender a tomar riesgos','8-738-2062','Roger','Colegio Episcopal San Cristóbal','2461609','1','0','Hipertensión arterial en tratamiento',NULL,'M',0,'Aracellys Cumbrera',205,8),(247,'Marcos Alfonso','Guzmán Camargo','68206199','marcosaguzmanc@gmail.com','1987-09-16','Venezolana','3','Panamá',1,'2023-05-03 15:51:01','2023-05-23 00:43:21','Ventas','Mejorar las relaciones interpersonales y conmigo mismo\nAdquirir conocimientos y habilidades que me permitar alcanzar los objetivos propuestos a futuro','E-8-157749','Distribucion y Ventas','Solupro S. A.','24710','0','0',NULL,'4','M',0,'Guillermo Sanchez',206,8),(248,'Yissel Del Carmen','Martínez Quijada','65495784','yiyi1421.ym@gmail.com','1969-08-14','Panameña','1','Panamá',1,'2023-05-03 18:24:15','2023-05-04 16:48:53','Docente','1.Mejorar mi toma de decisiones.\n2. Cambios en mis relaciones interpersonales.','8-314-321','Yiyi','Academia Integral San Lucas.','248373','0','0',NULL,'2','F',0,'Saharaly Quiel',207,8),(249,'Joel','Castro Contardo','64750183','jcastrocontardo@gmail.com','1986-06-01','Venezolano','1','Panama',1,'2023-05-03 19:02:59','2023-05-04 16:49:21','Gerente General','Trabajo en mi crecimiento personal \nExperimentar nuevas herramientas \ntiempo de esparcimiento con proposito','8206064','Joel C','Hotel Villa Palma','249212','0','1',NULL,'Nada en especifico, solo buscando reconocer mis emociones, traumas, frustraciones y buscar herramientas para esto.','M',0,'Mauricio Fernandes',208,8),(250,'Cristian','Peña','62846221','cristianmeza391@gmail.com','1999-04-17','Colombia','3','Panama',1,'2023-05-04 15:37:55','2023-05-04 15:37:55','Gerente general','Crecer personalemnte\nAumentar capacidades competitivas','At775262','Cris','Paitilla panama','2501394','0','0',NULL,'4','M',0,'Norelys espinoza',209,NULL),(251,'Jessica','Saldaña','62926052','jessica22lorena@hotmail.com','0001-01-01','panameña','3','panama',0,'2023-05-04 16:16:19','2023-05-04 16:18:55',NULL,NULL,'00000000','Jessica Saldaña',NULL,'251644','0','0',NULL,NULL,'F',0,'SOFIA',210,8),(252,'Francis','Rosario','63783194','francis14_851@hotmail.com','0001-01-01','panama','1','panama',0,'2023-05-04 16:17:52','2023-05-04 16:19:26',NULL,NULL,'000000','Sofia Rosario',NULL,'2521525','0','0',NULL,NULL,'F',0,'Sofia',211,8),(253,'Maria del Mar','Tejeira','64472481','mariadelmar.tejeira@gmail.com','0002-02-02','panameña','1','panama',0,'2023-05-04 16:23:09','2023-05-04 16:23:50',NULL,NULL,'00000000','Marimar Tejeira',NULL,'253523','0','0',NULL,NULL,'F',0,'Sofia',212,8),(254,'Carlos Alberto','Luque Ortega','69481862','carlos_luque14@hotmail.com','0001-01-01','panameño','1','panama',0,'2023-05-04 16:30:59','2023-05-04 16:31:46',NULL,NULL,'000000','Carlos Luque',NULL,'2541633','0','0',NULL,NULL,'M',0,'Ruben',213,8),(255,'Leylania','Ramos','63830453','Leylania.elittecorp@gmail.com','0001-01-01','panama','4','panama',0,'2023-05-04 17:25:02','2023-05-04 17:25:46',NULL,NULL,'0000','Leyla Ramos',NULL,'2551889','0','0',NULL,NULL,'F',0,'Alejandra',214,10),(256,'Victoria','De La Rosa','67550110','vadelarosa17@gmail.com','1989-03-17','Panameña','1','Panamá',1,'2023-05-06 18:09:04','2023-05-08 17:24:33','Subdirectora','1. Reconocerme a mi misma\n2. Vivir en paz con quien soy\n3. Disfrutar la vida','8-823-1756','Vicky','MEF','2561726','0','1',NULL,'4','F',0,'Alexandra Vasquez',215,8),(257,'Marioxy','Rodríguez','61069422','ricardo_perez26@hotmail.com','1971-12-03','Venezola','2','Panama',1,'2023-05-06 22:42:56','2023-05-08 17:25:43','Limpieza','Mejorar la calidad de vida de los abuelos\nser feliz\nver a mis padres','099580869','Marioxy','Hogar Belen','2571649','0','0',NULL,'4','F',0,'Ricardo Perez',216,8),(258,'Iraitza del Carmen','Rivera Ramiréz','67444998','irari10@hotmail.com','1979-09-10','Panameña','1','Panamá',1,'2023-05-07 04:11:55','2023-05-08 17:26:10','Asistente Contable','Aprender los mecanismos para balancear mi ying y yang interno.\n\nMejorar mis relaciones de pareja\n\nTransformar mi karma laboral','8-730-1853','Irari','Independiente','258952','0','1',NULL,'4','F',0,'José Luis Cuesta',217,8),(259,'Esmeralda Judith','Orobio Yau','62311512','yinki203@gmail.com','1964-01-23','Panameña','4','Panamá',1,'2023-05-07 17:33:18','2023-05-08 17:26:44','Comerciante','1. Sociabilidad\n2. Crecimiento y desarrollo intelectual\n3. Modificar mi forma de ser (conducta)','8-328-491','Esmeralda',NULL,'259136','1','0','Hipertensión arterial','2','F',0,'Yinkiria Cheng',218,8),(260,'yetzury','nuñez','6593-2788','yetzu.nunez@gmail.com','1993-10-07','Panameña','1','Panamá',1,'2023-05-07 19:37:19','2023-05-08 17:27:30','Administradora','Superación \nLiderazgo \nValentía','8-874-1104','Yetzury','Gedecar S.A.','260326','0','0',NULL,NULL,'F',0,'Anibal Nuñez',219,8),(261,'Ambar','Rodriguez','67669454','ambar2677@gmail.com','2001-03-25','Panameña','1','Panamá',1,'2023-05-07 19:49:42','2023-05-08 17:28:02','Estudiante','Mejorar mi manera de relacionarme con mi familia\nSoltar el miedo y  dudas para emprender mi negocio\nAprender a enfocarme en lo importante','8-971-1623','Ambarsita',NULL,'261601','0','0',NULL,'4','F',0,'Nemesis Saldaña',220,8),(262,'Jania Gabriela','Morales Abrego','6723-6062','jania.morales.0@udelas.ac.pa','1999-05-04','Panamá','1','Panamá',1,'2023-05-07 20:18:08','2023-05-07 20:18:08','Estudiante','1-Terminas la universidad \n2-Viajar a París con mi mamá \n3-Montar mi propia clínica','3-743-1790','Gaby','Suproser','262132','0','0',NULL,'2','F',0,'Jania Abrego',221,NULL),(263,'Nathalee Yahel','Barria Martínez','65981117','nathaleebarria817@gmail.com','1997-07-14','Panameña','5','Panamá',1,'2023-05-07 20:26:45','2023-05-08 17:29:11','Ama de casa','1. Lograr ser una profesional\n2. Tener un buen trabajo para sacar a mis hijos adelante \n3. Tener un título','8-922-220','Nathalee Barria',NULL,'263696','0','0',NULL,'3','F',0,'Yarelis Dixon',222,8),(264,'Lany jose','Cantillo rodriguez','62265349','lanycantillo@gmail.com','1984-05-12','Venezolana','1','Panamá',1,'2023-05-07 20:28:27','2023-05-08 17:28:35','Manicurista','Aprender conocer y entregar conocimiento','121432087','Lany','Duñas multiplaza','264535','0','0',NULL,'3','F',0,'Delis cantillo',223,8),(265,'Keily','Tappin','62428397','keilytappin0522@gmail.com','1996-06-05','Panameña','1','Panamá',1,'2023-05-07 20:28:54','2023-05-08 17:31:11','Esteticistas','Mejorar mi salud mental \nCuidado personal \nDesarrollo profesional','8-916-2035','Keily','Sala de belleza','2651302','0','1',NULL,'4','F',0,'Elyna',224,8),(266,'Marvis','Lasso','69402708','Marvislasso3008@gmail.com','2004-08-30','Panameño','1','Panamá',1,'2023-05-07 20:31:46','2023-05-08 17:29:45','Estudiante','mejorar mis relaciones familiares\nDedicarme tiempo a conocerme desarrollar mayor confianza en mi','8-1013-76','Isaac','Estudiante Universitario','26676','0','0',NULL,'4','M',0,'Cecimar Martinez',225,8),(267,'Eliécer Boabdil','Moreno Álvarez','61215230','eliecerboabdil299@gmail.com','1994-10-28','Panameña','1','Panamá',1,'2023-05-07 20:36:18','2023-05-08 17:30:09','Analista de Recursos Humanos','-crecimiento personal\n-alcanzar un negocio propio\n- ser más paciente','4-774-472','Eliécer','Copa airlines','2671026','0','0',NULL,'4','M',0,'Luis J. Mauricio Fernamdes',226,8),(268,'Guísele','Aguilar bazan','60466527','ginterservicespanama@gmail.com','1985-04-29','Panameña','1','Panama',1,'2023-05-07 20:37:02','2023-05-08 17:30:34','Abogado','Emprender \nSuperstición personal \nPlanificar','8-785-1415','Giselle','No','2681880','1','0','Sufro de claustrofobia',NULL,'F',0,'Jojo',227,8),(269,'Aralys Suraya','Miranda','6540-1976','aralys170911.am@gmail.com','1988-04-11','Panameña','1','Panama',1,'2023-05-07 20:56:08','2023-05-08 17:42:00','Asesora de ventas','Crecimiento personal\nSanación emocional \nLograr metas propuestas','8-834-2110','Aralys','Saga Commercial Group S.A','269725','0','0','No','No','F',0,'Carmen Miranda',228,8),(270,'Celimar','Chen Arnold','69498417','celica24.cca@gmail.com','1995-04-24','Panameña','1','Panamá',1,'2023-05-07 20:58:00','2023-05-08 17:41:10','Asesora de ventas','Trabajo\nRelaciones \nBienestar físico','8-892-2302','Celica','Mapfre','2701255','1','0','Hipertensión e insulina alta','4','F',0,'Mack Mendoza',229,8),(271,'Loana Alejandra','Díaz Ruíz','62999287','loanadiaz21@gmail.com','1997-10-21','Panameña','1','Panamá',1,'2023-05-07 21:06:48','2023-05-07 21:06:48','Desempleada','Conseguir un empleo\nIndependizarme\nViajar','8-924-1408','Loana Alejandra',NULL,'271316','0','1',NULL,'4','F',0,'Esteban Cumbrera',230,NULL),(272,'David','Cruz','6961-8350','davifcruz67@gmail.com','2002-08-24','Panameño','1','Panamá',1,'2023-05-07 21:08:38','2023-05-23 00:22:01','Estudiante','1. Bajar de peso y quemar grasa\n2. Hablar inglés fluido\n3. Generar dinero','8-986-1466','David Cruz','Ninguno','2721805','0','0',NULL,'2','M',0,'Armando Alvarado',231,12),(273,'José','Hawkins','64355147','josehawkins10@gmail.com','1992-12-10','Panameño','1','Panamq',1,'2023-05-07 21:12:44','2023-05-08 17:43:22','Sin empleo','Ver a mi hijo, casa propia, ser feliz','3-736-2381','Rhodas','No tengo','2731548','0','0',NULL,'4','M',0,'Maricelis Iglesias',232,8),(274,'Stephanie','Guevara','62098571','s_guev@yahoo.com','1984-11-20','Panameña','2','Panama',1,'2023-05-07 21:22:46','2023-05-08 17:43:55','Mercadeo','1- Bajar de Peso\n2- Ganar mas plata\n3- Hablar mismo lenguaje con mi esposo','8-780-150','Steph','Nestle','274795','0','0',NULL,'4','F',0,'Antonio Berman',233,8),(275,'Antonio','Morales Caballero','6271-7852','belant868@gmail.com','2002-05-04','Panameño','1','Ciudad Bolivar',1,'2023-05-07 21:32:36','2023-05-08 17:44:21','Independiente','Quiero hacer mi propio negocio y lograr aun que sean 30 clientes que compren mi producto (Arreglos, piñatas).\n\nQuiero estudiar en la universidad y volverme un gran profesor.\n\nQuiero tener control sobre mis sentimientos para poder valorarme mas.','8-982-576','Toñito','-','275596','0','0',NULL,'3','M',0,'Luigi Guzmán',234,8),(276,'Licy','González','62567118','Licybg30@gmail.com','1989-10-30','Panameña','2','Panamá',1,'2023-05-07 22:21:23','2023-05-08 17:44:41','Contadora','Emprendimiento\nMotivación \nLiderazgo','8-830-973','Licy','Ueta inc.','2761908','0','0',NULL,'4','F',0,'Jesús Magallón',235,8),(277,'Derek Gerald','Cortes Uribe','6528-9701','uribederek24@gmail.com','2000-11-30','Panameña','1','Panamá',1,'2023-05-08 01:01:38','2023-05-08 17:45:07','Banquero','Mejorar mi disciplina\n\nMejorar mi relación familiar \n\nSer más seguro de mi','8-963-1410','Derek','St George’s Bank','2771106','0','0',NULL,'3','M',0,'Cesar',236,8),(278,'Yelyna','Montoya','68276818','y.montoya@criptext.com','1984-12-08','Panameña','1','Panama',1,'2023-05-08 01:11:10','2023-05-08 17:45:35','Ing Biomedico','Aumentar la confianza\nAlcanzar mis metas \nEliminar postergación de objetivos.','9-721-1022','Yelyna','Kendall SA','278364','0','0',NULL,'Citas regulares con el psicólogo','F',0,'Guillermo Requena',237,8),(279,'Leonel','Lopez','68042252','leonelalopez27@hotmail.com','2000-09-27','Colombiana','1','Panama',1,'2023-05-08 02:28:02','2023-05-23 00:41:34','Dermatologa','Crear mi negocio\nLibertad financiera\nSer sociable','E-8-202742','Leocam','Cdi panama','2791880','0','0',NULL,'4','F',0,'Carla Morales',238,8),(280,'Federico Aldo','Baccino Pazcel','+50766345070','fechubacc@gmail.com','1994-01-17','Argentino','1','Panamá',1,'2023-05-08 02:29:59','2023-05-08 17:46:03','Bienes Raices','Tener mayor concentración en actividades laborales\nLograr independizarme\nComprarme un carro','E-8-206330','Federico','Independientemente','280729','0','0',NULL,NULL,'M',0,'Natalia Baccino',239,8),(281,'Mariela','Fuentes Garcia','6745-1570','marielag3083@gmail.com','1983-07-30','Panameña','3','Panamá',1,'2023-05-08 20:56:25','2023-05-09 04:35:00','Profesora','1. Aprendizaje significativo basado en protectos.\n2. Manejo y control de emociones (perdonar y soltar)\n3. Organización del tiempo.','9-721-1832','Mary','Actualmente desempleada','2811429','1','0','Hipotiroidismo y diabetes tipo 2','Pasado','F',0,'Luis Camarena',241,8),(282,'Daiana','Gimenez','63998799','daianagimenezzarate@gmail.com','1986-05-05','Argentina','1','Panama',1,'2023-05-08 23:30:10','2023-05-08 23:30:10','Corredor bienes raices','Manejo de estress\nEnfoque en objetivos de crecimiento personal\nCultivar la paciencia','E-8-118659','Day','Be Luxe Real Estate','282721','0','0',NULL,'4','F',0,'Natalia Baccino',242,NULL),(283,'José Félix','Pérez Gómez','61126079','jperez@lancopaints.com','1983-02-25','Panameño','2','Panamá',1,'2023-05-09 01:07:13','2023-05-09 04:35:25','Gerente de ventas','Mejorar manera de liderar \nSalir de zona de confort\nAlcanzar objetivos personales','8-764-1143','José Pérez','Lanco Panamá','283817','0','0',NULL,'4','M',0,'Jorge Vilas',243,8),(284,'ISAAC','De Gracia','63740933','griselda.ortega1265@gmail.com','1993-08-13','Panameño','3','Panama',1,'2023-05-09 01:42:35','2023-05-09 04:35:53','Cocinero','1. Hacer la maestría\n2. Mejorar Relación con padre\n3.tener negocio propio','8-874-116','Isaac','Hotel Marriott Albrook','284690','0','0',NULL,'2','M',0,'Griselda Ortega',244,8),(285,'Ana del Carmen','Moscoso bocanegra','67041878','anabocanegra1818@gmail.com','1957-01-18','Panameña','1','Panamá',1,'2023-05-09 02:04:12','2023-05-09 04:36:33','Pensionada','Emprender\nViajar y conocer nuevos lugares','8-236-1080','AnaB','Pensionada','285687','0','0',NULL,'4','F',0,'Limy loo',245,8),(286,'Rosa aurora','Cando Coloma','6493-7862','rosacando0197@gmail.com','1997-12-01','Panameña','1','Panama',1,'2023-05-09 02:07:47','2023-05-09 02:07:47','Asistente','- disciplina\n- ahorrar \n- desprendida','8-930-286','Rosa','Tasty choice','2861873','0','0',NULL,'3','F',0,'Adahir Cando',246,NULL),(287,'Luis Alfredo','García sotomayor','62317545','luisgarcia328531@gmail.com','1992-10-31','Venezolano','1','Panama',0,'2023-05-09 02:16:28','2023-05-09 02:16:28','Gerente','Crecimiento personal, espiritual , profesional','139326697','Luis','Multiplaza','287116','0','0',NULL,'4','M',0,'Tefi',247,NULL),(288,'Migdalia Del Carmen','Wong Sanjur','65714935','migdaliawongs22@gmail.com','1988-09-22','Panameña','1','Panamá',1,'2023-05-09 02:33:27','2023-05-09 04:38:57','Independiente','Mejorar personalmente, sintiéndome más segura al momento de expresarme.','8-819-28','Migdalia',NULL,'2881487','0','0',NULL,'4','F',0,'Amelirh Cando',248,8),(289,'Alexis  Javier','Cuesta Valenzuela','6416-2673','alexiscuesta217@gmail.com','1991-01-10','Panameño','3','Panamá',1,'2023-05-09 02:33:41','2023-05-09 04:37:29','Sector de la Construcción','1. Mejorar relación con mis hijos\n2. Mejorar mi vida personal en muchos aspectos\n3. Perder el medio hacer cosas por mí y también crear mi negocio.','8-844-102','Alex','Independiente','2892000','0','0',NULL,'3','M',0,'José Luis Cuesta Valenzuela',249,8),(290,'Jorge','Monrroy','67881000','georgeantoniio09@gmail.com','1995-09-09','Panameño','1','Panama',1,'2023-05-09 02:34:50','2023-05-09 04:36:57','Inspector de Migracion','Mejorar relaciones con sus papas.\nMejorar relacion con mi novia\nTerminar la universidad','8-903-624','George','Servicio Nacional de Migracion','2901369','0','0',NULL,'4','M',0,'Anamaria Garcia',250,8),(291,'Gerardo','Garcia','62650515','gerardo21.23.gg@gmail.com','1992-09-23','Panameño','1','Panama',1,'2023-05-09 03:01:52','2023-05-09 04:37:52','Seguridad','Terminar la escuela\nEncontrar mi proposito en la vida\nMejorar mi fisico','8-863-1828','Gerardo','Cova','291581','0','0',NULL,'2','M',0,'Elvira',252,8),(292,'Ana Laura','Quintero Velasco','64861488','aquintero1614@gmail.com','1989-12-19','Panamena','1','Panama',1,'2023-05-09 03:06:02','2023-05-09 04:38:15','Lic en Contabilidad','Planificacion Financiera\nMejorar la relacion con mi mama\nReorganizar mis asignaciones para cumplir los objetivos tanto personal como profesional, muchas veces no culmino lo que empiezo.','8-831-1614','Ana Laura','Philips SEM','292730','0','0','Pero alergica al polvo, colorante rojo y amarillo en las comidas.','4','F',0,'Lilia Ramos',253,8),(293,'José Luis','Batista','65679013','estefany23batista@gmail.com','1972-01-08','Panama','2','Panama',1,'2023-05-09 03:06:19','2023-05-09 04:38:33','Jubilado','Mejor la relación familiar \nMejorar finanzas \nSoltar','84442136','José Luis','Jubilado','2931955','0','0',NULL,'1','M',0,'Estefany Batista',254,8),(294,'Abrahams','Caicedo','+507 6569-0167','vmokchan@gmail.com','1998-06-17','Panameño','1','Panamá',1,'2023-05-09 03:11:41','2023-05-09 04:39:33','Laboratorista','Mejorar relacion familiar\nDejar de postergar\nDescubrir que quiero para mi futuro','8-932-1854','Abrahams','The Panama Clinic','2941670','0','0',NULL,'4','M',0,'Victoria Mok',255,8),(295,'José Manuel','Landazabal perez','573202026966','landazabal39@gmail.com','1962-10-02','Colombiana','2','Colombia',1,'2023-05-09 03:15:29','2023-05-23 00:22:23','Ebanista independiente','Ser líder en todos los aspectos de mi vida \nPoder manejar carro \nTener mucha salud','91223163','Manolete','Colombia','2951409','0','0',NULL,'1','M',0,'Hugo mi hijo',256,12),(296,'Alejandra','Sánchez','6215-4046','Alejas_87@hotmail.Com','1987-03-22','Venezolana','1','Panamá',1,'2023-05-09 03:34:30','2023-05-23 00:26:13','Vendedora','Desarrollo afectivo \nInteligencia emocional \nAlcanzar un mayor nivel de productividad y potencial','E-8-168909','Alejandra Sánchez','RERIVSA','296245','0','0',NULL,'4','F',0,'Librada Rivera',257,8),(297,'Cristian Albenis','Miranda Romerin','62559965','kristianromerin@gmail.com','1993-01-19','Colombiano','1','Panamá',1,'2023-05-09 03:40:40','2023-05-09 04:40:40','Dibujante arquitectónico','Crecimiento personal\nInteracción personal\nAprender nuevas cosas','E-8-147467','Cristian','Arraijan','297754','0','0',NULL,'4','M',0,'Michael Daniels',258,8),(298,'Alejandra Milena','Tejeda Rodriguez','68443032','alemile9428@hotmail.com','1995-09-28','Venezolana','3','Panama',1,'2023-05-09 03:40:59','2023-05-09 04:40:18','Independiente','1-Mejorar mi relación con mi pareja, mis padres y mis hermanos \n2-Ser chef \n3-Tener mi Negocio','089578269','Alejandra',NULL,'29841','0','0',NULL,NULL,'F',0,'Ronald lopez',259,8),(299,'Mirna','Mitchell','65913981','cardiofit.zm@gmail.com','1965-10-14','Panameña','1','Panama',1,'2023-05-09 03:44:18','2023-05-09 04:40:58','Repostera','1.salud\n2.economia\n3.relaciones interpersonales','0000000','Mirna','Caprichos','299628','1','0','Presion alta','2','F',0,'Miguel Mitchel',260,8),(300,'Yaneth Michelle','Camarena Espinoza','68415508','michelle.29cam@gmail.com','1999-09-29','Panameña','3','Panama',1,'2023-05-09 03:51:16','2023-05-09 03:51:16','Administración','Para crecer profesionalmente\nPara conoceme \nPara ver hasta donde puedo llegar','8-954-1127','Michelle','DRB Panama','300513','0','0',NULL,'4','F',0,'Yennyfer Quezada',261,NULL),(301,'Gertrudis Graciela','Morgado Peñaloza','68607804','gertrudismorgado@hotmail.com','1972-05-03','Panameña','1','Panama',1,'2023-05-09 03:58:25','2023-05-09 03:58:25','Abogada','Mejor mi relación personales \nPoder mejorar mis finanzas \nEstabilidad emocional','4-250-403','Gertrudis','Independiente','3011864','0','0',NULL,'2','F',0,'Darlene',262,NULL),(302,'Omar','Gutierrez','69633582','gutierrezomar89@gmail.com','1989-09-23','Panameño','3','Panamá',1,'2023-05-09 04:24:54','2023-05-09 04:24:54','Seguridad','Responsabilidad \nActitud \nCrecimiento','8-845-591','OmGu','Panama','302704','0','0',NULL,'4','M',0,'Scarlet Junko',263,NULL),(303,'Manuela','Gonzales','68119732','gmanuelavalentina@gmail.com','2000-04-11','Venezolana','1','Panama',1,'2023-05-09 04:55:46','2023-05-23 00:42:59','Recepcionista admi','Alcanzar mis objetivos\nFortalecer mis relaciones \nAbrirme mad','172458823','Manuela González','Costa del este','3031335','0','0',NULL,'4','F',0,'Paula mayorquino',264,8),(304,'Jaime Antonio','Steer Gomez','6052-7550','jsteer@hotmail.com','1968-11-20','Panameño','1','Panamá',1,'2023-05-10 18:59:22','2023-05-23 00:37:07','Ingeniero','Crecimiento Personal\nOrganización \nDesarrollo del conocimiento interpersonal.','8-481-943','Tony','Independiente','304291','1','0','Cancer',NULL,'M',0,'Eskarlet Junco',265,8),(305,'andry lisneidy','ibanez rivera','63053648','andrybanez@gmail.com','1992-01-05','venezolana','3','panama',1,'2023-05-10 22:39:09','2023-05-10 22:39:09','administrativo','crecer personalmente \nluchar por mis sueños\napoyar a las personas necesitadas','143670368','dailis','tecnocool','3051689','0','0',NULL,'4','F',0,'dailis navarro',266,NULL),(306,'Catherine','Fouchard','6629-8362','fouchardcatherine@gmail.com','1982-10-29','Panameña','1','Panamá',1,'2023-05-11 20:29:42','2023-05-23 00:28:19','Fisioterapeuta','1- Liderar, gerenciar y abrir nuevas clínicas de Fisio Sports.\n2- Lograr tiempo de calidad para atender a mi familia.\n3- Ampliar mi red de contactos y amistades.','4-726-2213','Catherine Fouchard','Hospital The Panamá Clinic y Consultorios Town Center','3061335','0','0',NULL,'2','F',0,'Ruben Garcia',267,8),(307,'Rotceh Valentina','Serfaty Hernández','62935488','serfaty.valentina@gmail.com','1990-02-14','Española','1','Panamá',1,'2023-05-12 00:25:37','2023-05-23 00:34:42','Directora de Proyectos','Estrategias de superación personal \nManejo y control de mis emociones\nEmpoderamiento y conexiones','E-8-184713','Valentina','GK Developers','3071511','0','0',NULL,'4','F',0,'Mauricio Fernandes',268,8),(308,'Aglaia zaelys','Salinas Font','66658092','zaelys0220@gmail.com','1991-10-02','Panameña','1','Panamá',1,'2023-05-12 01:41:54','2023-05-23 00:24:44','Agente de compras','Tener una relación sana con mi familia\nLibertad financiera\nEstabilidad emocional','8-851-2003','Zaelys','Constructora Esco','308741','0','0',NULL,'4','F',0,'Némesis Saldaña',269,8),(309,'Ingrid Alexandra','Arzayus Hernández','61054543','alexandraarzayush1@gmail.com','1980-05-03','Colombiana','1','Panama',1,'2023-05-12 14:16:19','2023-05-23 00:36:47','Broker inmobiliaria','Mejorar mis finanzas personales para poder lograr mis objetivos \nromper la distancia con mis hijos y mis padres \nReencontrarme y volver a atenerme confianza y fuerza','AP087940','Ale','Bienes raíces Independiente','3091519','0','0',NULL,'4','F',0,'Natalia Baccino',270,8),(310,'Cesar','Flores','62182030','cfloresp29@gmail.com','1995-07-19','Panameña','1','Panama',1,'2023-05-12 19:44:41','2023-05-12 19:44:41','Finazas','-tener otro jefe\n-adaptarme al cambio','8-897-971','Cesarin','Reebok','310110','0',NULL,NULL,'4','M',0,'Lilia',277,NULL),(311,'Diana','Jimenez','67232960','djjimenez25@gmail.com','1989-01-07','Panamá','1','Panamá',1,'2023-05-12 20:24:15','2023-05-23 00:30:13','Diseñador de moda','- Ser constante a las metas. \n- valorarte como persona.\n-Disculparme cuando comenta errores','8-822-926','Diana','Servicio profesional( independiente)','3111268','0','0',NULL,'4','F',0,'Adahir Cando',278,8),(312,'Winston','Ho','66774280','winstonhr1985@gmail.com','1985-09-08','Panameño','1','Panamá',1,'2023-05-12 21:11:02','2023-05-23 00:32:40','Abogado','Por definir\nPor definir\nPor definir','8-788-194','Winston','Independiente','3121808','0','0',NULL,'4','M',0,'Rebeca Alonso',282,8),(313,'Carlos Alexander','Guillen Gonzalez','65523655','carlosalexander.24gp@gmail.com','1995-02-19','Panameña','1','Panamá',1,'2023-05-12 23:37:28','2023-05-23 00:27:44','Ingeniero en telecomunicaciones','1. Saber controlar mis emociones\n2. Dejar de postergar las cosas en mi vida\n3. Aprender a darme valor','8-890-348','Alexander','Gold dara','3131472','0','0',NULL,'4','M',0,'Facundo Jose Aranda',300,8),(314,'Kesia Irlena','Jefferson Peña','67149586','aisekanelri13@gmail.com','1987-02-13','Panameña','1','Panamá',1,'2023-05-13 02:17:43','2023-05-13 02:17:43','Enfermera','Cambiar el panorama\nMejorar mi autoproyección','8-803-499','Kesia','CSS','3141888','0','0',NULL,'4','F',0,'Vilma Mariscal',303,NULL),(315,'Kenny','Meza','62605400','kenny1295@hotmail.com','1995-05-12','Panameña','1','Panamá',1,'2023-05-13 02:31:48','2023-05-23 00:39:25','Independiente','Cambiar mi estilo de vida\nConectar conmigo\nSer responsable','1-735-105','Kenny','Independiente','315899','0','0',NULL,'4','M',0,'Mack Mendoza',304,8),(316,'Tomas emmanuel','Saldaña batista','63967285','saldanathomas9@gmail.com','1988-07-17','Panameña','1','Panama',0,'2023-05-13 04:18:03','2023-05-23 00:33:02','Laborando','1-Mejorar mejor como persona\n2-Conseguir el conocimiento adecuado para impulsar a muchas personas\n3- lograr llegar aun nivel en el cual pueda mejorar situaciones en personas las cuales nose crean capaces de salir adelante','8-934-1592','Con ganas de ser profesional','Super pisos vendedor','316284','0','0','No','3','M',0,'Mi hermana',305,8),(317,'Jeimy Lineth','Abrego Arrocha','62049804','Jeimy.abrego31@gmail.com','1998-12-14','Panameña','3','Panamá',1,'2023-05-13 20:52:16','2023-05-23 00:37:46','Ingeniera Seguridad Industrial','Desarrollo profesional aplicando los conocimientos adquiridos.\nMejora en las relaciones interpersonales con la familia.\nLograr una mejora en la percepción de mi yo interno.','2-742-2001','Jei','Constructora ESCO','3171074','0','0',NULL,'4','F',0,'Nemesis Saldaña',306,8),(318,'Rubén Abdiel','Rodríguez','69663044','benru2600@gmail.com','1986-11-26','Panamá','2','Panamá',1,'2023-05-13 22:15:59','2023-05-13 22:15:59','Contrutor','Qiero tener una empresa  qiero tener una familia esitosa qiero ser un ingeniero sivil','5-711-2311','Rubén','Isla contadora','318636','0','0',NULL,'4','M',0,'Bolívar tascon',307,NULL),(319,'María José','Herrera rivera','63935651','marherrera229@gmail.com','1996-01-17','Nicaragüense','1','Nicaragua',1,'2023-05-13 22:31:30','2023-05-23 00:40:30','Ama de casa','1(conseguir un trabajo )\n2(bajar de peso )\n3(irme para los Estados Unidos con mi mamá ..)','C-02045337','María','Casa','319893','0','0',NULL,NULL,'F',0,'Ashe',308,8),(320,'Rolando A.','Peñalba G.','65444374','rol2593@hotmail.com','1993-10-13','Panameña','1','Panamá',1,'2023-05-13 22:47:29','2023-05-23 00:34:21','Lic. Salud y Seguridad Ocupacional','* Entender mi propósito de vida. \n* Crecimiento Personal. \n* Definir objetivos y lograr metas. \n\n*','9-741-1760','Rolando','Constructora Meco S.A.','32081','0','0',NULL,'4','M',0,'Diego Lizano',309,8),(321,'Jorge','Pereira Correa','67404666','jpereira918@gmail.com','1953-11-05','Panameño','1','Panama',1,'2023-05-13 22:50:21','2023-05-13 22:50:21','Independiente','Nuevas relaciones\nApertura de horizontes \nMoverte de su zona de confort','8208820','Jorge','Independiente','321166','1','0','Diabetes\nCatarata\nDisco herniado \nCardiopatia','4','M',0,'Arelis Amado',310,NULL),(322,'Jorge Gabriel','Martínez Serrano','69156448','jorgabriel89@gmail.com','1989-11-01','Panameño','3','Panamá',1,'2023-05-13 22:55:12','2023-05-23 00:38:08','Industrial','- Crecimiento personal\n- Mejorar relaciones interpersonales\n- Mejorar confianza en mi','8-830-411','Josh','Independiente','3221719','0','0',NULL,'3','M',0,'Dary',311,8),(323,'Ruby','Zambrano','67029357','rezmz68@gmail.com','1968-04-19','Panameña','1','Panamá',1,'2023-05-13 23:06:46','2023-05-23 00:34:58','Docente','1. Organizar y manejar mejor el tiempo. Usarlo más eficientemente.\n2. Aprender a llegarle a las personas.\n3. Amarme más','8-296-991','Ruby','Universidad de Panamá','32384','1','0','Ciatica','4','F',0,'Yinkiria Cheng',312,8),(324,'Suzette','Valencia','69150878','valenciasuzette84@gmail.com','1998-12-17','Panameña','1','Panama',1,'2023-05-13 23:28:06','2023-05-13 23:28:06','Estudiante','Confianza','8-940-1390','No',NULL,'3241127','0','0','No','No','F',0,'Norelys Espíndola',313,NULL),(325,'Julian','Leal','+50765643904','julian@beluxerealestate.com','1987-02-19','cubana','2','Panama',1,'2023-05-13 23:48:11','2023-05-23 00:38:29','Asesor Inmobiliario','Aumentar ventas\nConectar con clientes\nMejorar empatia','K875508','Julian','Be Luxe Real Estate','32513','0','0',NULL,'4','M',0,'Natalia Baccino',314,8),(326,'Zully','Olmedo','6948-2141','zumey3@hotmail.com','1991-03-03','Panameña','1','Panamá',1,'2023-05-14 02:04:13','2023-05-23 00:31:49','Recepción','Objetivos mejorar mi relacion con mis seres queridos\nSer mas responsable\nSer mas abierta','8-844-2382','Zully','Mides','3267','0','0',NULL,'4','F',0,'Lais de Leon',315,8),(327,'Ana Isabel','Barnett Jaén','+507 6203 4289','anaib1203@gmail.com','2003-03-12','panameña','1','Panamá',1,'2023-05-14 02:11:38','2023-05-14 02:11:38','estudiante','mejoración personal e interpersonal, temas de universidad, sentirme exitosa, mejorar condición física, explotar mis ideas, dejar de ser tan ansiosa, enfrentar mis miedos, salir del hueco de la depresión','8-993-307','Nana','no','327196','0','1',NULL,'4','F',0,'Lorena Morales',316,NULL),(328,'Luis Carlos','Reyes Muñoz','67282506','carlosreyesgypso@gmail.com','1975-07-28','Colombiana','2','Panamá',1,'2023-05-14 02:19:12','2023-05-23 00:42:17','Independiente','Mis objetivos, sería salir de mi zona de confort, aprender muchas cosas nuevas. Segundo dedicarle tiempo a mi familia y por último superarme como persona, en muchos ámbitos.','AP854263','Carlitos','Indefinido','3281077','0','0',NULL,'2','M',0,'Francisco Javier Lucumi',317,8),(329,'Ricardo Javier','La Cruz Donado','62454881','ricardolacruz91@gmail.com','1991-05-27','Venezolano','1','Panama',1,'2023-05-14 05:04:37','2023-05-23 00:36:23','Impulsador de marcas','1) mejorar Finanzas\n2) Ser Disciplinado \n3) mejorar relaciones personales','167124591','Ricardo','San Francisco','329471','0','0',NULL,'4','M',0,'Mauricio Fernándes',318,8),(330,'Gustavo Aldofo','Rojas Abrego','65964511','gustavo2491@hotmail.com','1991-04-24','Panameña','1','Panama',1,'2023-05-14 18:37:05','2023-05-23 00:31:25','Estudiante','1. Mejorar la confianza y amor propio\n2. Establecer metas para mejorar calidad de vida\n3. Mejorar relaciones personales','8-848-1295','Gustavo Rojas','Independiente','33039','0','0',NULL,'4','M',0,'José Luis Palacios',319,8),(331,'Desiree','Flores','6130-1217','dfycaza13@gmail.com','1980-01-13','Panameña','1','Panama',1,'2023-05-14 19:33:22','2023-05-14 19:33:22','Arquitecto','- Implementación de nuevos objetivos\n- desarrollar las metas deseadas\n- control de mis emociones','8-734-96','Desiree','Panama','331177','0','0',NULL,'4','F',0,'Bolívar Tascon',320,NULL),(332,'Laura daniela','Quintero Galindo','68441254','lucianasuarez0111@gmail.com','1997-05-07','Colombiana','3','Panama',1,'2023-05-14 19:48:43','2023-05-14 19:48:43','AMA de casa','Desarrollar mi mente y mi potencial \nConocer nuevas herramientas para mejorar mi vida y expandir mi círculo social de personas que me ayuden a mejorar y a potenciarme','As595113','Laura','Casa','3321763','0','0',NULL,'2','F',0,'Paula mayorquino',321,NULL),(333,'Lineth','Vásquez Sanchez','61344807','linethv0902@gmail.com','1978-08-09','Panameña','2','Panamá',1,'2023-05-14 19:53:30','2023-05-23 00:41:59','Secretaria','1. Adelgazar\n2. Mi casa\n3. Mi carro','8-720-2015','Lineth Vasquez','Caja de Seguro Social','333813','1','0','Obesidad y Hipertensión arterial','4','F',0,'Annybel Alvarado',322,8),(334,'Ricardo Alberto','Ramos Sandiforf','64786694','rickyville22@hotmail.com','1981-04-27','Panameño','2','Panama',1,'2023-05-14 23:15:48','2023-05-23 00:36:03','Gerente de venta','- restauracion familiar\n- conectar con mi yo interior','8-745-2293','Ricardo','Cerveceria Panama','334273','0','0',NULL,'4','M',0,'Guillermo Requena',323,8),(335,'Zuheydi','Quien martinez','61121027','zuheydiquiel@gmsil.com','1984-10-31','Panameña','2','Panamá',1,'2023-05-15 20:38:04','2023-05-15 20:38:04','Coordinadora de planificacion','Toma de decisiones\nEmprendimientos\nEmpoderamiento','87891935','Zuhy','Copa airlines','3351835','0','0',NULL,NULL,'F',0,'Arelis Amado Miranda',324,NULL),(336,'Mariano Benjamín','Quintero Pino','61123406','mariano.quintero17@gmail.com','1983-03-17','Panamá','1','Panamá',1,'2023-05-16 16:01:04','2023-05-23 00:40:07','Ingeniero Industrial','Control de la Ansiedad \nControl interno ante de adversidad \nConocerme mejor a mi mismo','8-765-226','Mariano Quintero','Ministerio de Gobierno','3361026','0','0',NULL,'4','M',0,'Lilia Ramos',325,8),(337,'David','Joseph','66026929','drjdesigns@gmails.com','1988-12-16','Norte America','1','Panama',1,'2023-05-16 20:18:26','2023-05-23 00:29:30','Emprendedor, Artista, Arquitecto','1. Desarrollar mi disciplina \n2. Desarollar mi liderazgo \n3. Sentirme libre para hacer todo lo que quiero hacer en este vida','E8100394','DavidJo','En el nube','337922','0','0',NULL,'4','M',0,'Johanna Escobar',326,8),(338,'Samietziel','Bailey','68997799','samietziel@criptext.com','1980-11-07','Panama','1','Panama',1,'2023-05-16 23:31:42','2023-05-16 23:31:42','Independiente','Mejorar el marketing\nMejorar como persona\nComo aprender a decirle no','8-741-591','Samietziel',NULL,'3381948','0','0',NULL,'3','M',0,'Ida baloco',327,NULL),(339,'Sebastian','Aristizabal','60617217','eldetoti@gmail.com','1991-04-22','Colombiana','1','Panamá',1,'2023-05-16 23:45:39','2023-05-23 00:34:02','Ingeniero Financiero','Considero que estoy en un momento de mi vida especial, amo mi trabajo, físicamente me encuentro muy bien (hace dos meses cumplí la meta en el tiempo del Ironman 70.3 Panama) tengo una familia muy unida que son el motor de mi vida. Estos son los aspec','AQ619628','Sebastian','The Velopers','3391835','0','0',NULL,'4','M',0,'Natalia Baccino',328,8),(340,'Cristian Ameth','Franco Samaniego','61332644','christhianhamedh1203@gmail.com','1995-03-12','Panameño','1','Panamá',1,'2023-05-17 00:57:52','2023-05-23 00:28:45','Ayudante general','- para tener más seguridad de mí mismo\n- Para entender más sobre mí y a donde puedo llegar\n- para ayudarme a entender porque soy negativo.','8-890-2078','Cris','Geo Novey S.A','340653','1','0','Asma y presión a raíz de un accidente.','4','M',0,'Amarilys Morán',329,8),(341,'Ana Isabel','Moreno Gonzalez','63651386','anaisabel8684@gmail.com','1967-03-05','Venezolana','1','Panama',1,'2023-05-17 15:35:29','2023-05-23 00:26:39','Estilista','Aprender a decir no \nLograr lo que quiero \nTener más confianza en mi misma','164306242','Isabel','Por mi cuenta','341303','1','0','Ostoporocis','2','M',0,'Suchin',330,8),(342,'Joselyn','Vásquez','61359160','joss@unitcpro.com','1998-10-07','Venezolana','4','Panama',1,'2023-05-17 17:35:07','2023-05-23 00:39:06','Asesora','Aprender, conectar, transformarme.','E8199235','Joss','Unitcpro.com','342396','0','0',NULL,'Actualmente no.','F',0,'Leo Almengor',331,8),(343,'Mariela','Andrion','+507 6674 6901','marielaandrion@gmail.com','1951-05-07','Panameña','2','Panama',1,'2023-05-17 18:50:56','2023-05-23 00:39:46','Profesora','Mejorar relaciones interpersonales.\nAprender a bailar típico.','8-166-166','Mariela','Jubilada','3431452','1','0','En ayunas pastilla de tiroides, levotiroxina','4','F',0,'Carlos Medina',332,8),(344,'Andrea Lucia','Ortiz Famiglietti','61127806','andrea_ortizf@hotmail.com','1990-05-22','Panameña','1','Panamá',1,'2023-05-17 19:36:15','2023-05-23 00:27:01','Bienes Raíces','Vender más\nMejorar mi estado de ánimo\nImpactar mi vida personal','8-836-1847','Andreaofami','áni,o','3441157','1','1','Hipotiroidismo. 100 mg','Distimia y ansiedad. Excitalopram de 10 mg.','F',0,'Natalia Baccino',333,8),(345,'Eliezer Elias','Villarreal','62244010','evillareal.int@gmail.com','1987-11-26','Panameña','2','Panamá',1,'2023-05-18 19:07:36','2023-05-18 19:07:36','Vendedor','Independizarmeograr vivir en Ciudad del Saber\nComprar el Gelly Coray','8-818-2375','Eliecer','Más Móvil','345706','0','0',NULL,'4','M',0,'Yulimar Acosta',334,NULL),(346,'Alberto','Alberto Torres','67964503','alberto.0588@gmail.com','1988-05-05','VENEZOLANO','1','Panamá',1,'2023-05-18 23:34:53','2023-05-23 00:25:10','MARKETING Y VENTAS','Conocer más\nAprender a liderar desde el ejemplo\nOptimizar mis fortalezas','E-8-148447','Alberto Torres','LANCO','3461248','0',NULL,NULL,'4','M',0,'JORGE VILAS',335,8),(347,'Abel','De Gracia','6626-1150','djavi20@gmail.com','1987-07-20','Panameño','1','Panama',1,'2023-05-19 00:07:27','2023-05-23 00:24:18','Diseñador grafico','Mejorar comunicación con los demás\nMejorar la confianza en  mi\nLograr inteligencia emocional y financiera','4-743-2005','Abel','Inkfinity studio','347142','0','0',NULL,NULL,'M',0,'Marielys Gonzalez',336,8),(348,'Jose','Vilar','66175162','josedavidvilar97@gmail.com','1997-02-17','Panameño','1','Panamá',1,'2023-05-19 01:10:35','2023-05-23 00:38:49','Periodista','Mejorar en el aspecto profesional\nSer resiliente con mi estado de ánimo\nSer auténticamente yo.','8-915-141','José','Oficina de Coordinación de Asuntos Humanitarios de las Naciones Unidas','3481820','0','0',NULL,'4','M',0,'Tony Berman',337,8),(349,'Ernesto','Ibarra','62450000','ernestoibarra200@gmail.com','1985-09-27','Panameño','1','Panama',1,'2023-05-19 02:51:20','2023-05-19 02:51:20','Docente','Mejor control del tiempo \nMejorar finanzas\nMejorar mi relación con mi hermano.','6-710-653','Ernesto','Universidad tecnológica de Panamá','349234','0','0',NULL,'4','M',0,'Yelyna Montoya',338,NULL),(350,'Ana Maria','Vallejos','62771734','amvh0791@gmail.com','1991-06-18','Panameña','1','Panama',1,'2023-05-19 03:14:53','2023-05-19 03:14:53','Ingeniera informática','Amor propio\nAprender a poner limites\nSer menos dependiente','8-848-1022','Ana','Kuehne+Nagel','3501211','0','1',NULL,'4','F',0,'Sofia Gonzalez',345,NULL),(351,'Tomas','Batista','6250-0004','tomasbatista1712@gmail.com','2000-10-06','Panameña','1','Panama',1,'2023-05-19 03:18:39','2023-05-23 00:33:22','Asesor deportivo','Desarrollo personal\nViajar \nPoder ayudar','8-966-1661','Tom','Fitnessgame','3511185','0','0',NULL,'4','M',0,'Nemesis',348,8),(352,'Ernesto Antonio','Ibarra Ramirez','62450000','ernesto2789@hotmail.com','1985-09-27','Panameña','1','Panama',1,'2023-05-19 03:21:33','2023-05-23 00:31:03','Docente','- Mejorar relación con mi hermano.\n- Control de mi tiempo.\n- Control de mis Finanzas.','6710653','Ernesto','Universidad Tecnológica de Panamá','3521402','0','0',NULL,'4','M',0,'Guillermo Requena',350,8),(353,'Luis','Balza','6352 8817','luisbalzamejias@gmail.com','2005-08-19','venezolana','1','Panamá',1,'2023-05-19 11:48:33','2023-05-23 00:41:13','estudiante','Definir una carrera por estudiar\nTener un ingreso de 1000 dolares \nDefinir objetivos en fútbol','145662116','Luis','no','3531402','0','0','no','no','M',0,'Ana mejías',351,8),(354,'Toni Jose','Simancas Chirino','62764027','tjsimancas@gmail.com','1987-10-13','Venezolana','1','Panama',1,'2023-05-19 15:51:21','2023-05-19 15:51:21','Asistente Legal','No procrastinar y cumplir con mis metas propuestas\nSuperar miedos y confiar más en mis capacidades\nSer prioridad en mi vida, y dejar al resto en segundo plano.','116312714','Toni','Ocean Business Plaza','3541060','0','0',NULL,'4','M',0,'Mauricio Fernandes',352,NULL),(355,'Miguel jose','Quetglas recuero','69975357','quetglasmiguel3@gmail.com','1994-01-27','Panamaño','1','Panama',1,'2023-05-19 18:57:00','2023-05-23 00:35:22','Arquitecto','1. Que mi empresa prospere y sea exitosa.\n2. Pagar mis deudas.\n3. Terminar mi carrera.','8-878-2339','Miguel','Independiente','355274','0','1',NULL,'4','M',0,'Luis Oliva',353,8),(356,'Allison','Garcia','67802171','aigc0331@hotmail.com','1986-03-31','Panameña','1','Panama',1,'2023-05-19 20:43:17','2023-05-19 20:43:17','Independient','Fomentar intercambios sociales y participativos','5-710-381','Alys','Panama city','356621','1','0','Asma',NULL,'F',0,'Johana escobar',354,NULL),(357,'Diana Carolina','Melo Peralta','3922302','dianamelop24@gmail.com','2001-01-24','Panameña','1','Panama',1,'2023-05-19 21:14:27','2023-05-23 00:29:52','estudiante','-ser mas proactiva\n-ser mas humilde\n-ser mas empatica','8-979-2112','Diana Carolina Melo Peralta','ninguno','3571623','0','1','Quiero que la gente se sienta segura conmigo y que no la este juzgando','4','F',0,'Ivan Maldonado',355,8),(358,'Javier','Trejos','69524934','trejosjavier07@gmail.com','1986-12-05','Panameña','3','Panamá',1,'2023-05-19 21:28:49','2023-05-23 00:37:27','Idenpendiente','Quiero un cambiopositivo para mi personalidad\nSer mejor persona \nTriunfar','88051823','Javi','Independiente','358674','0','0',NULL,'4','M',0,'Michael Daniels',356,8),(359,'Yexenia','Morales','69488797','yexemora@gmail.com','1980-08-18','Panameña','4','Panamá',1,'2023-05-22 17:45:35','2023-05-23 00:32:13','Supply chain','Me gustaría comprar un auto \nTerminar mi terraza \nGenerar más ingresos','9-711-953','Yexe','Nipro','3591399','0','0',NULL,'4','F',0,'Amelith Cando',357,8),(360,'Darlene','Esturaín','6310-1953','darleneli01@hotmail.com','1983-01-31','panameña','1','Panamá',1,'2023-05-22 18:37:46','2023-05-23 00:29:08','C.P.A.','Motivación personal\nEnfoque y crecimiento empresarial\nConfianza en mi misma','8-781-1000','Darlene','Pest Services S.A.','3601520','0','0',NULL,'4','F',0,'Eduardo Ballestero',358,8),(361,'Aldrid','Fruto','62341317','aldridfruto@gmail.com','1997-10-16','Panameño','1','Panamá',1,'2023-05-22 19:11:14','2023-05-23 00:25:36','Telecomunicaciones','*retomar mi carrera universitaria \n*comprar mi auto \n*tener más control de mi tiempo','8-923-2384','Aldrid Fruto','+ movil','3611554','0','0',NULL,'4','M',0,'Yulimar Acosta',359,8),(362,'Dina elsy','Díaz lopez','6055-5345','dinadiaz2021@gmail.com','2023-05-05','Colombiana','1','Panama',1,'2023-05-22 20:25:46','2023-05-23 00:30:35','Cajera','Quiero Ser feliz \nQuieroperder miedos a poder enfrentarme a diferentes circunstancias.\nQuiero encontrarme a mi misma y superarme.','Aw893702','Dina elsy','Restaurante petit Paris','362961','0','0',NULL,'4','F',0,'Jojo',360,8),(363,'Andrés','Adames','63203338','aadamesm@gmail.com','1982-11-07','Panameña','2','Panamá',1,'2023-05-22 21:20:22','2023-05-23 00:27:21','Gerente de Operaciones','-Aumentar la confianza en mí mismo. \n- Perfeccionar habilidades existentes y el desarrollo de nuevas destrezas.\n-Mejorar productividad en casa y empresa.','8-762-1905','Andrés Adames','Tristore Panamá','3631131','0','0',NULL,'4','M',0,'Gaetano Goldoni',361,8),(364,'asasaos','asasas','sasasa','121212@gmail.com','0012-12-12','121212','2','assasas',1,'2023-05-23 00:44:01','2023-05-23 00:44:01','asasasa','asas','121221','asasassas','asasas','3641691','1','1','asass','2','F',0,'asas',362,NULL),(365,'Annabella','Azcarraga','66735421','annabellaazcarraga@gmail.com','1988-10-08','Panameña','2','Panama',1,'2023-05-23 13:24:42','2023-05-23 13:24:42','Ama de casa','Mejorar relaciones personales\nMas confianza en mi misma \nEvitar la procastinacio','8-819-193','Annie','Llantas y lonas panama','365751','0','0',NULL,'4','F',0,'Lorena morales',363,NULL);

--
-- Table structure for table `cursos`
--

CREATE TABLE `cursos` (
  `id` bigint unsigned NOT NULL AUTO_INCREMENT,
  `created_at` timestamp NULL DEFAULT NULL,
  `updated_at` timestamp NULL DEFAULT NULL,
  `name` varchar(250) COLLATE utf8mb4_unicode_ci NOT NULL,
  `price` double(30,2) NOT NULL DEFAULT '0.00',
  `url_image` text COLLATE utf8mb4_unicode_ci,
  `description` text COLLATE utf8mb4_unicode_ci,
  `init_date` date DEFAULT NULL,
  `end_date` date DEFAULT NULL,
  `status` varchar(100) COLLATE utf8mb4_unicode_ci DEFAULT NULL,
  PRIMARY KEY (`id`),
  UNIQUE KEY `cursos_name_unique` (`name`)
) ENGINE=InnoDB AUTO_INCREMENT=13 DEFAULT CHARSET=utf8mb4 COLLATE=utf8mb4_unicode_ci;

--
-- Dumping data for table `cursos`
--

INSERT INTO `cursos` VALUES (1,'2023-03-23 22:45:42','2023-03-23 22:45:42','ECI 65',625.00,'https://res.cloudinary.com/phoenix-tech-sa/image/upload/v1679611540/ge_client/znphdkb1xo5pl8twnuzd.png',NULL,'2023-03-15','2023-03-19',NULL),(2,'2023-03-23 22:46:29','2023-03-23 22:46:29','por defecto',0.00,'https://res.cloudinary.com/phoenix-tech-sa/image/upload/v1679611540/ge_client/znphdkb1xo5pl8twnuzd.png','0','2023-03-15','2023-03-19',NULL),(4,'2023-03-23 22:46:57','2023-03-23 22:46:57','por defecto2',0.00,'https://res.cloudinary.com/phoenix-tech-sa/image/upload/v1679611540/ge_client/znphdkb1xo5pl8twnuzd.png','0','2023-03-15','2023-03-19',NULL),(5,'2023-03-23 22:47:08','2023-03-23 22:47:08','por defecto3',0.00,'https://res.cloudinary.com/phoenix-tech-sa/image/upload/v1679611540/ge_client/znphdkb1xo5pl8twnuzd.png','0','2023-03-15','2023-03-19',NULL),(6,'2023-03-24 14:57:12','2023-04-03 20:08:20','GOL 65 HENKO',300.00,NULL,'GOL HENKO','2023-03-24','2023-07-23',NULL),(7,'2023-03-30 02:42:55','2023-03-30 02:42:55','SIC 66',625.00,NULL,NULL,'2023-04-12','2023-04-16',NULL),(8,'2023-04-12 17:32:20','2023-04-12 17:32:20','SIC 67',625.00,NULL,'SIC 67','2023-05-24','2023-05-28',NULL),(9,'2023-04-14 12:13:06','2023-04-14 12:13:06','ECI 66',625.00,NULL,NULL,'2023-04-26','2023-04-30',NULL),(10,'2023-05-04 17:06:57','2023-05-04 17:06:57','GOL 66',300.00,NULL,NULL,'2023-05-05','2023-09-03',NULL),(11,'2023-05-05 19:08:05','2023-05-05 19:08:05','GOL 67',300.00,NULL,NULL,'2023-06-16','2023-10-15',NULL),(12,'2023-05-23 00:20:36','2023-05-23 00:20:36','SIC 68',625.00,NULL,NULL,'2023-07-05','2023-07-09',NULL);

--
-- Table structure for table `dias_curso_clientes`
--

CREATE TABLE `dias_curso_clientes` (
  `id` bigint unsigned NOT NULL AUTO_INCREMENT,
  `client_id` bigint unsigned DEFAULT NULL,
  `llego` tinyint(1) NOT NULL DEFAULT '0',
  `curso_id` bigint unsigned DEFAULT NULL,
  `created_at` timestamp NULL DEFAULT NULL,
  `updated_at` timestamp NULL DEFAULT NULL,
  PRIMARY KEY (`id`),
  KEY `dias_curso_clientes_client_id_foreign` (`client_id`),
  KEY `dias_curso_clientes_curso_id_foreign` (`curso_id`),
  CONSTRAINT `dias_curso_clientes_client_id_foreign` FOREIGN KEY (`client_id`) REFERENCES `clientes` (`id`),
  CONSTRAINT `dias_curso_clientes_curso_id_foreign` FOREIGN KEY (`curso_id`) REFERENCES `cursos` (`id`)
) ENGINE=InnoDB AUTO_INCREMENT=245 DEFAULT CHARSET=utf8mb4 COLLATE=utf8mb4_unicode_ci;

--
-- Dumping data for table `dias_curso_clientes`
--

INSERT INTO `dias_curso_clientes` VALUES (2,8,1,6,'2023-03-24 23:00:14','2023-03-24 23:00:14'),(3,6,1,6,'2023-03-24 23:00:36','2023-03-24 23:00:36'),(4,63,1,6,'2023-03-24 23:00:56','2023-03-24 23:00:56'),(5,3,1,6,'2023-03-24 23:01:10','2023-03-24 23:01:10'),(6,16,1,6,'2023-03-24 23:01:28','2023-03-24 23:01:28'),(7,37,1,6,'2023-03-24 23:01:48','2023-03-24 23:01:48'),(8,24,1,6,'2023-03-24 23:02:08','2023-03-24 23:02:08'),(9,22,1,6,'2023-03-24 23:02:39','2023-03-24 23:02:39'),(10,53,1,6,'2023-03-24 23:03:00','2023-03-24 23:03:00'),(11,5,1,6,'2023-03-24 23:03:16','2023-03-24 23:03:16'),(12,40,1,6,'2023-03-24 23:03:36','2023-03-24 23:03:36'),(13,47,1,6,'2023-03-24 23:03:52','2023-03-24 23:03:52'),(14,45,1,6,'2023-03-24 23:04:10','2023-03-24 23:04:10'),(15,79,1,6,'2023-03-24 23:04:33','2023-03-24 23:04:33'),(16,11,1,6,'2023-03-24 23:04:37','2023-03-24 23:04:37'),(17,17,1,6,'2023-03-24 23:04:50','2023-03-24 23:04:50'),(18,14,1,6,'2023-03-24 23:04:59','2023-03-24 23:04:59'),(19,41,1,6,'2023-03-24 23:05:15','2023-03-24 23:05:15'),(20,30,1,6,'2023-03-24 23:05:19','2023-03-24 23:05:19'),(21,61,1,6,'2023-03-24 23:05:34','2023-03-24 23:05:34'),(22,68,1,6,'2023-03-24 23:05:54','2023-03-24 23:05:54'),(23,4,1,6,'2023-03-24 23:05:55','2023-03-24 23:05:55'),(24,51,1,6,'2023-03-24 23:06:17','2023-03-24 23:06:17'),(25,70,1,6,'2023-03-24 23:06:28','2023-03-24 23:06:28'),(26,66,1,6,'2023-03-24 23:06:41','2023-03-24 23:06:41'),(27,27,1,6,'2023-03-24 23:07:04','2023-03-24 23:07:04'),(28,21,1,6,'2023-03-24 23:07:05','2023-03-24 23:07:05'),(29,44,1,6,'2023-03-24 23:07:28','2023-03-24 23:07:28'),(30,39,1,6,'2023-03-24 23:07:28','2023-03-24 23:07:28'),(31,12,1,6,'2023-03-24 23:07:51','2023-03-24 23:07:51'),(32,34,1,6,'2023-03-24 23:07:56','2023-03-24 23:07:56'),(33,73,1,6,'2023-03-24 23:08:12','2023-03-24 23:08:12'),(34,20,1,6,'2023-03-24 23:08:19','2023-03-24 23:08:19'),(35,36,1,6,'2023-03-24 23:08:35','2023-03-24 23:08:35'),(36,52,1,6,'2023-03-24 23:08:41','2023-03-24 23:08:41'),(37,65,1,6,'2023-03-24 23:09:08','2023-03-24 23:09:08'),(38,23,1,6,'2023-03-24 23:09:10','2023-03-24 23:09:10'),(39,64,1,6,'2023-03-24 23:09:32','2023-03-24 23:09:32'),(40,7,1,6,'2023-03-24 23:09:53','2023-03-24 23:09:53'),(41,9,1,6,'2023-03-24 23:09:57','2023-03-24 23:09:57'),(42,80,1,6,'2023-03-24 23:10:19','2023-03-24 23:10:19'),(43,35,1,6,'2023-03-24 23:10:27','2023-03-24 23:10:27'),(44,69,1,6,'2023-03-24 23:10:44','2023-03-24 23:10:44'),(45,60,1,6,'2023-03-24 23:11:12','2023-03-24 23:11:12'),(46,28,1,6,'2023-03-24 23:11:19','2023-03-24 23:11:19'),(47,54,1,6,'2023-03-24 23:11:40','2023-03-24 23:11:40'),(48,57,1,6,'2023-03-24 23:11:46','2023-03-24 23:11:46'),(49,50,1,6,'2023-03-24 23:12:05','2023-03-24 23:12:05'),(50,33,1,6,'2023-03-24 23:12:11','2023-03-24 23:12:11'),(51,15,1,6,'2023-03-24 23:12:32','2023-03-24 23:12:32'),(52,58,1,6,'2023-03-24 23:12:40','2023-03-24 23:12:40'),(53,25,1,6,'2023-03-24 23:12:55','2023-03-24 23:12:55'),(54,74,1,6,'2023-03-24 23:13:03','2023-03-24 23:13:03'),(55,48,1,6,'2023-03-24 23:13:22','2023-03-24 23:13:22'),(56,71,1,6,'2023-03-24 23:13:30','2023-03-24 23:13:30'),(57,32,1,6,'2023-03-24 23:14:08','2023-03-24 23:14:08'),(58,55,1,6,'2023-03-24 23:24:26','2023-03-24 23:24:26'),(59,67,1,6,'2023-03-24 23:27:39','2023-03-24 23:27:39'),(60,78,1,6,'2023-03-24 23:30:48','2023-03-24 23:30:48'),(65,98,1,7,'2023-04-12 21:47:40','2023-04-12 21:47:40'),(66,177,1,7,'2023-04-12 21:49:23','2023-04-12 21:49:23'),(67,188,1,7,'2023-04-12 21:49:57','2023-04-12 21:49:57'),(68,179,1,7,'2023-04-12 21:51:41','2023-04-12 21:51:41'),(69,153,1,7,'2023-04-12 21:52:28','2023-04-12 21:52:28'),(70,137,1,7,'2023-04-12 21:53:42','2023-04-12 21:53:42'),(71,108,1,7,'2023-04-12 21:54:24','2023-04-12 21:54:24'),(72,97,1,7,'2023-04-12 21:54:59','2023-04-12 21:54:59'),(73,113,1,7,'2023-04-12 21:55:54','2023-04-12 21:55:54'),(74,138,1,7,'2023-04-12 21:56:32','2023-04-12 21:56:32'),(75,96,1,7,'2023-04-12 21:57:20','2023-04-12 21:57:20'),(76,102,1,7,'2023-04-12 21:57:37','2023-04-12 21:57:37'),(77,95,1,7,'2023-04-12 21:58:29','2023-04-12 21:58:29'),(78,128,1,7,'2023-04-12 21:59:00','2023-04-12 21:59:00'),(79,109,1,7,'2023-04-12 22:00:30','2023-04-12 22:00:30'),(80,158,1,7,'2023-04-12 22:01:21','2023-04-12 22:01:21'),(81,148,1,7,'2023-04-12 22:02:15','2023-04-12 22:02:15'),(82,164,1,7,'2023-04-12 22:04:37','2023-04-12 22:04:37'),(83,127,1,7,'2023-04-12 22:05:20','2023-04-12 22:05:20'),(84,134,1,7,'2023-04-12 22:06:07','2023-04-12 22:06:07'),(85,112,1,7,'2023-04-12 22:07:22','2023-04-12 22:07:22'),(86,154,1,7,'2023-04-12 22:08:26','2023-04-12 22:08:26'),(87,120,1,7,'2023-04-12 22:09:00','2023-04-12 22:09:00'),(88,186,1,7,'2023-04-12 22:11:58','2023-04-12 22:11:58'),(89,146,1,7,'2023-04-12 22:12:21','2023-04-12 22:12:21'),(90,149,1,7,'2023-04-12 22:12:40','2023-04-12 22:12:40'),(91,93,1,7,'2023-04-12 22:12:58','2023-04-12 22:12:58'),(92,82,1,7,'2023-04-12 22:13:10','2023-04-12 22:13:10'),(93,107,1,7,'2023-04-12 22:13:21','2023-04-12 22:13:21'),(94,110,1,7,'2023-04-12 22:13:27','2023-04-12 22:13:27'),(95,173,1,7,'2023-04-12 22:13:40','2023-04-12 22:13:40'),(96,176,1,7,'2023-04-12 22:13:48','2023-04-12 22:13:48'),(97,132,1,7,'2023-04-12 22:14:02','2023-04-12 22:14:02'),(98,172,1,7,'2023-04-12 22:14:13','2023-04-12 22:14:13'),(99,160,1,7,'2023-04-12 22:14:28','2023-04-12 22:14:28'),(100,103,1,7,'2023-04-12 22:14:40','2023-04-12 22:14:40'),(102,86,1,7,'2023-04-12 22:14:50','2023-04-12 22:14:50'),(103,150,1,7,'2023-04-12 22:15:02','2023-04-12 22:15:02'),(104,144,1,7,'2023-04-12 22:15:14','2023-04-12 22:15:14'),(105,111,1,7,'2023-04-12 22:15:27','2023-04-12 22:15:27'),(106,185,1,7,'2023-04-12 22:15:38','2023-04-12 22:15:38'),(107,121,1,7,'2023-04-12 22:15:57','2023-04-12 22:15:57'),(108,159,1,7,'2023-04-12 22:16:11','2023-04-12 22:16:11'),(109,117,1,7,'2023-04-12 22:16:24','2023-04-12 22:16:24'),(110,118,1,7,'2023-04-12 22:16:37','2023-04-12 22:16:37'),(111,122,1,7,'2023-04-12 22:16:47','2023-04-12 22:16:47'),(112,139,1,7,'2023-04-12 22:17:08','2023-04-12 22:17:08'),(114,141,1,7,'2023-04-12 22:17:35','2023-04-12 22:17:35'),(115,116,1,7,'2023-04-12 22:17:49','2023-04-12 22:17:49'),(116,106,1,7,'2023-04-12 22:19:55','2023-04-12 22:19:55'),(117,133,1,7,'2023-04-12 22:20:48','2023-04-12 22:20:48'),(118,167,1,7,'2023-04-12 22:21:28','2023-04-12 22:21:28'),(119,94,1,7,'2023-04-12 22:23:29','2023-04-12 22:23:29'),(120,136,1,7,'2023-04-12 22:24:56','2023-04-12 22:24:56'),(121,183,1,7,'2023-04-12 22:24:59','2023-04-12 22:24:59'),(122,175,1,7,'2023-04-12 22:28:38','2023-04-12 22:28:38'),(123,126,1,7,'2023-04-12 22:35:43','2023-04-12 22:35:43'),(124,178,1,7,'2023-04-12 22:39:03','2023-04-12 22:39:03'),(125,165,1,7,'2023-04-12 22:44:25','2023-04-12 22:44:25'),(126,161,1,7,'2023-04-12 22:45:57','2023-04-12 22:45:57'),(127,170,1,7,'2023-04-12 22:48:34','2023-04-12 22:48:34'),(128,104,1,7,'2023-04-12 22:48:49','2023-04-12 22:48:49'),(129,171,1,7,'2023-04-12 22:49:36','2023-04-12 22:49:36'),(130,202,1,7,'2023-04-12 22:49:38','2023-04-12 22:49:38'),(131,147,1,7,'2023-04-12 22:49:59','2023-04-12 22:49:59'),(132,184,1,7,'2023-04-12 22:50:09','2023-04-12 22:50:09'),(133,99,1,7,'2023-04-12 22:53:34','2023-04-12 22:53:34'),(134,135,1,7,'2023-04-12 23:05:20','2023-04-12 23:05:20'),(135,119,1,7,'2023-04-12 23:05:30','2023-04-12 23:05:30'),(136,201,1,7,'2023-04-12 23:09:00','2023-04-12 23:09:00'),(137,174,1,7,'2023-04-12 23:09:32','2023-04-12 23:09:32'),(138,180,1,7,'2023-04-12 23:42:48','2023-04-12 23:42:48'),(140,185,1,9,'2023-04-26 15:30:19','2023-04-26 15:30:19'),(141,176,1,9,'2023-04-26 15:30:23','2023-04-26 15:30:23'),(142,178,1,9,'2023-04-26 15:30:40','2023-04-26 15:30:40'),(143,141,1,9,'2023-04-26 15:30:58','2023-04-26 15:30:58'),(144,188,1,9,'2023-04-26 15:31:00','2023-04-26 15:31:00'),(145,160,1,9,'2023-04-26 15:31:19','2023-04-26 15:31:19'),(146,127,1,9,'2023-04-26 15:31:20','2023-04-26 15:31:20'),(147,109,1,9,'2023-04-26 15:31:37','2023-04-26 15:31:37'),(148,186,1,9,'2023-04-26 15:31:41','2023-04-26 15:31:41'),(149,126,1,9,'2023-04-26 15:31:53','2023-04-26 15:31:53'),(150,117,1,9,'2023-04-26 15:32:00','2023-04-26 15:32:00'),(151,94,1,9,'2023-04-26 15:32:14','2023-04-26 15:32:14'),(152,111,1,9,'2023-04-26 15:32:18','2023-04-26 15:32:18'),(153,102,1,9,'2023-04-26 15:32:28','2023-04-26 15:32:28'),(154,154,1,9,'2023-04-26 15:32:36','2023-04-26 15:32:36'),(155,137,1,9,'2023-04-26 15:32:45','2023-04-26 15:32:45'),(156,86,1,9,'2023-04-26 15:32:53','2023-04-26 15:32:53'),(157,222,1,9,'2023-04-26 15:33:02','2023-04-26 15:33:02'),(158,104,1,9,'2023-04-26 15:33:09','2023-04-26 15:33:09'),(160,159,1,9,'2023-04-26 15:33:28','2023-04-26 15:33:28'),(161,113,1,9,'2023-04-26 15:33:41','2023-04-26 15:33:41'),(162,139,1,9,'2023-04-26 15:34:53','2023-04-26 15:34:53'),(163,119,1,9,'2023-04-26 15:39:33','2023-04-26 15:39:33'),(164,177,1,9,'2023-04-26 15:42:16','2023-04-26 15:42:16'),(165,184,1,9,'2023-04-26 15:42:38','2023-04-26 15:42:38'),(166,116,1,9,'2023-04-26 15:43:52','2023-04-26 15:43:52'),(167,179,1,9,'2023-04-26 15:44:39','2023-04-26 15:44:39'),(168,171,1,9,'2023-04-26 15:45:56','2023-04-26 15:45:56'),(169,132,1,9,'2023-04-26 15:46:58','2023-04-26 15:46:58'),(170,97,1,9,'2023-04-26 15:47:37','2023-04-26 15:47:37'),(171,138,1,9,'2023-04-26 15:51:04','2023-04-26 15:51:04'),(172,223,1,9,'2023-04-26 15:53:06','2023-04-26 15:53:06'),(173,96,1,9,'2023-04-26 15:57:31','2023-04-26 15:57:31'),(174,82,1,9,'2023-04-26 15:57:49','2023-04-26 15:57:49'),(175,150,1,9,'2023-04-26 15:58:24','2023-04-26 15:58:24'),(176,95,1,9,'2023-04-26 15:59:50','2023-04-26 15:59:50'),(177,218,1,9,'2023-04-26 16:02:48','2023-04-26 16:02:48'),(178,161,1,9,'2023-04-26 16:03:48','2023-04-26 16:03:48'),(179,144,1,9,'2023-04-26 16:04:24','2023-04-26 16:04:24'),(180,146,1,9,'2023-04-26 16:07:25','2023-04-26 16:07:25'),(181,170,1,9,'2023-04-26 16:09:40','2023-04-26 16:09:40'),(182,112,1,9,'2023-04-26 16:11:38','2023-04-26 16:11:38'),(183,136,1,9,'2023-04-26 16:12:14','2023-04-26 16:12:14'),(184,18,1,9,'2023-04-26 16:13:11','2023-04-26 16:13:11'),(185,135,1,9,'2023-04-26 16:13:57','2023-04-26 16:13:57'),(186,165,1,9,'2023-04-26 16:14:57','2023-04-26 16:14:57'),(187,165,1,9,'2023-04-26 16:15:29','2023-04-26 16:15:29'),(188,93,1,9,'2023-04-26 16:16:48','2023-04-26 16:16:48'),(189,153,1,9,'2023-04-26 16:18:01','2023-04-26 16:18:01'),(190,134,1,9,'2023-04-26 16:18:30','2023-04-26 16:18:30'),(191,175,1,9,'2023-04-26 16:18:51','2023-04-26 16:18:51'),(192,108,1,9,'2023-04-26 16:19:10','2023-04-26 16:19:10'),(193,110,1,9,'2023-04-26 16:20:45','2023-04-26 16:20:45'),(194,221,1,9,'2023-04-26 16:22:21','2023-04-26 16:22:21'),(195,174,1,9,'2023-04-26 16:25:45','2023-04-26 16:25:45'),(196,122,1,9,'2023-04-26 16:32:32','2023-04-26 16:32:32'),(197,147,1,9,'2023-04-26 16:35:34','2023-04-26 16:35:34'),(198,147,1,9,'2023-04-26 16:35:36','2023-04-26 16:35:36'),(200,164,1,9,'2023-04-26 16:36:03','2023-04-26 16:36:03'),(201,224,1,9,'2023-04-26 16:36:15','2023-04-26 16:36:15'),(202,183,1,9,'2023-04-26 16:38:20','2023-04-26 16:38:20'),(203,183,1,9,'2023-04-26 16:39:13','2023-04-26 16:39:13'),(204,219,1,9,'2023-04-26 16:56:53','2023-04-26 16:56:53'),(205,177,1,10,'2023-05-05 23:00:25','2023-05-05 23:00:25'),(206,146,1,10,'2023-05-05 23:00:45','2023-05-05 23:00:45'),(207,110,1,10,'2023-05-05 23:01:13','2023-05-05 23:01:13'),(208,111,1,10,'2023-05-05 23:01:30','2023-05-05 23:01:30'),(209,104,1,10,'2023-05-05 23:01:48','2023-05-05 23:01:48'),(210,137,1,10,'2023-05-05 23:02:04','2023-05-05 23:02:04'),(211,94,1,10,'2023-05-05 23:02:20','2023-05-05 23:02:20'),(212,135,1,10,'2023-05-05 23:02:35','2023-05-05 23:02:35'),(213,112,1,10,'2023-05-05 23:03:03','2023-05-05 23:03:03'),(214,186,1,10,'2023-05-05 23:03:20','2023-05-05 23:03:20'),(215,188,1,10,'2023-05-05 23:03:42','2023-05-05 23:03:42'),(216,82,1,10,'2023-05-05 23:03:59','2023-05-05 23:03:59'),(217,184,1,10,'2023-05-05 23:04:22','2023-05-05 23:04:22'),(218,93,1,10,'2023-05-05 23:04:39','2023-05-05 23:04:39'),(219,222,1,10,'2023-05-05 23:04:55','2023-05-05 23:04:55'),(220,86,1,10,'2023-05-05 23:05:19','2023-05-05 23:05:19'),(221,176,1,10,'2023-05-05 23:05:36','2023-05-05 23:05:36'),(222,117,1,10,'2023-05-05 23:05:58','2023-05-05 23:05:58'),(223,154,1,10,'2023-05-05 23:06:18','2023-05-05 23:06:18'),(224,141,1,10,'2023-05-05 23:06:33','2023-05-05 23:06:33'),(225,161,1,10,'2023-05-05 23:06:53','2023-05-05 23:06:53'),(226,144,1,10,'2023-05-05 23:07:13','2023-05-05 23:07:13'),(227,164,1,10,'2023-05-05 23:07:34','2023-05-05 23:07:34'),(228,159,1,10,'2023-05-05 23:08:02','2023-05-05 23:08:02'),(229,165,1,10,'2023-05-05 23:08:21','2023-05-05 23:08:21'),(230,179,1,10,'2023-05-05 23:08:42','2023-05-05 23:08:42'),(231,122,1,10,'2023-05-05 23:08:59','2023-05-05 23:08:59'),(232,108,1,10,'2023-05-05 23:09:14','2023-05-05 23:09:14'),(233,224,1,10,'2023-05-05 23:09:45','2023-05-05 23:09:45'),(234,153,1,10,'2023-05-05 23:10:08','2023-05-05 23:10:08'),(235,102,1,10,'2023-05-05 23:10:29','2023-05-05 23:10:29'),(236,255,1,10,'2023-05-05 23:10:51','2023-05-05 23:10:51'),(237,174,1,10,'2023-05-05 23:11:10','2023-05-05 23:11:10'),(238,183,1,10,'2023-05-05 23:12:04','2023-05-05 23:12:04'),(239,134,1,10,'2023-05-05 23:18:19','2023-05-05 23:18:19'),(240,139,1,10,'2023-05-05 23:21:08','2023-05-05 23:21:08'),(241,97,1,10,'2023-05-05 23:22:04','2023-05-05 23:22:04'),(242,138,1,10,'2023-05-05 23:27:43','2023-05-05 23:27:43');

--
-- Table structure for table `etapas`
--

CREATE TABLE `etapas` (
  `id` bigint unsigned NOT NULL AUTO_INCREMENT,
  `name` varchar(200) COLLATE utf8mb4_unicode_ci NOT NULL,
  `price` double(30,2) NOT NULL DEFAULT '0.00',
  `created_at` timestamp NULL DEFAULT NULL,
  `updated_at` timestamp NULL DEFAULT NULL,
  `init_date` date DEFAULT NULL,
  `end_date` date DEFAULT NULL,
  PRIMARY KEY (`id`),
  UNIQUE KEY `etapas_name_unique` (`name`)
) ENGINE=InnoDB DEFAULT CHARSET=utf8mb4 COLLATE=utf8mb4_unicode_ci;

--
-- Dumping data for table `etapas`
--


--
-- Table structure for table `failed_jobs`
--

CREATE TABLE `failed_jobs` (
  `id` bigint unsigned NOT NULL AUTO_INCREMENT,
  `uuid` varchar(255) COLLATE utf8mb4_unicode_ci NOT NULL,
  `connection` text COLLATE utf8mb4_unicode_ci NOT NULL,
  `queue` text COLLATE utf8mb4_unicode_ci NOT NULL,
  `payload` longtext COLLATE utf8mb4_unicode_ci NOT NULL,
  `exception` longtext COLLATE utf8mb4_unicode_ci NOT NULL,
  `failed_at` timestamp NOT NULL DEFAULT CURRENT_TIMESTAMP,
  PRIMARY KEY (`id`),
  UNIQUE KEY `failed_jobs_uuid_unique` (`uuid`)
) ENGINE=InnoDB DEFAULT CHARSET=utf8mb4 COLLATE=utf8mb4_unicode_ci;

--
-- Dumping data for table `failed_jobs`
--


--
-- Table structure for table `grupos`
--

CREATE TABLE `grupos` (
  `id` bigint unsigned NOT NULL AUTO_INCREMENT,
  `created_at` timestamp NULL DEFAULT NULL,
  `updated_at` timestamp NULL DEFAULT NULL,
  PRIMARY KEY (`id`)
) ENGINE=InnoDB DEFAULT CHARSET=utf8mb4 COLLATE=utf8mb4_unicode_ci;

--
-- Dumping data for table `grupos`
--


--
-- Table structure for table `historial_curso_clients`
--

CREATE TABLE `historial_curso_clients` (
  `id` bigint unsigned NOT NULL AUTO_INCREMENT,
  `client_id` bigint unsigned DEFAULT NULL,
  `curso_id` bigint unsigned DEFAULT NULL,
  `created_at` timestamp NULL DEFAULT NULL,
  `updated_at` timestamp NULL DEFAULT NULL,
  PRIMARY KEY (`id`),
  KEY `historial_curso_clients_client_id_foreign` (`client_id`),
  KEY `historial_curso_clients_curso_id_foreign` (`curso_id`),
  CONSTRAINT `historial_curso_clients_client_id_foreign` FOREIGN KEY (`client_id`) REFERENCES `clientes` (`id`),
  CONSTRAINT `historial_curso_clients_curso_id_foreign` FOREIGN KEY (`curso_id`) REFERENCES `cursos` (`id`)
) ENGINE=InnoDB AUTO_INCREMENT=721 DEFAULT CHARSET=utf8mb4 COLLATE=utf8mb4_unicode_ci;

--
-- Dumping data for table `historial_curso_clients`
--

INSERT INTO `historial_curso_clients` VALUES (1,3,1,'2023-03-23 23:23:40','2023-03-23 23:23:40'),(2,4,1,'2023-03-23 23:23:40','2023-03-23 23:23:40'),(3,5,1,'2023-03-23 23:23:40','2023-03-23 23:23:40'),(4,6,1,'2023-03-23 23:23:40','2023-03-23 23:23:40'),(5,7,1,'2023-03-23 23:23:40','2023-03-23 23:23:40'),(6,8,1,'2023-03-23 23:23:40','2023-03-23 23:23:40'),(7,9,1,'2023-03-23 23:23:40','2023-03-23 23:23:40'),(8,10,1,'2023-03-23 23:23:40','2023-03-23 23:23:40'),(9,11,1,'2023-03-23 23:23:40','2023-03-23 23:23:40'),(10,12,1,'2023-03-23 23:23:40','2023-03-23 23:23:40'),(11,13,1,'2023-03-23 23:23:40','2023-03-23 23:23:40'),(12,14,1,'2023-03-23 23:23:40','2023-03-23 23:23:40'),(13,15,1,'2023-03-23 23:23:40','2023-03-23 23:23:40'),(14,16,1,'2023-03-23 23:23:40','2023-03-23 23:23:40'),(15,17,1,'2023-03-23 23:23:40','2023-03-23 23:23:40'),(16,18,1,'2023-03-23 23:23:40','2023-03-23 23:23:40'),(17,19,1,'2023-03-23 23:23:40','2023-03-23 23:23:40'),(18,20,1,'2023-03-23 23:23:40','2023-03-23 23:23:40'),(19,21,1,'2023-03-23 23:23:40','2023-03-23 23:23:40'),(20,22,1,'2023-03-23 23:23:40','2023-03-23 23:23:40'),(21,23,1,'2023-03-23 23:23:40','2023-03-23 23:23:40'),(22,24,1,'2023-03-23 23:23:40','2023-03-23 23:23:40'),(23,25,1,'2023-03-23 23:23:40','2023-03-23 23:23:40'),(24,26,1,'2023-03-23 23:23:40','2023-03-23 23:23:40'),(25,27,1,'2023-03-23 23:23:40','2023-03-23 23:23:40'),(26,28,1,'2023-03-23 23:23:40','2023-03-23 23:23:40'),(27,29,1,'2023-03-23 23:23:40','2023-03-23 23:23:40'),(28,30,1,'2023-03-23 23:23:40','2023-03-23 23:23:40'),(29,31,1,'2023-03-23 23:23:40','2023-03-23 23:23:40'),(30,32,1,'2023-03-23 23:23:40','2023-03-23 23:23:40'),(31,33,1,'2023-03-23 23:23:40','2023-03-23 23:23:40'),(32,34,1,'2023-03-23 23:23:40','2023-03-23 23:23:40'),(33,35,1,'2023-03-23 23:23:40','2023-03-23 23:23:40'),(34,36,1,'2023-03-23 23:23:40','2023-03-23 23:23:40'),(35,37,1,'2023-03-23 23:23:40','2023-03-23 23:23:40'),(36,38,1,'2023-03-23 23:23:40','2023-03-23 23:23:40'),(37,39,1,'2023-03-23 23:23:40','2023-03-23 23:23:40'),(38,40,1,'2023-03-23 23:23:40','2023-03-23 23:23:40'),(39,41,1,'2023-03-23 23:23:40','2023-03-23 23:23:40'),(40,42,1,'2023-03-23 23:23:40','2023-03-23 23:23:40'),(41,43,1,'2023-03-23 23:23:40','2023-03-23 23:23:40'),(42,44,1,'2023-03-23 23:23:40','2023-03-23 23:23:40'),(43,45,1,'2023-03-23 23:23:40','2023-03-23 23:23:40'),(44,46,1,'2023-03-23 23:23:40','2023-03-23 23:23:40'),(45,47,1,'2023-03-23 23:23:40','2023-03-23 23:23:40'),(46,48,1,'2023-03-23 23:23:40','2023-03-23 23:23:40'),(47,49,1,'2023-03-23 23:23:40','2023-03-23 23:23:40'),(48,50,1,'2023-03-23 23:23:40','2023-03-23 23:23:40'),(49,51,1,'2023-03-23 23:23:40','2023-03-23 23:23:40'),(50,52,1,'2023-03-23 23:23:40','2023-03-23 23:23:40'),(51,53,1,'2023-03-23 23:23:40','2023-03-23 23:23:40'),(52,54,1,'2023-03-23 23:23:40','2023-03-23 23:23:40'),(53,55,1,'2023-03-23 23:23:40','2023-03-23 23:23:40'),(54,56,1,'2023-03-23 23:23:40','2023-03-23 23:23:40'),(55,57,1,'2023-03-23 23:23:40','2023-03-23 23:23:40'),(56,58,1,'2023-03-23 23:23:40','2023-03-23 23:23:40'),(57,59,1,'2023-03-23 23:23:40','2023-03-23 23:23:40'),(58,60,1,'2023-03-23 23:23:40','2023-03-23 23:23:40'),(59,61,1,'2023-03-23 23:23:40','2023-03-23 23:23:40'),(60,62,1,'2023-03-23 23:23:40','2023-03-23 23:23:40'),(61,63,1,'2023-03-23 23:23:40','2023-03-23 23:23:40'),(62,64,1,'2023-03-23 23:23:40','2023-03-23 23:23:40'),(63,65,1,'2023-03-23 23:23:40','2023-03-23 23:23:40'),(64,66,1,'2023-03-23 23:23:40','2023-03-23 23:23:40'),(65,67,1,'2023-03-23 23:23:40','2023-03-23 23:23:40'),(66,68,1,'2023-03-23 23:23:40','2023-03-23 23:23:40'),(67,69,1,'2023-03-23 23:23:40','2023-03-23 23:23:40'),(68,70,1,'2023-03-23 23:23:40','2023-03-23 23:23:40'),(69,71,1,'2023-03-23 23:23:40','2023-03-23 23:23:40'),(70,72,1,'2023-03-23 23:23:40','2023-03-23 23:23:40'),(71,73,1,'2023-03-23 23:23:40','2023-03-23 23:23:40'),(72,74,1,'2023-03-23 23:23:40','2023-03-23 23:23:40'),(73,75,NULL,'2023-03-24 14:11:17','2023-03-24 14:11:17'),(76,77,NULL,'2023-03-24 14:36:05','2023-03-24 14:36:05'),(77,3,6,'2023-03-24 14:58:39','2023-03-24 14:58:39'),(78,5,6,'2023-03-24 15:23:55','2023-03-24 15:23:55'),(79,3,5,'2023-03-24 16:43:28','2023-03-24 16:43:28'),(80,3,1,'2023-03-24 16:47:32','2023-03-24 16:47:32'),(81,3,4,'2023-03-24 16:55:39','2023-03-24 16:55:39'),(82,3,1,'2023-03-24 16:55:49','2023-03-24 16:55:49'),(83,3,6,'2023-03-24 20:26:44','2023-03-24 20:26:44'),(84,4,6,'2023-03-24 20:28:22','2023-03-24 20:28:22'),(85,6,6,'2023-03-24 20:29:23','2023-03-24 20:29:23'),(86,7,6,'2023-03-24 20:29:44','2023-03-24 20:29:44'),(87,8,6,'2023-03-24 20:29:55','2023-03-24 20:29:55'),(88,9,6,'2023-03-24 20:29:57','2023-03-24 20:29:57'),(89,11,6,'2023-03-24 20:32:24','2023-03-24 20:32:24'),(90,12,6,'2023-03-24 20:32:28','2023-03-24 20:32:28'),(91,13,6,'2023-03-24 20:32:31','2023-03-24 20:32:31'),(92,14,6,'2023-03-24 20:32:34','2023-03-24 20:32:34'),(93,15,6,'2023-03-24 20:32:46','2023-03-24 20:32:46'),(94,16,6,'2023-03-24 20:33:25','2023-03-24 20:33:25'),(95,17,6,'2023-03-24 20:33:29','2023-03-24 20:33:29'),(96,20,6,'2023-03-24 20:43:56','2023-03-24 20:43:56'),(97,21,6,'2023-03-24 20:44:10','2023-03-24 20:44:10'),(98,22,6,'2023-03-24 20:44:16','2023-03-24 20:44:16'),(99,23,6,'2023-03-24 20:44:23','2023-03-24 20:44:23'),(100,24,6,'2023-03-24 20:44:29','2023-03-24 20:44:29'),(101,25,6,'2023-03-24 20:44:35','2023-03-24 20:44:35'),(102,27,6,'2023-03-24 20:45:12','2023-03-24 20:45:12'),(103,28,6,'2023-03-24 20:45:17','2023-03-24 20:45:17'),(104,30,6,'2023-03-24 20:45:32','2023-03-24 20:45:32'),(105,32,6,'2023-03-24 20:47:03','2023-03-24 20:47:03'),(106,33,6,'2023-03-24 20:47:09','2023-03-24 20:47:09'),(107,34,6,'2023-03-24 20:47:13','2023-03-24 20:47:13'),(108,35,6,'2023-03-24 20:47:18','2023-03-24 20:47:18'),(109,36,6,'2023-03-24 20:47:21','2023-03-24 20:47:21'),(110,37,6,'2023-03-24 20:47:24','2023-03-24 20:47:24'),(111,39,6,'2023-03-24 20:47:28','2023-03-24 20:47:28'),(112,40,6,'2023-03-24 20:47:32','2023-03-24 20:47:32'),(113,41,6,'2023-03-24 20:47:38','2023-03-24 20:47:38'),(114,44,6,'2023-03-24 20:48:12','2023-03-24 20:48:12'),(115,45,6,'2023-03-24 20:48:19','2023-03-24 20:48:19'),(116,47,6,'2023-03-24 20:48:26','2023-03-24 20:48:26'),(117,48,6,'2023-03-24 20:48:29','2023-03-24 20:48:29'),(118,50,6,'2023-03-24 20:48:36','2023-03-24 20:48:36'),(119,51,6,'2023-03-24 20:48:39','2023-03-24 20:48:39'),(120,52,6,'2023-03-24 20:48:43','2023-03-24 20:48:43'),(121,53,6,'2023-03-24 20:48:45','2023-03-24 20:48:45'),(122,54,6,'2023-03-24 20:48:55','2023-03-24 20:48:55'),(123,55,6,'2023-03-24 20:49:09','2023-03-24 20:49:09'),(124,57,6,'2023-03-24 20:49:21','2023-03-24 20:49:21'),(125,58,6,'2023-03-24 20:49:29','2023-03-24 20:49:29'),(126,60,6,'2023-03-24 20:49:48','2023-03-24 20:49:48'),(127,61,6,'2023-03-24 20:49:52','2023-03-24 20:49:52'),(128,63,6,'2023-03-24 20:50:31','2023-03-24 20:50:31'),(129,64,6,'2023-03-24 20:50:33','2023-03-24 20:50:33'),(130,65,6,'2023-03-24 20:50:37','2023-03-24 20:50:37'),(131,66,6,'2023-03-24 20:50:44','2023-03-24 20:50:44'),(132,67,6,'2023-03-24 20:50:47','2023-03-24 20:50:47'),(133,68,6,'2023-03-24 20:50:53','2023-03-24 20:50:53'),(134,69,6,'2023-03-24 20:50:56','2023-03-24 20:50:56'),(135,70,6,'2023-03-24 20:51:06','2023-03-24 20:51:06'),(136,71,6,'2023-03-24 20:51:09','2023-03-24 20:51:09'),(137,73,6,'2023-03-24 20:51:15','2023-03-24 20:51:15'),(138,74,6,'2023-03-24 20:51:18','2023-03-24 20:51:18'),(139,78,NULL,'2023-03-24 20:56:18','2023-03-24 20:56:18'),(140,79,NULL,'2023-03-24 20:59:26','2023-03-24 20:59:26'),(141,80,NULL,'2023-03-24 21:03:33','2023-03-24 21:03:33'),(142,78,6,'2023-03-24 21:04:54','2023-03-24 21:04:54'),(143,79,6,'2023-03-24 21:05:43','2023-03-24 21:05:43'),(144,80,6,'2023-03-24 21:06:12','2023-03-24 21:06:12'),(145,81,NULL,'2023-03-27 18:17:51','2023-03-27 18:17:51'),(146,82,NULL,'2023-03-27 21:43:09','2023-03-27 21:43:09'),(148,84,NULL,'2023-03-28 11:06:03','2023-03-28 11:06:03'),(149,85,NULL,'2023-03-28 19:18:26','2023-03-28 19:18:26'),(150,86,NULL,'2023-03-28 19:28:44','2023-03-28 19:28:44'),(151,87,NULL,'2023-03-28 19:53:19','2023-03-28 19:53:19'),(152,88,NULL,'2023-03-28 20:10:04','2023-03-28 20:10:04'),(154,90,NULL,'2023-03-28 20:25:45','2023-03-28 20:25:45'),(155,91,NULL,'2023-03-29 00:58:18','2023-03-29 00:58:18'),(156,92,NULL,'2023-03-29 02:15:03','2023-03-29 02:15:03'),(157,93,NULL,'2023-03-29 14:47:08','2023-03-29 14:47:08'),(158,94,NULL,'2023-03-29 17:32:58','2023-03-29 17:32:58'),(159,95,NULL,'2023-03-29 18:35:36','2023-03-29 18:35:36'),(160,96,NULL,'2023-03-29 20:19:13','2023-03-29 20:19:13'),(161,97,NULL,'2023-03-29 20:55:17','2023-03-29 20:55:17'),(162,82,7,'2023-03-30 02:54:15','2023-03-30 02:54:15'),(163,86,7,'2023-03-30 16:23:27','2023-03-30 16:23:27'),(164,91,7,'2023-03-30 16:24:07','2023-03-30 16:24:07'),(165,93,7,'2023-03-30 16:24:38','2023-03-30 16:24:38'),(166,94,7,'2023-03-30 16:25:10','2023-03-30 16:25:10'),(167,95,7,'2023-03-30 16:25:32','2023-03-30 16:25:32'),(168,96,7,'2023-03-30 16:25:52','2023-03-30 16:25:52'),(169,97,7,'2023-03-30 16:26:13','2023-03-30 16:26:13'),(170,98,NULL,'2023-03-30 21:44:26','2023-03-30 21:44:26'),(171,99,7,'2023-03-30 22:20:36','2023-03-30 22:20:36'),(174,102,7,'2023-03-30 22:20:36','2023-03-30 22:20:36'),(175,103,7,'2023-03-30 22:20:36','2023-03-30 22:20:36'),(176,104,7,'2023-03-30 22:20:36','2023-03-30 22:20:36'),(178,106,7,'2023-03-30 22:20:36','2023-03-30 22:20:36'),(179,107,7,'2023-03-30 22:20:36','2023-03-30 22:20:36'),(180,108,7,'2023-03-30 22:20:36','2023-03-30 22:20:36'),(181,109,7,'2023-03-30 22:20:36','2023-03-30 22:20:36'),(182,110,7,'2023-03-30 22:20:36','2023-03-30 22:20:36'),(183,111,7,'2023-03-30 22:20:36','2023-03-30 22:20:36'),(184,112,7,'2023-03-30 22:20:36','2023-03-30 22:20:36'),(185,113,7,'2023-03-30 22:20:36','2023-03-30 22:20:36'),(186,114,7,'2023-03-30 22:20:36','2023-03-30 22:20:36'),(187,115,7,'2023-03-30 22:20:37','2023-03-30 22:20:37'),(188,116,7,'2023-03-30 22:20:37','2023-03-30 22:20:37'),(189,117,7,'2023-03-30 22:20:37','2023-03-30 22:20:37'),(190,118,7,'2023-03-30 22:20:37','2023-03-30 22:20:37'),(191,119,7,'2023-03-30 22:20:37','2023-03-30 22:20:37'),(192,120,7,'2023-03-30 22:20:37','2023-03-30 22:20:37'),(193,121,7,'2023-03-30 22:20:37','2023-03-30 22:20:37'),(194,122,7,'2023-03-30 22:20:37','2023-03-30 22:20:37'),(197,125,7,'2023-03-30 22:20:37','2023-03-30 22:20:37'),(198,126,7,'2023-03-30 22:20:37','2023-03-30 22:20:37'),(199,127,7,'2023-03-30 22:20:37','2023-03-30 22:20:37'),(200,128,7,'2023-03-30 22:20:37','2023-03-30 22:20:37'),(201,129,7,'2023-03-30 22:20:37','2023-03-30 22:20:37'),(202,130,7,'2023-03-30 22:20:37','2023-03-30 22:20:37'),(203,131,7,'2023-03-30 22:20:37','2023-03-30 22:20:37'),(204,132,7,'2023-03-30 22:20:37','2023-03-30 22:20:37'),(205,133,7,'2023-03-30 22:20:37','2023-03-30 22:20:37'),(206,134,7,'2023-03-30 22:20:37','2023-03-30 22:20:37'),(207,135,7,'2023-03-30 22:20:37','2023-03-30 22:20:37'),(208,136,7,'2023-03-30 22:20:37','2023-03-30 22:20:37'),(209,137,NULL,'2023-03-30 23:31:30','2023-03-30 23:31:30'),(210,138,NULL,'2023-03-31 01:39:26','2023-03-31 01:39:26'),(211,98,7,'2023-03-31 13:47:05','2023-03-31 13:47:05'),(212,137,7,'2023-03-31 13:47:34','2023-03-31 13:47:34'),(213,138,7,'2023-03-31 13:48:03','2023-03-31 13:48:03'),(214,139,NULL,'2023-03-31 15:21:32','2023-03-31 15:21:32'),(216,139,7,'2023-03-31 17:13:20','2023-03-31 17:13:20'),(218,141,NULL,'2023-03-31 20:40:12','2023-03-31 20:40:12'),(220,143,NULL,'2023-03-31 23:27:41','2023-03-31 23:27:41'),(221,144,NULL,'2023-04-01 00:21:28','2023-04-01 00:21:28'),(223,144,7,'2023-04-01 17:20:20','2023-04-01 17:20:20'),(224,145,NULL,'2023-04-01 23:38:45','2023-04-01 23:38:45'),(225,146,NULL,'2023-04-01 23:55:48','2023-04-01 23:55:48'),(226,147,NULL,'2023-04-01 23:59:49','2023-04-01 23:59:49'),(227,148,NULL,'2023-04-02 00:08:06','2023-04-02 00:08:06'),(228,149,NULL,'2023-04-02 00:43:29','2023-04-02 00:43:29'),(229,146,7,'2023-04-02 02:07:38','2023-04-02 02:07:38'),(230,147,7,'2023-04-02 02:08:09','2023-04-02 02:08:09'),(231,148,7,'2023-04-02 02:12:50','2023-04-02 02:12:50'),(232,149,7,'2023-04-02 02:13:09','2023-04-02 02:13:09'),(233,150,NULL,'2023-04-02 16:56:14','2023-04-02 16:56:14'),(234,150,7,'2023-04-02 17:15:16','2023-04-02 17:15:16'),(235,151,NULL,'2023-04-02 19:14:32','2023-04-02 19:14:32'),(238,153,NULL,'2023-04-03 00:21:49','2023-04-03 00:21:49'),(239,154,NULL,'2023-04-03 01:40:24','2023-04-03 01:40:24'),(240,155,NULL,'2023-04-03 03:59:27','2023-04-03 03:59:27'),(242,153,7,'2023-04-03 15:51:54','2023-04-03 15:51:54'),(244,154,7,'2023-04-03 15:52:46','2023-04-03 15:52:46'),(246,158,NULL,'2023-04-04 18:29:03','2023-04-04 18:29:03'),(247,159,NULL,'2023-04-04 23:16:08','2023-04-04 23:16:08'),(248,159,7,'2023-04-04 23:16:54','2023-04-04 23:16:54'),(249,160,NULL,'2023-04-05 15:11:13','2023-04-05 15:11:13'),(250,161,NULL,'2023-04-05 16:03:54','2023-04-05 16:03:54'),(252,161,7,'2023-04-05 17:46:14','2023-04-05 17:46:14'),(254,158,7,'2023-04-05 17:47:13','2023-04-05 17:47:13'),(255,160,7,'2023-04-05 19:28:12','2023-04-05 19:28:12'),(256,163,NULL,'2023-04-06 01:06:27','2023-04-06 01:06:27'),(257,164,NULL,'2023-04-06 02:40:33','2023-04-06 02:40:33'),(258,164,7,'2023-04-06 03:04:07','2023-04-06 03:04:07'),(259,165,NULL,'2023-04-06 05:59:49','2023-04-06 05:59:49'),(260,166,NULL,'2023-04-06 14:59:38','2023-04-06 14:59:38'),(261,166,7,'2023-04-06 15:47:27','2023-04-06 15:47:27'),(262,141,7,'2023-04-06 19:18:23','2023-04-06 19:18:23'),(263,167,NULL,'2023-04-06 20:11:26','2023-04-06 20:11:26'),(264,167,7,'2023-04-06 20:11:51','2023-04-06 20:11:51'),(265,168,NULL,'2023-04-07 00:37:38','2023-04-07 00:37:38'),(266,169,NULL,'2023-04-07 01:55:46','2023-04-07 01:55:46'),(267,170,NULL,'2023-04-07 12:10:48','2023-04-07 12:10:48'),(268,171,NULL,'2023-04-07 18:09:27','2023-04-07 18:09:27'),(269,170,7,'2023-04-07 19:07:12','2023-04-07 19:07:12'),(270,172,NULL,'2023-04-07 19:45:04','2023-04-07 19:45:04'),(271,172,7,'2023-04-07 20:51:58','2023-04-07 20:51:58'),(272,169,7,'2023-04-07 20:52:21','2023-04-07 20:52:21'),(273,173,NULL,'2023-04-08 02:14:21','2023-04-08 02:14:21'),(274,173,7,'2023-04-08 02:49:12','2023-04-08 02:49:12'),(275,174,NULL,'2023-04-08 03:36:33','2023-04-08 03:36:33'),(276,174,7,'2023-04-08 05:00:12','2023-04-08 05:00:12'),(277,175,NULL,'2023-04-08 18:02:44','2023-04-08 18:02:44'),(278,175,7,'2023-04-08 18:04:26','2023-04-08 18:04:26'),(279,176,NULL,'2023-04-08 18:14:00','2023-04-08 18:14:00'),(280,176,7,'2023-04-08 18:15:54','2023-04-08 18:15:54'),(281,177,NULL,'2023-04-08 19:15:11','2023-04-08 19:15:11'),(282,177,7,'2023-04-09 15:37:46','2023-04-09 15:37:46'),(283,178,NULL,'2023-04-09 16:46:00','2023-04-09 16:46:00'),(284,179,NULL,'2023-04-09 17:04:03','2023-04-09 17:04:03'),(285,180,NULL,'2023-04-09 22:27:51','2023-04-09 22:27:51'),(286,181,NULL,'2023-04-10 00:59:58','2023-04-10 00:59:58'),(287,182,NULL,'2023-04-10 02:05:50','2023-04-10 02:05:50'),(288,183,NULL,'2023-04-10 15:38:31','2023-04-10 15:38:31'),(289,184,NULL,'2023-04-11 15:45:58','2023-04-11 15:45:58'),(290,185,NULL,'2023-04-11 16:01:27','2023-04-11 16:01:27'),(291,186,NULL,'2023-04-11 19:03:02','2023-04-11 19:03:02'),(292,187,NULL,'2023-04-12 02:51:55','2023-04-12 02:51:55'),(293,188,NULL,'2023-04-12 11:52:40','2023-04-12 11:52:40'),(294,180,7,'2023-04-12 13:13:10','2023-04-12 13:13:10'),(295,171,7,'2023-04-12 13:13:42','2023-04-12 13:13:42'),(296,178,7,'2023-04-12 13:14:12','2023-04-12 13:14:12'),(297,179,7,'2023-04-12 13:14:42','2023-04-12 13:14:42'),(298,185,7,'2023-04-12 13:15:05','2023-04-12 13:15:05'),(299,184,7,'2023-04-12 13:16:07','2023-04-12 13:16:07'),(300,165,7,'2023-04-12 13:16:46','2023-04-12 13:16:46'),(301,188,7,'2023-04-12 13:17:11','2023-04-12 13:17:11'),(302,183,7,'2023-04-12 13:25:20','2023-04-12 13:25:20'),(303,186,7,'2023-04-12 13:27:15','2023-04-12 13:27:15'),(304,125,8,'2023-04-12 17:40:35','2023-04-12 17:40:35'),(305,129,8,'2023-04-12 17:41:08','2023-04-12 17:41:08'),(306,130,8,'2023-04-12 17:41:22','2023-04-12 17:41:22'),(307,131,8,'2023-04-12 17:41:46','2023-04-12 17:41:46'),(308,91,8,'2023-04-12 17:42:19','2023-04-12 17:42:19'),(321,200,NULL,'2023-04-12 19:11:13','2023-04-12 19:11:13'),(322,201,NULL,'2023-04-12 19:13:05','2023-04-12 19:13:05'),(323,202,NULL,'2023-04-12 19:13:14','2023-04-12 19:13:14'),(324,201,7,'2023-04-12 19:14:44','2023-04-12 19:14:44'),(325,202,7,'2023-04-12 19:15:04','2023-04-12 19:15:04'),(326,203,NULL,'2023-04-12 19:39:08','2023-04-12 19:39:08'),(327,204,NULL,'2023-04-15 03:03:52','2023-04-15 03:03:52'),(328,205,NULL,'2023-04-15 04:52:34','2023-04-15 04:52:34'),(329,206,NULL,'2023-04-15 23:01:00','2023-04-15 23:01:00'),(330,207,NULL,'2023-04-17 19:38:10','2023-04-17 19:38:10'),(331,208,NULL,'2023-04-19 03:18:05','2023-04-19 03:18:05'),(332,209,NULL,'2023-04-19 19:03:59','2023-04-19 19:03:59'),(333,210,NULL,'2023-04-19 20:35:05','2023-04-19 20:35:05'),(334,211,NULL,'2023-04-21 20:44:19','2023-04-21 20:44:19'),(335,212,NULL,'2023-04-23 18:05:17','2023-04-23 18:05:17'),(336,213,NULL,'2023-04-23 23:06:13','2023-04-23 23:06:13'),(337,214,NULL,'2023-04-23 23:31:26','2023-04-23 23:31:26'),(338,215,NULL,'2023-04-24 14:58:51','2023-04-24 14:58:51'),(339,150,9,'2023-04-24 17:14:44','2023-04-24 17:14:44'),(340,165,9,'2023-04-24 17:14:52','2023-04-24 17:14:52'),(341,188,9,'2023-04-24 17:14:59','2023-04-24 17:14:59'),(342,144,9,'2023-04-24 17:15:03','2023-04-24 17:15:03'),(343,186,9,'2023-04-24 17:15:06','2023-04-24 17:15:06'),(344,154,9,'2023-04-24 17:15:09','2023-04-24 17:15:09'),(345,159,9,'2023-04-24 17:15:12','2023-04-24 17:15:12'),(346,116,9,'2023-04-24 17:15:17','2023-04-24 17:15:17'),(347,86,9,'2023-04-24 17:15:22','2023-04-24 17:15:22'),(348,102,9,'2023-04-24 17:15:31','2023-04-24 17:15:31'),(349,94,9,'2023-04-24 17:15:34','2023-04-24 17:15:34'),(350,147,9,'2023-04-24 17:15:39','2023-04-24 17:15:39'),(351,132,9,'2023-04-24 17:15:43','2023-04-24 17:15:43'),(352,97,9,'2023-04-24 17:15:48','2023-04-24 17:15:48'),(354,146,9,'2023-04-24 17:16:13','2023-04-24 17:16:13'),(355,127,9,'2023-04-24 17:16:29','2023-04-24 17:16:29'),(356,184,9,'2023-04-24 17:16:34','2023-04-24 17:16:34'),(357,174,9,'2023-04-24 17:16:38','2023-04-24 17:16:38'),(358,138,9,'2023-04-24 17:17:11','2023-04-24 17:17:11'),(359,104,9,'2023-04-24 17:17:15','2023-04-24 17:17:15'),(361,135,9,'2023-04-24 17:17:20','2023-04-24 17:17:20'),(362,139,9,'2023-04-24 17:17:23','2023-04-24 17:17:23'),(363,108,9,'2023-04-24 17:17:27','2023-04-24 17:17:27'),(364,185,9,'2023-04-24 17:17:29','2023-04-24 17:17:29'),(365,153,9,'2023-04-24 17:17:32','2023-04-24 17:17:32'),(366,161,9,'2023-04-24 17:17:35','2023-04-24 17:17:35'),(367,176,9,'2023-04-24 17:17:39','2023-04-24 17:17:39'),(368,82,9,'2023-04-24 17:17:42','2023-04-24 17:17:42'),(369,137,9,'2023-04-24 17:17:45','2023-04-24 17:17:45'),(370,96,9,'2023-04-24 17:17:48','2023-04-24 17:17:48'),(371,136,9,'2023-04-24 17:17:52','2023-04-24 17:17:52'),(372,93,9,'2023-04-24 17:17:57','2023-04-24 17:17:57'),(373,112,9,'2023-04-24 17:18:01','2023-04-24 17:18:01'),(374,111,9,'2023-04-24 17:18:05','2023-04-24 17:18:05'),(375,119,9,'2023-04-24 17:18:08','2023-04-24 17:18:08'),(376,141,9,'2023-04-24 17:18:12','2023-04-24 17:18:12'),(377,179,9,'2023-04-24 17:18:17','2023-04-24 17:18:17'),(378,170,9,'2023-04-24 17:18:21','2023-04-24 17:18:21'),(379,178,9,'2023-04-24 17:18:23','2023-04-24 17:18:23'),(380,109,9,'2023-04-24 17:18:26','2023-04-24 17:18:26'),(381,175,9,'2023-04-24 17:18:30','2023-04-24 17:18:30'),(382,113,9,'2023-04-24 17:18:34','2023-04-24 17:18:34'),(383,110,9,'2023-04-24 17:18:39','2023-04-24 17:18:39'),(384,95,9,'2023-04-24 17:19:07','2023-04-24 17:19:07'),(385,117,9,'2023-04-24 17:19:10','2023-04-24 17:19:10'),(386,164,9,'2023-04-24 17:19:13','2023-04-24 17:19:13'),(387,160,9,'2023-04-24 17:19:16','2023-04-24 17:19:16'),(388,171,9,'2023-04-24 17:19:21','2023-04-24 17:19:21'),(389,183,9,'2023-04-24 17:19:36','2023-04-24 17:19:36'),(390,177,9,'2023-04-24 17:19:44','2023-04-24 17:19:44'),(391,126,9,'2023-04-24 17:19:54','2023-04-24 17:19:54'),(392,216,NULL,'2023-04-24 22:51:29','2023-04-24 22:51:29'),(393,217,NULL,'2023-04-25 02:38:02','2023-04-25 02:38:02'),(394,122,9,'2023-04-25 20:16:47','2023-04-25 20:16:47'),(395,134,9,'2023-04-25 20:18:23','2023-04-25 20:18:23'),(396,18,9,'2023-04-25 20:27:54','2023-04-25 20:27:54'),(397,218,NULL,'2023-04-25 20:36:25','2023-04-25 20:36:25'),(398,218,9,'2023-04-25 20:37:11','2023-04-25 20:37:11'),(399,219,NULL,'2023-04-25 20:40:52','2023-04-25 20:40:52'),(400,220,NULL,'2023-04-25 20:42:51','2023-04-25 20:42:51'),(401,221,NULL,'2023-04-25 20:44:55','2023-04-25 20:44:55'),(402,222,NULL,'2023-04-25 20:48:16','2023-04-25 20:48:16'),(403,223,NULL,'2023-04-25 20:51:37','2023-04-25 20:51:37'),(404,223,9,'2023-04-25 20:53:17','2023-04-25 20:53:17'),(405,222,9,'2023-04-25 20:53:50','2023-04-25 20:53:50'),(406,219,9,'2023-04-25 20:54:18','2023-04-25 20:54:18'),(407,220,9,'2023-04-25 20:54:45','2023-04-25 20:54:45'),(408,221,9,'2023-04-25 20:55:11','2023-04-25 20:55:11'),(409,224,NULL,'2023-04-25 21:16:01','2023-04-25 21:16:01'),(410,224,9,'2023-04-25 21:17:28','2023-04-25 21:17:28'),(411,225,NULL,'2023-04-26 00:03:06','2023-04-26 00:03:06'),(412,226,NULL,'2023-04-26 01:31:15','2023-04-26 01:31:15'),(413,227,NULL,'2023-04-26 20:44:15','2023-04-26 20:44:15'),(414,228,NULL,'2023-04-26 21:11:21','2023-04-26 21:11:21'),(415,229,NULL,'2023-04-27 01:50:15','2023-04-27 01:50:15'),(416,230,NULL,'2023-04-27 02:23:43','2023-04-27 02:23:43'),(417,231,NULL,'2023-04-27 18:51:18','2023-04-27 18:51:18'),(418,232,NULL,'2023-04-28 15:56:19','2023-04-28 15:56:19'),(419,233,NULL,'2023-04-28 16:55:46','2023-04-28 16:55:46'),(420,234,NULL,'2023-04-28 17:42:25','2023-04-28 17:42:25'),(421,235,NULL,'2023-04-28 18:55:35','2023-04-28 18:55:35'),(422,236,NULL,'2023-04-29 02:22:22','2023-04-29 02:22:22'),(423,237,NULL,'2023-04-29 15:40:23','2023-04-29 15:40:23'),(424,238,NULL,'2023-04-29 18:59:21','2023-04-29 18:59:21'),(425,239,NULL,'2023-04-29 21:55:53','2023-04-29 21:55:53'),(426,240,NULL,'2023-04-30 01:49:13','2023-04-30 01:49:13'),(427,241,NULL,'2023-04-30 21:24:21','2023-04-30 21:24:21'),(428,242,NULL,'2023-05-01 17:26:27','2023-05-01 17:26:27'),(429,243,NULL,'2023-05-01 19:27:46','2023-05-01 19:27:46'),(430,244,NULL,'2023-05-01 19:53:12','2023-05-01 19:53:12'),(431,245,NULL,'2023-05-02 02:08:52','2023-05-02 02:08:52'),(432,246,NULL,'2023-05-03 02:51:04','2023-05-03 02:51:04'),(433,247,NULL,'2023-05-03 15:51:01','2023-05-03 15:51:01'),(434,248,NULL,'2023-05-03 18:24:15','2023-05-03 18:24:15'),(435,249,NULL,'2023-05-03 19:02:59','2023-05-03 19:02:59'),(436,250,NULL,'2023-05-04 15:37:55','2023-05-04 15:37:55'),(437,251,NULL,'2023-05-04 16:16:19','2023-05-04 16:16:19'),(438,252,NULL,'2023-05-04 16:17:52','2023-05-04 16:17:52'),(439,251,8,'2023-05-04 16:18:55','2023-05-04 16:18:55'),(440,252,8,'2023-05-04 16:19:26','2023-05-04 16:19:26'),(441,253,NULL,'2023-05-04 16:23:09','2023-05-04 16:23:09'),(442,253,8,'2023-05-04 16:23:50','2023-05-04 16:23:50'),(443,207,8,'2023-05-04 16:26:29','2023-05-04 16:26:29'),(444,254,NULL,'2023-05-04 16:30:59','2023-05-04 16:30:59'),(445,254,8,'2023-05-04 16:31:46','2023-05-04 16:31:46'),(446,209,8,'2023-05-04 16:32:50','2023-05-04 16:32:50'),(447,182,8,'2023-05-04 16:33:23','2023-05-04 16:33:23'),(448,214,8,'2023-05-04 16:35:22','2023-05-04 16:35:22'),(449,215,8,'2023-05-04 16:35:53','2023-05-04 16:35:53'),(450,225,8,'2023-05-04 16:36:29','2023-05-04 16:36:29'),(451,227,8,'2023-05-04 16:37:04','2023-05-04 16:37:04'),(452,228,8,'2023-05-04 16:37:35','2023-05-04 16:37:35'),(453,230,8,'2023-05-04 16:38:06','2023-05-04 16:38:06'),(454,229,8,'2023-05-04 16:38:34','2023-05-04 16:38:34'),(455,226,8,'2023-05-04 16:39:02','2023-05-04 16:39:02'),(456,231,8,'2023-05-04 16:39:28','2023-05-04 16:39:28'),(457,232,8,'2023-05-04 16:40:00','2023-05-04 16:40:00'),(458,234,8,'2023-05-04 16:40:32','2023-05-04 16:40:32'),(459,233,8,'2023-05-04 16:41:17','2023-05-04 16:41:17'),(460,236,8,'2023-05-04 16:41:40','2023-05-04 16:41:40'),(461,211,8,'2023-05-04 16:42:09','2023-05-04 16:42:09'),(462,238,8,'2023-05-04 16:42:41','2023-05-04 16:42:41'),(463,240,8,'2023-05-04 16:43:06','2023-05-04 16:43:06'),(464,210,8,'2023-05-04 16:43:58','2023-05-04 16:43:58'),(465,239,8,'2023-05-04 16:44:23','2023-05-04 16:44:23'),(466,242,8,'2023-05-04 16:44:59','2023-05-04 16:44:59'),(467,241,8,'2023-05-04 16:46:11','2023-05-04 16:46:11'),(468,246,8,'2023-05-04 16:48:23','2023-05-04 16:48:23'),(469,248,8,'2023-05-04 16:48:53','2023-05-04 16:48:53'),(470,249,8,'2023-05-04 16:49:21','2023-05-04 16:49:21'),(471,13,10,'2023-05-04 17:11:24','2023-05-04 17:11:24'),(472,165,10,'2023-05-04 17:12:15','2023-05-04 17:12:15'),(473,186,10,'2023-05-04 17:12:21','2023-05-04 17:12:21'),(474,154,10,'2023-05-04 17:12:25','2023-05-04 17:12:25'),(475,188,10,'2023-05-04 17:12:53','2023-05-04 17:12:53'),(476,116,10,'2023-05-04 17:13:02','2023-05-04 17:13:02'),(477,86,10,'2023-05-04 17:13:12','2023-05-04 17:13:12'),(478,102,10,'2023-05-04 17:13:29','2023-05-04 17:13:29'),(479,94,10,'2023-05-04 17:13:35','2023-05-04 17:13:35'),(480,164,10,'2023-05-04 17:13:48','2023-05-04 17:13:48'),(481,97,10,'2023-05-04 17:14:00','2023-05-04 17:14:00'),(482,146,10,'2023-05-04 17:14:07','2023-05-04 17:14:07'),(483,222,10,'2023-05-04 17:14:18','2023-05-04 17:14:18'),(484,184,10,'2023-05-04 17:16:51','2023-05-04 17:16:51'),(485,174,10,'2023-05-04 17:16:57','2023-05-04 17:16:57'),(486,176,10,'2023-05-04 17:17:07','2023-05-04 17:17:07'),(487,138,10,'2023-05-04 17:17:18','2023-05-04 17:17:18'),(488,104,10,'2023-05-04 17:17:26','2023-05-04 17:17:26'),(489,139,10,'2023-05-04 17:17:32','2023-05-04 17:17:32'),(490,153,10,'2023-05-04 17:17:37','2023-05-04 17:17:37'),(491,161,10,'2023-05-04 17:17:45','2023-05-04 17:17:45'),(492,82,10,'2023-05-04 17:17:51','2023-05-04 17:17:51'),(493,137,10,'2023-05-04 17:17:55','2023-05-04 17:17:55'),(494,111,10,'2023-05-04 17:18:21','2023-05-04 17:18:21'),(495,108,10,'2023-05-04 17:18:27','2023-05-04 17:18:27'),(496,179,10,'2023-05-04 17:18:39','2023-05-04 17:18:39'),(497,178,10,'2023-05-04 17:18:46','2023-05-04 17:18:46'),(498,112,10,'2023-05-04 17:18:56','2023-05-04 17:18:56'),(499,110,10,'2023-05-04 17:19:04','2023-05-04 17:19:04'),(500,117,10,'2023-05-04 17:19:11','2023-05-04 17:19:11'),(501,183,10,'2023-05-04 17:19:20','2023-05-04 17:19:20'),(502,159,10,'2023-05-04 17:19:34','2023-05-04 17:19:34'),(503,177,10,'2023-05-04 17:19:41','2023-05-04 17:19:41'),(504,141,10,'2023-05-04 17:20:01','2023-05-04 17:20:01'),(505,93,10,'2023-05-04 17:20:07','2023-05-04 17:20:07'),(506,255,NULL,'2023-05-04 17:25:02','2023-05-04 17:25:02'),(507,255,10,'2023-05-04 17:25:46','2023-05-04 17:25:46'),(508,122,10,'2023-05-04 21:49:17','2023-05-04 21:49:17'),(509,224,10,'2023-05-04 21:49:36','2023-05-04 21:49:36'),(510,135,10,'2023-05-04 21:50:04','2023-05-04 21:50:04'),(511,134,10,'2023-05-04 21:50:13','2023-05-04 21:50:13'),(512,144,10,'2023-05-04 22:13:27','2023-05-04 22:13:27'),(513,245,8,'2023-05-04 22:18:25','2023-05-04 22:18:25'),(514,13,11,'2023-05-05 19:09:08','2023-05-05 19:09:08'),(515,147,10,'2023-05-05 22:11:26','2023-05-05 22:11:26'),(516,178,11,'2023-05-05 22:33:57','2023-05-05 22:33:57'),(517,147,9,'2023-05-05 22:55:18','2023-05-05 22:55:18'),(518,147,11,'2023-05-05 22:56:50','2023-05-05 22:56:50'),(519,256,NULL,'2023-05-06 18:09:04','2023-05-06 18:09:04'),(520,257,NULL,'2023-05-06 22:42:56','2023-05-06 22:42:56'),(521,258,NULL,'2023-05-07 04:11:55','2023-05-07 04:11:55'),(522,259,NULL,'2023-05-07 17:33:18','2023-05-07 17:33:18'),(523,260,NULL,'2023-05-07 19:37:19','2023-05-07 19:37:19'),(524,261,NULL,'2023-05-07 19:49:42','2023-05-07 19:49:42'),(525,262,NULL,'2023-05-07 20:18:08','2023-05-07 20:18:08'),(526,263,NULL,'2023-05-07 20:26:45','2023-05-07 20:26:45'),(527,264,NULL,'2023-05-07 20:28:27','2023-05-07 20:28:27'),(528,265,NULL,'2023-05-07 20:28:54','2023-05-07 20:28:54'),(529,266,NULL,'2023-05-07 20:31:46','2023-05-07 20:31:46'),(530,267,NULL,'2023-05-07 20:36:18','2023-05-07 20:36:18'),(531,268,NULL,'2023-05-07 20:37:02','2023-05-07 20:37:02'),(532,269,NULL,'2023-05-07 20:56:08','2023-05-07 20:56:08'),(533,270,NULL,'2023-05-07 20:58:00','2023-05-07 20:58:00'),(534,271,NULL,'2023-05-07 21:06:48','2023-05-07 21:06:48'),(535,272,NULL,'2023-05-07 21:08:38','2023-05-07 21:08:38'),(536,273,NULL,'2023-05-07 21:12:44','2023-05-07 21:12:44'),(537,274,NULL,'2023-05-07 21:22:46','2023-05-07 21:22:46'),(538,275,NULL,'2023-05-07 21:32:36','2023-05-07 21:32:36'),(539,276,NULL,'2023-05-07 22:21:23','2023-05-07 22:21:23'),(540,277,NULL,'2023-05-08 01:01:38','2023-05-08 01:01:38'),(541,278,NULL,'2023-05-08 01:11:10','2023-05-08 01:11:10'),(542,279,NULL,'2023-05-08 02:28:02','2023-05-08 02:28:02'),(543,280,NULL,'2023-05-08 02:29:59','2023-05-08 02:29:59'),(544,212,8,'2023-05-08 17:20:41','2023-05-08 17:20:41'),(545,256,8,'2023-05-08 17:24:33','2023-05-08 17:24:33'),(546,257,8,'2023-05-08 17:25:43','2023-05-08 17:25:43'),(547,258,8,'2023-05-08 17:26:10','2023-05-08 17:26:10'),(548,259,8,'2023-05-08 17:26:44','2023-05-08 17:26:44'),(549,260,8,'2023-05-08 17:27:30','2023-05-08 17:27:30'),(550,261,8,'2023-05-08 17:28:02','2023-05-08 17:28:02'),(551,264,8,'2023-05-08 17:28:35','2023-05-08 17:28:35'),(552,263,8,'2023-05-08 17:29:11','2023-05-08 17:29:11'),(553,266,8,'2023-05-08 17:29:45','2023-05-08 17:29:45'),(554,267,8,'2023-05-08 17:30:09','2023-05-08 17:30:09'),(555,268,8,'2023-05-08 17:30:34','2023-05-08 17:30:34'),(556,265,8,'2023-05-08 17:31:11','2023-05-08 17:31:11'),(557,270,8,'2023-05-08 17:41:10','2023-05-08 17:41:10'),(558,269,8,'2023-05-08 17:42:00','2023-05-08 17:42:00'),(559,272,8,'2023-05-08 17:42:30','2023-05-08 17:42:30'),(560,273,8,'2023-05-08 17:43:22','2023-05-08 17:43:22'),(561,274,8,'2023-05-08 17:43:55','2023-05-08 17:43:55'),(562,275,8,'2023-05-08 17:44:21','2023-05-08 17:44:21'),(563,276,8,'2023-05-08 17:44:41','2023-05-08 17:44:41'),(564,277,8,'2023-05-08 17:45:07','2023-05-08 17:45:07'),(565,278,8,'2023-05-08 17:45:35','2023-05-08 17:45:35'),(566,280,8,'2023-05-08 17:46:03','2023-05-08 17:46:03'),(567,281,NULL,'2023-05-08 20:56:25','2023-05-08 20:56:25'),(568,282,NULL,'2023-05-08 23:30:10','2023-05-08 23:30:10'),(569,283,NULL,'2023-05-09 01:07:13','2023-05-09 01:07:13'),(570,284,NULL,'2023-05-09 01:42:35','2023-05-09 01:42:35'),(571,285,NULL,'2023-05-09 02:04:12','2023-05-09 02:04:12'),(572,286,NULL,'2023-05-09 02:07:47','2023-05-09 02:07:47'),(573,287,NULL,'2023-05-09 02:16:28','2023-05-09 02:16:28'),(574,288,NULL,'2023-05-09 02:33:27','2023-05-09 02:33:27'),(575,289,NULL,'2023-05-09 02:33:41','2023-05-09 02:33:41'),(576,290,NULL,'2023-05-09 02:34:50','2023-05-09 02:34:50'),(577,291,NULL,'2023-05-09 03:01:52','2023-05-09 03:01:52'),(578,292,NULL,'2023-05-09 03:06:02','2023-05-09 03:06:02'),(579,293,NULL,'2023-05-09 03:06:19','2023-05-09 03:06:19'),(580,294,NULL,'2023-05-09 03:11:41','2023-05-09 03:11:41'),(581,295,NULL,'2023-05-09 03:15:29','2023-05-09 03:15:29'),(582,296,NULL,'2023-05-09 03:34:30','2023-05-09 03:34:30'),(583,297,NULL,'2023-05-09 03:40:40','2023-05-09 03:40:40'),(584,298,NULL,'2023-05-09 03:40:59','2023-05-09 03:40:59'),(585,299,NULL,'2023-05-09 03:44:18','2023-05-09 03:44:18'),(586,300,NULL,'2023-05-09 03:51:16','2023-05-09 03:51:16'),(587,301,NULL,'2023-05-09 03:58:25','2023-05-09 03:58:25'),(588,302,NULL,'2023-05-09 04:24:54','2023-05-09 04:24:54'),(589,281,8,'2023-05-09 04:35:00','2023-05-09 04:35:00'),(590,283,8,'2023-05-09 04:35:25','2023-05-09 04:35:25'),(591,284,8,'2023-05-09 04:35:53','2023-05-09 04:35:53'),(592,204,8,'2023-05-09 04:36:11','2023-05-09 04:36:11'),(593,285,8,'2023-05-09 04:36:33','2023-05-09 04:36:33'),(594,290,8,'2023-05-09 04:36:57','2023-05-09 04:36:57'),(595,289,8,'2023-05-09 04:37:29','2023-05-09 04:37:29'),(596,291,8,'2023-05-09 04:37:52','2023-05-09 04:37:52'),(597,292,8,'2023-05-09 04:38:15','2023-05-09 04:38:15'),(598,293,8,'2023-05-09 04:38:33','2023-05-09 04:38:33'),(599,288,8,'2023-05-09 04:38:57','2023-05-09 04:38:57'),(600,294,8,'2023-05-09 04:39:33','2023-05-09 04:39:33'),(601,295,8,'2023-05-09 04:39:54','2023-05-09 04:39:54'),(602,298,8,'2023-05-09 04:40:18','2023-05-09 04:40:18'),(603,297,8,'2023-05-09 04:40:40','2023-05-09 04:40:40'),(604,299,8,'2023-05-09 04:40:58','2023-05-09 04:40:58'),(605,303,NULL,'2023-05-09 04:55:46','2023-05-09 04:55:46'),(606,304,NULL,'2023-05-10 18:59:22','2023-05-10 18:59:22'),(607,305,NULL,'2023-05-10 22:39:09','2023-05-10 22:39:09'),(608,306,NULL,'2023-05-11 20:29:42','2023-05-11 20:29:42'),(609,307,NULL,'2023-05-12 00:25:37','2023-05-12 00:25:37'),(610,308,NULL,'2023-05-12 01:41:54','2023-05-12 01:41:54'),(611,309,NULL,'2023-05-12 14:16:19','2023-05-12 14:16:19'),(612,310,NULL,'2023-05-12 19:44:41','2023-05-12 19:44:41'),(613,311,NULL,'2023-05-12 20:24:15','2023-05-12 20:24:15'),(614,312,NULL,'2023-05-12 21:11:02','2023-05-12 21:11:02'),(615,313,NULL,'2023-05-12 23:37:28','2023-05-12 23:37:28'),(616,314,NULL,'2023-05-13 02:17:43','2023-05-13 02:17:43'),(617,315,NULL,'2023-05-13 02:31:48','2023-05-13 02:31:48'),(618,316,NULL,'2023-05-13 04:18:03','2023-05-13 04:18:03'),(619,317,NULL,'2023-05-13 20:52:16','2023-05-13 20:52:16'),(620,318,NULL,'2023-05-13 22:15:59','2023-05-13 22:15:59'),(621,319,NULL,'2023-05-13 22:31:30','2023-05-13 22:31:30'),(622,320,NULL,'2023-05-13 22:47:29','2023-05-13 22:47:29'),(623,321,NULL,'2023-05-13 22:50:21','2023-05-13 22:50:21'),(624,322,NULL,'2023-05-13 22:55:12','2023-05-13 22:55:12'),(625,323,NULL,'2023-05-13 23:06:46','2023-05-13 23:06:46'),(626,324,NULL,'2023-05-13 23:28:06','2023-05-13 23:28:06'),(627,325,NULL,'2023-05-13 23:48:11','2023-05-13 23:48:11'),(628,326,NULL,'2023-05-14 02:04:13','2023-05-14 02:04:13'),(629,327,NULL,'2023-05-14 02:11:38','2023-05-14 02:11:38'),(630,328,NULL,'2023-05-14 02:19:12','2023-05-14 02:19:12'),(631,329,NULL,'2023-05-14 05:04:37','2023-05-14 05:04:37'),(632,330,NULL,'2023-05-14 18:37:05','2023-05-14 18:37:05'),(633,331,NULL,'2023-05-14 19:33:22','2023-05-14 19:33:22'),(634,332,NULL,'2023-05-14 19:48:43','2023-05-14 19:48:43'),(635,333,NULL,'2023-05-14 19:53:30','2023-05-14 19:53:30'),(636,334,NULL,'2023-05-14 23:15:48','2023-05-14 23:15:48'),(637,335,NULL,'2023-05-15 20:38:04','2023-05-15 20:38:04'),(638,336,NULL,'2023-05-16 16:01:04','2023-05-16 16:01:04'),(639,337,NULL,'2023-05-16 20:18:26','2023-05-16 20:18:26'),(640,338,NULL,'2023-05-16 23:31:42','2023-05-16 23:31:42'),(641,339,NULL,'2023-05-16 23:45:39','2023-05-16 23:45:39'),(642,340,NULL,'2023-05-17 00:57:52','2023-05-17 00:57:52'),(643,341,NULL,'2023-05-17 15:35:29','2023-05-17 15:35:29'),(644,342,NULL,'2023-05-17 17:35:07','2023-05-17 17:35:07'),(645,343,NULL,'2023-05-17 18:50:56','2023-05-17 18:50:56'),(646,344,NULL,'2023-05-17 19:36:15','2023-05-17 19:36:15'),(647,345,NULL,'2023-05-18 19:07:36','2023-05-18 19:07:36'),(648,346,NULL,'2023-05-18 23:34:53','2023-05-18 23:34:53'),(649,347,NULL,'2023-05-19 00:07:27','2023-05-19 00:07:27'),(650,348,NULL,'2023-05-19 01:10:35','2023-05-19 01:10:35'),(651,349,NULL,'2023-05-19 02:51:20','2023-05-19 02:51:20'),(652,350,NULL,'2023-05-19 03:14:53','2023-05-19 03:14:53'),(653,351,NULL,'2023-05-19 03:18:39','2023-05-19 03:18:39'),(654,352,NULL,'2023-05-19 03:21:33','2023-05-19 03:21:33'),(655,353,NULL,'2023-05-19 11:48:33','2023-05-19 11:48:33'),(656,354,NULL,'2023-05-19 15:51:21','2023-05-19 15:51:21'),(657,355,NULL,'2023-05-19 18:57:00','2023-05-19 18:57:00'),(658,356,NULL,'2023-05-19 20:43:17','2023-05-19 20:43:17'),(659,357,NULL,'2023-05-19 21:14:27','2023-05-19 21:14:27'),(660,358,NULL,'2023-05-19 21:28:49','2023-05-19 21:28:49'),(661,359,NULL,'2023-05-22 17:45:35','2023-05-22 17:45:35'),(662,360,NULL,'2023-05-22 18:37:46','2023-05-22 18:37:46'),(663,361,NULL,'2023-05-22 19:11:14','2023-05-22 19:11:14'),(664,362,NULL,'2023-05-22 20:25:46','2023-05-22 20:25:46'),(665,363,NULL,'2023-05-22 21:20:22','2023-05-22 21:20:22'),(666,272,12,'2023-05-23 00:22:01','2023-05-23 00:22:01'),(667,295,12,'2023-05-23 00:22:23','2023-05-23 00:22:23'),(668,347,8,'2023-05-23 00:24:18','2023-05-23 00:24:18'),(669,308,8,'2023-05-23 00:24:44','2023-05-23 00:24:44'),(670,346,8,'2023-05-23 00:25:10','2023-05-23 00:25:10'),(671,361,8,'2023-05-23 00:25:36','2023-05-23 00:25:36'),(672,296,8,'2023-05-23 00:26:13','2023-05-23 00:26:13'),(673,341,8,'2023-05-23 00:26:39','2023-05-23 00:26:39'),(674,344,8,'2023-05-23 00:27:01','2023-05-23 00:27:01'),(675,363,8,'2023-05-23 00:27:21','2023-05-23 00:27:21'),(676,313,8,'2023-05-23 00:27:44','2023-05-23 00:27:44'),(677,306,8,'2023-05-23 00:28:19','2023-05-23 00:28:19'),(678,340,8,'2023-05-23 00:28:45','2023-05-23 00:28:45'),(679,360,8,'2023-05-23 00:29:08','2023-05-23 00:29:08'),(680,337,8,'2023-05-23 00:29:30','2023-05-23 00:29:30'),(681,357,8,'2023-05-23 00:29:52','2023-05-23 00:29:52'),(682,311,8,'2023-05-23 00:30:13','2023-05-23 00:30:13'),(683,362,8,'2023-05-23 00:30:35','2023-05-23 00:30:35'),(684,352,8,'2023-05-23 00:31:03','2023-05-23 00:31:03'),(685,330,8,'2023-05-23 00:31:25','2023-05-23 00:31:25'),(686,326,8,'2023-05-23 00:31:49','2023-05-23 00:31:49'),(687,359,8,'2023-05-23 00:32:13','2023-05-23 00:32:13'),(688,312,8,'2023-05-23 00:32:40','2023-05-23 00:32:40'),(689,316,8,'2023-05-23 00:33:02','2023-05-23 00:33:02'),(690,351,8,'2023-05-23 00:33:22','2023-05-23 00:33:22'),(691,235,8,'2023-05-23 00:33:44','2023-05-23 00:33:44'),(692,339,8,'2023-05-23 00:34:02','2023-05-23 00:34:02'),(693,320,8,'2023-05-23 00:34:21','2023-05-23 00:34:21'),(694,307,8,'2023-05-23 00:34:42','2023-05-23 00:34:42'),(695,323,8,'2023-05-23 00:34:58','2023-05-23 00:34:58'),(696,355,8,'2023-05-23 00:35:22','2023-05-23 00:35:22'),(697,181,8,'2023-05-23 00:35:41','2023-05-23 00:35:41'),(698,334,8,'2023-05-23 00:36:03','2023-05-23 00:36:03'),(699,329,8,'2023-05-23 00:36:23','2023-05-23 00:36:23'),(700,309,8,'2023-05-23 00:36:47','2023-05-23 00:36:47'),(701,304,8,'2023-05-23 00:37:07','2023-05-23 00:37:07'),(702,358,8,'2023-05-23 00:37:27','2023-05-23 00:37:27'),(703,317,8,'2023-05-23 00:37:47','2023-05-23 00:37:47'),(704,322,8,'2023-05-23 00:38:08','2023-05-23 00:38:08'),(705,325,8,'2023-05-23 00:38:29','2023-05-23 00:38:29'),(706,348,8,'2023-05-23 00:38:49','2023-05-23 00:38:49'),(707,342,8,'2023-05-23 00:39:06','2023-05-23 00:39:06'),(708,315,8,'2023-05-23 00:39:25','2023-05-23 00:39:25'),(709,343,8,'2023-05-23 00:39:46','2023-05-23 00:39:46'),(710,336,8,'2023-05-23 00:40:07','2023-05-23 00:40:07'),(711,319,8,'2023-05-23 00:40:30','2023-05-23 00:40:30'),(712,243,8,'2023-05-23 00:40:51','2023-05-23 00:40:51'),(713,353,8,'2023-05-23 00:41:13','2023-05-23 00:41:13'),(714,279,8,'2023-05-23 00:41:34','2023-05-23 00:41:34'),(715,333,8,'2023-05-23 00:41:59','2023-05-23 00:41:59'),(716,328,8,'2023-05-23 00:42:17','2023-05-23 00:42:17'),(717,303,8,'2023-05-23 00:42:59','2023-05-23 00:42:59'),(718,247,8,'2023-05-23 00:43:21','2023-05-23 00:43:21'),(719,364,NULL,'2023-05-23 00:44:01','2023-05-23 00:44:01'),(720,365,NULL,'2023-05-23 13:24:42','2023-05-23 13:24:42');

--
-- Table structure for table `migrations`
--

CREATE TABLE `migrations` (
  `id` int unsigned NOT NULL AUTO_INCREMENT,
  `migration` varchar(255) COLLATE utf8mb4_unicode_ci NOT NULL,
  `batch` int NOT NULL,
  PRIMARY KEY (`id`)
) ENGINE=InnoDB AUTO_INCREMENT=37 DEFAULT CHARSET=utf8mb4 COLLATE=utf8mb4_unicode_ci;

--
-- Dumping data for table `migrations`
--

INSERT INTO `migrations` VALUES (1,'2014_10_11_000000_create_roles_table',1),(2,'2014_10_12_000000_create_users_table',1),(3,'2014_10_12_100000_create_password_resets_table',1),(4,'2019_08_19_000000_create_failed_jobs_table',1),(5,'2019_12_14_000001_create_personal_access_tokens_table',1),(6,'2023_01_15_125412_create_categorias_table',1),(7,'2023_01_15_125607_create_sub_categorias_table',1),(8,'2023_01_15_125700_create_grupos_table',1),(9,'2023_01_15_125719_create_cursos_table',1),(10,'2023_01_15_125807_create_orders_table',1),(11,'2023_01_15_132240_create_payments_table',1),(12,'2023_01_15_135627_create_suscripciones_table',1),(13,'2023_01_15_135847_create_notifies_table',1),(14,'2023_01_20_195837_create_clientes_table',1),(15,'2023_01_20_201108_create_etapas_table',1),(16,'2023_01_20_201230_add_etapa_in_suscripciones',1),(17,'2023_01_20_203358_add_duration',1),(18,'2023_01_23_171735_user_recovery',1),(19,'2023_01_23_215949_add_data_clientes',1),(20,'2023_01_24_145736_add_data_cursos',1),(21,'2023_01_26_200936_add_data_orders',1),(22,'2023_01_27_003227_add_new_data_order',1),(23,'2023_01_27_003735_add_data_payments',1),(24,'2023_01_27_010754_add_new_data_order_curso',1),(25,'2023_01_30_153630_add_pending_order',1),(26,'2023_02_01_003551_add_status_cursos',1),(27,'2023_02_08_212216_create_asistencia_cursos_table',1),(28,'2023_02_08_223250_delete_assist_assist',1),(29,'2023_02_11_125506_add_soft_delete',1),(30,'2023_02_23_164459_clientes_add_reference',1),(31,'2023_02_27_185945_add_role_id_user',1),(32,'2023_03_01_131048_add_user_id_cliente',1),(33,'2023_03_07_182646_create_dias_curso_clientes_table',1),(34,'2023_03_09_160250_add_curso_id',1),(35,'2023_03_23_104248_create_historial_curso_clients_table',2),(36,'2023_03_23_163255_add_image',2);

--
-- Table structure for table `notifies`
--

CREATE TABLE `notifies` (
  `id` bigint unsigned NOT NULL AUTO_INCREMENT,
  `titulo` varchar(250) COLLATE utf8mb4_unicode_ci NOT NULL,
  `body` text COLLATE utf8mb4_unicode_ci,
  `data` text COLLATE utf8mb4_unicode_ci,
  `created_at` timestamp NULL DEFAULT NULL,
  `updated_at` timestamp NULL DEFAULT NULL,
  PRIMARY KEY (`id`)
) ENGINE=InnoDB DEFAULT CHARSET=utf8mb4 COLLATE=utf8mb4_unicode_ci;

--
-- Dumping data for table `notifies`
--


--
-- Table structure for table `orders`
--

CREATE TABLE `orders` (
  `id` bigint unsigned NOT NULL AUTO_INCREMENT,
  `created_at` timestamp NULL DEFAULT NULL,
  `updated_at` timestamp NULL DEFAULT NULL,
  `reason` text COLLATE utf8mb4_unicode_ci,
  `client_id` bigint unsigned DEFAULT NULL,
  `price` double(30,2) DEFAULT NULL,
  `pay` tinyint(1) NOT NULL DEFAULT '0',
  `payment_method` varchar(250) COLLATE utf8mb4_unicode_ci DEFAULT NULL,
  `curso_id` bigint unsigned DEFAULT NULL,
  `pending` double(30,2) DEFAULT NULL,
  `img_url` text COLLATE utf8mb4_unicode_ci,
  PRIMARY KEY (`id`),
  KEY `orders_client_id_foreign` (`client_id`),
  KEY `orders_curso_id_foreign` (`curso_id`),
  CONSTRAINT `orders_client_id_foreign` FOREIGN KEY (`client_id`) REFERENCES `clientes` (`id`),
  CONSTRAINT `orders_curso_id_foreign` FOREIGN KEY (`curso_id`) REFERENCES `cursos` (`id`)
) ENGINE=InnoDB AUTO_INCREMENT=379 DEFAULT CHARSET=utf8mb4 COLLATE=utf8mb4_unicode_ci;

--
-- Dumping data for table `orders`
--

INSERT INTO `orders` VALUES (75,'2023-03-23 23:27:14','2023-03-23 23:27:14','',3,625.00,0,'1',1,NULL,NULL),(76,'2023-03-23 23:27:14','2023-03-23 23:27:14','',4,625.00,0,'1',1,NULL,NULL),(77,'2023-03-23 23:27:14','2023-03-23 23:27:14','',5,625.00,0,'1',1,NULL,NULL),(78,'2023-03-23 23:27:14','2023-03-23 23:27:14','',6,625.00,0,'1',1,NULL,NULL),(79,'2023-03-23 23:27:14','2023-03-23 23:27:14','',7,625.00,0,'1',1,NULL,NULL),(80,'2023-03-23 23:27:14','2023-03-23 23:27:14','',8,625.00,0,'1',1,NULL,NULL),(81,'2023-03-23 23:27:14','2023-03-23 23:27:14','',9,625.00,0,'1',1,NULL,NULL),(82,'2023-03-23 23:27:14','2023-03-23 23:27:14','',10,625.00,0,'1',1,NULL,NULL),(83,'2023-03-23 23:27:14','2023-03-23 23:27:14','',11,625.00,0,'1',1,NULL,NULL),(84,'2023-03-23 23:27:14','2023-03-23 23:27:14','',12,625.00,0,'1',1,NULL,NULL),(85,'2023-03-23 23:27:14','2023-03-23 23:27:14','',13,625.00,0,'1',1,NULL,NULL),(86,'2023-03-23 23:27:14','2023-03-23 23:27:14','',14,625.00,0,'1',1,NULL,NULL),(87,'2023-03-23 23:27:14','2023-03-23 23:27:14','',15,625.00,0,'1',1,NULL,NULL),(88,'2023-03-23 23:27:14','2023-03-23 23:27:14','',16,625.00,0,'1',1,NULL,NULL),(89,'2023-03-23 23:27:14','2023-03-23 23:27:14','',17,625.00,0,'1',1,NULL,NULL),(90,'2023-03-23 23:27:14','2023-03-23 23:27:14','',18,625.00,0,'1',1,NULL,NULL),(91,'2023-03-23 23:27:14','2023-03-23 23:27:14','',19,625.00,0,'1',1,NULL,NULL),(92,'2023-03-23 23:27:14','2023-03-23 23:27:14','',20,625.00,0,'1',1,NULL,NULL),(93,'2023-03-23 23:27:14','2023-03-23 23:27:14','',21,625.00,0,'1',1,NULL,NULL),(94,'2023-03-23 23:27:14','2023-03-23 23:27:14','',22,625.00,0,'1',1,NULL,NULL),(95,'2023-03-23 23:27:14','2023-03-23 23:27:14','',23,625.00,0,'1',1,NULL,NULL),(96,'2023-03-23 23:27:14','2023-03-23 23:27:14','',24,625.00,0,'1',1,NULL,NULL),(97,'2023-03-23 23:27:14','2023-03-23 23:27:14','',25,625.00,0,'1',1,NULL,NULL),(98,'2023-03-23 23:27:14','2023-03-23 23:27:14','',26,625.00,0,'1',1,NULL,NULL),(99,'2023-03-23 23:27:14','2023-03-23 23:27:14','',27,625.00,0,'1',1,NULL,NULL),(100,'2023-03-23 23:27:14','2023-03-23 23:27:14','',28,625.00,0,'1',1,NULL,NULL),(101,'2023-03-23 23:27:14','2023-03-23 23:27:14','',29,625.00,0,'1',1,NULL,NULL),(102,'2023-03-23 23:27:14','2023-03-23 23:27:14','',30,625.00,0,'1',1,NULL,NULL),(103,'2023-03-23 23:27:14','2023-03-23 23:27:14','',31,625.00,0,'1',1,NULL,NULL),(104,'2023-03-23 23:27:14','2023-03-23 23:27:14','',32,625.00,0,'1',1,NULL,NULL),(105,'2023-03-23 23:27:14','2023-03-23 23:27:14','',33,625.00,0,'1',1,NULL,NULL),(106,'2023-03-23 23:27:14','2023-03-23 23:27:14','',34,625.00,0,'1',1,NULL,NULL),(107,'2023-03-23 23:27:14','2023-03-23 23:27:14','',35,625.00,0,'1',1,NULL,NULL),(108,'2023-03-23 23:27:14','2023-03-23 23:27:14','',36,625.00,0,'1',1,NULL,NULL),(109,'2023-03-23 23:27:14','2023-03-23 23:27:14','',37,625.00,0,'1',1,NULL,NULL),(110,'2023-03-23 23:27:14','2023-03-23 23:27:14','',38,625.00,0,'1',1,NULL,NULL),(111,'2023-03-23 23:27:14','2023-03-23 23:27:14','',39,625.00,0,'1',1,NULL,NULL),(112,'2023-03-23 23:27:14','2023-03-23 23:27:14','',40,625.00,0,'1',1,NULL,NULL),(113,'2023-03-23 23:27:14','2023-03-23 23:27:14','',41,625.00,0,'1',1,NULL,NULL),(114,'2023-03-23 23:27:14','2023-03-23 23:27:14','',42,625.00,0,'1',1,NULL,NULL),(115,'2023-03-23 23:27:14','2023-03-23 23:27:14','',43,625.00,0,'1',1,NULL,NULL),(116,'2023-03-23 23:27:14','2023-03-23 23:27:14','',44,625.00,0,'1',1,NULL,NULL),(117,'2023-03-23 23:27:14','2023-03-23 23:27:14','',45,625.00,0,'1',1,NULL,NULL),(118,'2023-03-23 23:27:14','2023-03-23 23:27:14','',46,625.00,0,'1',1,NULL,NULL),(119,'2023-03-23 23:27:14','2023-03-23 23:27:14','',47,625.00,0,'1',1,NULL,NULL),(120,'2023-03-23 23:27:14','2023-03-23 23:27:14','',48,625.00,0,'1',1,NULL,NULL),(121,'2023-03-23 23:27:14','2023-03-23 23:27:14','',49,625.00,0,'1',1,NULL,NULL),(122,'2023-03-23 23:27:14','2023-03-23 23:27:14','',50,625.00,0,'1',1,NULL,NULL),(123,'2023-03-23 23:27:14','2023-03-23 23:27:14','',51,625.00,0,'1',1,NULL,NULL),(124,'2023-03-23 23:27:14','2023-03-23 23:27:14','',52,625.00,0,'1',1,NULL,NULL),(125,'2023-03-23 23:27:14','2023-03-23 23:27:14','',53,625.00,0,'1',1,NULL,NULL),(126,'2023-03-23 23:27:14','2023-03-23 23:27:14','',54,625.00,0,'1',1,NULL,NULL),(127,'2023-03-23 23:27:14','2023-03-23 23:27:14','',55,625.00,0,'1',1,NULL,NULL),(128,'2023-03-23 23:27:14','2023-03-23 23:27:14','',56,625.00,0,'1',1,NULL,NULL),(129,'2023-03-23 23:27:14','2023-03-23 23:27:14','',57,625.00,0,'1',1,NULL,NULL),(130,'2023-03-23 23:27:14','2023-03-23 23:27:14','',58,625.00,0,'1',1,NULL,NULL),(131,'2023-03-23 23:27:14','2023-03-23 23:27:14','',59,625.00,0,'1',1,NULL,NULL),(132,'2023-03-23 23:27:14','2023-03-23 23:27:14','',60,625.00,0,'1',1,NULL,NULL),(133,'2023-03-23 23:27:14','2023-03-23 23:27:14','',61,625.00,0,'1',1,NULL,NULL),(134,'2023-03-23 23:27:14','2023-03-23 23:27:14','',62,625.00,0,'1',1,NULL,NULL),(135,'2023-03-23 23:27:14','2023-03-23 23:27:14','',63,625.00,0,'1',1,NULL,NULL),(136,'2023-03-23 23:27:14','2023-03-23 23:27:14','',64,625.00,0,'1',1,NULL,NULL),(137,'2023-03-23 23:27:14','2023-03-23 23:27:14','',65,625.00,0,'1',1,NULL,NULL),(138,'2023-03-23 23:27:14','2023-03-23 23:27:14','',66,625.00,0,'1',1,NULL,NULL),(139,'2023-03-23 23:27:14','2023-03-23 23:27:14','',67,625.00,0,'1',1,NULL,NULL),(140,'2023-03-23 23:27:14','2023-03-23 23:27:14','',68,625.00,0,'1',1,NULL,NULL),(141,'2023-03-23 23:27:14','2023-03-23 23:27:14','',69,625.00,0,'1',1,NULL,NULL),(142,'2023-03-23 23:27:14','2023-03-23 23:27:14','',70,625.00,0,'1',1,NULL,NULL),(143,'2023-03-23 23:27:14','2023-03-23 23:27:14','',71,625.00,0,'1',1,NULL,NULL),(144,'2023-03-23 23:27:14','2023-03-23 23:27:14','',72,625.00,0,'1',1,NULL,NULL),(145,'2023-03-23 23:27:14','2023-03-23 23:27:14','',73,625.00,0,'1',1,NULL,NULL),(146,'2023-03-23 23:27:14','2023-03-23 23:27:14','',74,625.00,0,'1',1,NULL,NULL),(148,'2023-03-24 21:04:54','2023-03-24 21:04:54',NULL,78,300.00,0,'2',6,300.00,NULL),(149,'2023-03-24 21:05:43','2023-03-24 21:05:43',NULL,79,300.00,0,'2',6,300.00,NULL),(150,'2023-03-24 21:06:12','2023-03-24 21:06:12',NULL,80,300.00,0,'2',6,300.00,NULL),(151,'2023-03-30 02:54:15','2023-03-30 02:54:15',NULL,82,625.00,0,'2',7,625.00,NULL),(152,'2023-03-30 16:23:28','2023-03-30 16:23:28',NULL,86,625.00,0,'2',7,625.00,NULL),(153,'2023-03-30 16:24:07','2023-03-30 16:24:07',NULL,91,625.00,0,'2',7,625.00,NULL),(154,'2023-03-30 16:24:38','2023-03-30 16:24:38',NULL,93,625.00,0,'2',7,625.00,NULL),(155,'2023-03-30 16:25:10','2023-03-30 16:25:10',NULL,94,625.00,0,'2',7,625.00,NULL),(156,'2023-03-30 16:25:32','2023-03-30 16:25:32',NULL,95,625.00,0,'2',7,625.00,NULL),(157,'2023-03-30 16:25:52','2023-03-30 16:25:52',NULL,96,625.00,0,'2',7,625.00,NULL),(158,'2023-03-30 16:26:13','2023-03-30 16:26:13',NULL,97,625.00,0,'2',7,625.00,NULL),(197,'2023-03-31 13:47:05','2023-03-31 13:47:05',NULL,98,625.00,0,'2',7,625.00,NULL),(198,'2023-03-31 13:47:34','2023-03-31 13:47:34',NULL,137,625.00,0,'2',7,625.00,NULL),(199,'2023-03-31 13:48:03','2023-03-31 13:48:03',NULL,138,625.00,0,'2',7,625.00,NULL),(200,'2023-03-31 17:13:20','2023-03-31 17:13:20',NULL,139,625.00,0,'2',7,625.00,NULL),(203,'2023-04-01 17:20:20','2023-04-01 17:20:20',NULL,144,625.00,0,'2',7,625.00,NULL),(204,'2023-04-02 02:07:38','2023-04-02 02:07:38',NULL,146,625.00,0,'2',7,625.00,NULL),(205,'2023-04-02 02:08:09','2023-04-02 02:08:09',NULL,147,625.00,0,'2',7,625.00,NULL),(206,'2023-04-02 02:12:50','2023-04-02 02:12:50',NULL,148,625.00,0,'2',7,625.00,NULL),(207,'2023-04-02 02:13:09','2023-04-02 02:13:09',NULL,149,625.00,0,'2',7,625.00,NULL),(208,'2023-04-02 17:15:16','2023-04-02 17:15:16',NULL,150,625.00,0,'2',7,625.00,NULL),(210,'2023-04-03 15:51:54','2023-04-03 15:51:54',NULL,153,625.00,0,'2',7,625.00,NULL),(212,'2023-04-03 15:52:46','2023-04-03 15:52:46',NULL,154,625.00,0,'2',7,625.00,NULL),(213,'2023-04-03 20:53:01','2023-04-03 20:53:01',NULL,95,625.00,0,'2',7,625.00,NULL),(214,'2023-04-04 23:16:54','2023-04-04 23:16:54',NULL,159,625.00,0,'2',7,625.00,NULL),(215,'2023-04-05 17:46:14','2023-04-05 17:46:14',NULL,161,625.00,0,'4',7,625.00,NULL),(217,'2023-04-05 17:47:13','2023-04-05 17:47:13',NULL,158,625.00,0,'4',7,625.00,NULL),(218,'2023-04-05 19:28:12','2023-04-05 19:28:12',NULL,160,625.00,0,'2',7,625.00,NULL),(219,'2023-04-06 03:04:07','2023-04-06 03:04:07',NULL,164,625.00,0,'2',7,625.00,NULL),(220,'2023-04-06 15:47:27','2023-04-06 15:47:27',NULL,166,625.00,0,'2',7,625.00,NULL),(221,'2023-04-06 19:18:23','2023-04-06 19:18:23',NULL,141,625.00,0,'2',7,625.00,NULL),(222,'2023-04-06 20:11:51','2023-04-06 20:11:51',NULL,167,625.00,0,'2',7,625.00,NULL),(223,'2023-04-07 19:06:49','2023-04-07 19:06:49',NULL,137,625.00,0,'2',7,625.00,NULL),(224,'2023-04-07 19:07:12','2023-04-07 19:07:12',NULL,170,625.00,0,'2',7,625.00,NULL),(225,'2023-04-07 20:51:58','2023-04-07 20:51:58',NULL,172,625.00,0,'2',7,625.00,NULL),(226,'2023-04-07 20:52:21','2023-04-07 20:52:21',NULL,169,625.00,0,'2',7,625.00,NULL),(227,'2023-04-08 02:49:12','2023-04-08 02:49:12',NULL,173,625.00,0,'2',7,625.00,NULL),(228,'2023-04-08 05:00:12','2023-04-08 05:00:12',NULL,174,625.00,0,'2',7,625.00,NULL),(229,'2023-04-08 18:04:26','2023-04-08 18:04:26',NULL,175,625.00,0,'2',7,625.00,NULL),(230,'2023-04-08 18:15:54','2023-04-08 18:15:54',NULL,176,625.00,0,'2',7,625.00,NULL),(231,'2023-04-09 15:37:46','2023-04-09 15:37:46',NULL,177,625.00,0,'2',7,625.00,NULL),(232,'2023-04-12 13:13:10','2023-04-12 13:13:10',NULL,180,625.00,0,'2',7,625.00,NULL),(233,'2023-04-12 13:13:42','2023-04-12 13:13:42',NULL,171,625.00,0,'2',7,625.00,NULL),(234,'2023-04-12 13:14:12','2023-04-12 13:14:12',NULL,178,625.00,0,'2',7,625.00,NULL),(235,'2023-04-12 13:14:42','2023-04-12 13:14:42',NULL,179,625.00,0,'2',7,625.00,NULL),(236,'2023-04-12 13:15:05','2023-04-12 13:15:05',NULL,185,625.00,0,'2',7,625.00,NULL),(237,'2023-04-12 13:16:07','2023-04-12 13:16:07',NULL,184,625.00,0,'2',7,625.00,NULL),(238,'2023-04-12 13:16:46','2023-04-12 13:16:46',NULL,165,625.00,0,'2',7,625.00,NULL),(239,'2023-04-12 13:17:11','2023-04-12 13:17:11',NULL,188,625.00,0,'2',7,625.00,NULL),(240,'2023-04-12 13:25:20','2023-04-12 13:25:20',NULL,183,625.00,0,'2',7,625.00,NULL),(241,'2023-04-12 13:27:15','2023-04-12 13:27:15',NULL,186,625.00,0,'4',7,625.00,NULL),(242,'2023-04-12 19:14:44','2023-04-12 19:14:44',NULL,201,625.00,0,'2',7,625.00,NULL),(243,'2023-04-12 19:15:04','2023-04-12 19:15:04',NULL,202,625.00,0,'4',7,625.00,NULL),(244,'2023-04-25 20:37:11','2023-04-25 20:37:11',NULL,218,625.00,0,'2',9,625.00,NULL),(245,'2023-04-25 20:53:17','2023-04-25 20:53:17',NULL,223,625.00,0,'4',9,625.00,NULL),(246,'2023-04-25 20:53:50','2023-04-25 20:53:50',NULL,222,625.00,0,'2',9,625.00,NULL),(247,'2023-04-25 20:54:18','2023-04-25 20:54:18',NULL,219,625.00,0,'2',9,625.00,NULL),(248,'2023-04-25 20:54:45','2023-04-25 20:54:45',NULL,220,625.00,0,'2',9,625.00,NULL),(249,'2023-04-25 20:55:11','2023-04-25 20:55:11',NULL,221,625.00,0,'2',9,625.00,NULL),(250,'2023-04-25 21:17:28','2023-04-25 21:17:28',NULL,224,625.00,0,'2',9,625.00,NULL),(251,'2023-05-04 16:18:55','2023-05-04 16:18:55',NULL,251,625.00,0,'2',8,625.00,NULL),(252,'2023-05-04 16:19:26','2023-05-04 16:19:26',NULL,252,625.00,0,'2',8,625.00,NULL),(253,'2023-05-04 16:23:50','2023-05-04 16:23:50',NULL,253,625.00,0,'1',8,625.00,NULL),(254,'2023-05-04 16:24:29','2023-05-04 16:24:29',NULL,169,625.00,0,'2',8,625.00,NULL),(255,'2023-05-04 16:25:32','2023-05-04 16:25:32',NULL,114,625.00,0,'2',8,625.00,NULL),(256,'2023-05-04 16:26:29','2023-05-04 16:26:29',NULL,207,625.00,0,'2',8,625.00,NULL),(257,'2023-05-04 16:27:25','2023-05-04 16:27:25',NULL,125,625.00,0,'2',8,625.00,NULL),(258,'2023-05-04 16:31:46','2023-05-04 16:31:46',NULL,254,625.00,0,'2',8,625.00,NULL),(259,'2023-05-04 16:32:50','2023-05-04 16:32:50',NULL,209,625.00,0,'2',8,625.00,NULL),(260,'2023-05-04 16:33:23','2023-05-04 16:33:23',NULL,182,625.00,0,'2',8,625.00,NULL),(261,'2023-05-04 16:33:57','2023-05-04 16:33:57',NULL,166,625.00,0,'2',8,625.00,NULL),(262,'2023-05-04 16:35:22','2023-05-04 16:35:22',NULL,214,625.00,0,'2',8,625.00,NULL),(263,'2023-05-04 16:35:53','2023-05-04 16:35:53',NULL,215,625.00,0,'2',8,625.00,NULL),(264,'2023-05-04 16:36:29','2023-05-04 16:36:29',NULL,225,625.00,0,'2',8,625.00,NULL),(265,'2023-05-04 16:37:04','2023-05-04 16:37:04',NULL,227,625.00,0,'0',8,625.00,NULL),(266,'2023-05-04 16:37:35','2023-05-04 16:37:35',NULL,228,625.00,0,'2',8,625.00,NULL),(267,'2023-05-04 16:38:06','2023-05-04 16:38:06',NULL,230,625.00,0,'2',8,625.00,NULL),(268,'2023-05-04 16:38:34','2023-05-04 16:38:34',NULL,229,625.00,0,'2',8,625.00,NULL),(269,'2023-05-04 16:39:02','2023-05-04 16:39:02',NULL,226,625.00,0,'0',8,625.00,NULL),(270,'2023-05-04 16:39:28','2023-05-04 16:39:28',NULL,231,625.00,0,'2',8,625.00,NULL),(271,'2023-05-04 16:40:00','2023-05-04 16:40:00',NULL,232,625.00,0,'2',8,625.00,NULL),(272,'2023-05-04 16:40:32','2023-05-04 16:40:32',NULL,234,625.00,0,'2',8,625.00,NULL),(273,'2023-05-04 16:40:51','2023-05-04 16:40:51',NULL,180,625.00,0,'0',8,625.00,NULL),(274,'2023-05-04 16:41:17','2023-05-04 16:41:17',NULL,233,625.00,0,'0',8,625.00,NULL),(275,'2023-05-04 16:41:40','2023-05-04 16:41:40',NULL,236,625.00,0,'2',8,625.00,NULL),(276,'2023-05-04 16:42:09','2023-05-04 16:42:09',NULL,211,625.00,0,'0',8,625.00,NULL),(277,'2023-05-04 16:42:41','2023-05-04 16:42:41',NULL,238,625.00,0,'2',8,625.00,NULL),(278,'2023-05-04 16:43:06','2023-05-04 16:43:06',NULL,240,625.00,0,'2',8,625.00,NULL),(279,'2023-05-04 16:43:58','2023-05-04 16:43:58',NULL,210,625.00,0,'2',8,625.00,NULL),(280,'2023-05-04 16:44:23','2023-05-04 16:44:23',NULL,239,625.00,0,'2',8,625.00,NULL),(281,'2023-05-04 16:44:59','2023-05-04 16:44:59',NULL,242,625.00,0,'0',8,625.00,NULL),(282,'2023-05-04 16:46:11','2023-05-04 16:46:11',NULL,241,625.00,0,'0',8,625.00,NULL),(283,'2023-05-04 16:48:23','2023-05-04 16:48:23',NULL,246,625.00,0,'2',8,625.00,NULL),(284,'2023-05-04 16:48:53','2023-05-04 16:48:53',NULL,248,625.00,0,'2',8,625.00,NULL),(285,'2023-05-04 16:49:21','2023-05-04 16:49:21',NULL,249,625.00,0,'2',8,625.00,NULL),(286,'2023-05-04 16:49:49','2023-05-04 16:49:49',NULL,202,625.00,0,'0',8,625.00,NULL),(287,'2023-05-04 17:25:46','2023-05-04 17:25:46',NULL,255,300.00,0,'4',10,300.00,NULL),(288,'2023-05-04 22:18:25','2023-05-04 22:18:25',NULL,245,625.00,0,'2',8,625.00,NULL),(289,'2023-05-08 17:20:41','2023-05-08 17:20:41',NULL,212,625.00,0,'2',8,625.00,NULL),(290,'2023-05-08 17:24:33','2023-05-08 17:24:33',NULL,256,625.00,0,'2',8,625.00,NULL),(291,'2023-05-08 17:25:43','2023-05-08 17:25:43',NULL,257,625.00,0,'2',8,625.00,NULL),(292,'2023-05-08 17:26:10','2023-05-08 17:26:10',NULL,258,625.00,0,'2',8,625.00,NULL),(293,'2023-05-08 17:26:44','2023-05-08 17:26:44',NULL,259,625.00,0,'2',8,625.00,NULL),(294,'2023-05-08 17:27:30','2023-05-08 17:27:30',NULL,260,625.00,0,'2',8,625.00,NULL),(295,'2023-05-08 17:28:02','2023-05-08 17:28:02',NULL,261,625.00,0,'2',8,625.00,NULL),(296,'2023-05-08 17:28:35','2023-05-08 17:28:35',NULL,264,625.00,0,'2',8,625.00,NULL),(297,'2023-05-08 17:29:11','2023-05-08 17:29:11',NULL,263,625.00,0,'0',8,625.00,NULL),(298,'2023-05-08 17:29:45','2023-05-08 17:29:45',NULL,266,625.00,0,'2',8,625.00,NULL),(299,'2023-05-08 17:30:09','2023-05-08 17:30:09',NULL,267,625.00,0,'0',8,625.00,NULL),(300,'2023-05-08 17:30:34','2023-05-08 17:30:34',NULL,268,625.00,0,'2',8,625.00,NULL),(301,'2023-05-08 17:31:11','2023-05-08 17:31:11',NULL,265,625.00,0,'0',8,625.00,NULL),(302,'2023-05-08 17:41:10','2023-05-08 17:41:10',NULL,270,625.00,0,'2',8,625.00,NULL),(303,'2023-05-08 17:42:00','2023-05-08 17:42:00',NULL,269,625.00,0,'2',8,625.00,NULL),(304,'2023-05-08 17:42:30','2023-05-08 17:42:30',NULL,272,625.00,0,'2',8,625.00,NULL),(305,'2023-05-08 17:43:22','2023-05-08 17:43:22',NULL,273,625.00,0,'2',8,625.00,NULL),(306,'2023-05-08 17:43:55','2023-05-08 17:43:55',NULL,274,625.00,0,'2',8,625.00,NULL),(307,'2023-05-08 17:44:21','2023-05-08 17:44:21',NULL,275,625.00,0,'0',8,625.00,NULL),(308,'2023-05-08 17:44:41','2023-05-08 17:44:41',NULL,276,625.00,0,'0',8,625.00,NULL),(309,'2023-05-08 17:45:07','2023-05-08 17:45:07',NULL,277,625.00,0,'2',8,625.00,NULL),(310,'2023-05-08 17:45:35','2023-05-08 17:45:35',NULL,278,625.00,0,'4',8,625.00,NULL),(311,'2023-05-08 17:46:03','2023-05-08 17:46:03',NULL,280,625.00,0,'2',8,625.00,NULL),(312,'2023-05-09 04:35:00','2023-05-09 04:35:00',NULL,281,625.00,0,'0',8,625.00,NULL),(313,'2023-05-09 04:35:25','2023-05-09 04:35:25',NULL,283,625.00,0,'2',8,625.00,NULL),(314,'2023-05-09 04:35:53','2023-05-09 04:35:53',NULL,284,625.00,0,'2',8,625.00,NULL),(315,'2023-05-09 04:36:11','2023-05-09 04:36:11',NULL,204,625.00,0,'0',8,625.00,NULL),(316,'2023-05-09 04:36:33','2023-05-09 04:36:33',NULL,285,625.00,0,'0',8,625.00,NULL),(317,'2023-05-09 04:36:57','2023-05-09 04:36:57',NULL,290,625.00,0,'2',8,625.00,NULL),(318,'2023-05-09 04:37:29','2023-05-09 04:37:29',NULL,289,625.00,0,'2',8,625.00,NULL),(319,'2023-05-09 04:37:52','2023-05-09 04:37:52',NULL,291,625.00,0,'2',8,625.00,NULL),(320,'2023-05-09 04:38:15','2023-05-09 04:38:15',NULL,292,625.00,0,'2',8,625.00,NULL),(321,'2023-05-09 04:38:33','2023-05-09 04:38:33',NULL,293,625.00,0,'0',8,625.00,NULL),(322,'2023-05-09 04:38:57','2023-05-09 04:38:57',NULL,288,625.00,0,'0',8,625.00,NULL),(323,'2023-05-09 04:39:33','2023-05-09 04:39:33',NULL,294,625.00,0,'2',8,625.00,NULL),(324,'2023-05-09 04:39:54','2023-05-09 04:39:54',NULL,295,625.00,0,'0',8,625.00,NULL),(325,'2023-05-09 04:40:18','2023-05-09 04:40:18',NULL,298,625.00,0,'2',8,625.00,NULL),(326,'2023-05-09 04:40:40','2023-05-09 04:40:40',NULL,297,625.00,0,'0',8,625.00,NULL),(327,'2023-05-09 04:40:58','2023-05-09 04:40:58',NULL,299,625.00,0,'0',8,625.00,NULL),(328,'2023-05-23 00:24:18','2023-05-23 00:24:18',NULL,347,625.00,0,'0',8,625.00,NULL),(329,'2023-05-23 00:24:44','2023-05-23 00:24:44',NULL,308,625.00,0,'0',8,625.00,NULL),(330,'2023-05-23 00:25:10','2023-05-23 00:25:10',NULL,346,625.00,0,'0',8,625.00,NULL),(331,'2023-05-23 00:25:36','2023-05-23 00:25:36',NULL,361,625.00,0,'0',8,625.00,NULL),(332,'2023-05-23 00:26:13','2023-05-23 00:26:13',NULL,296,625.00,0,'0',8,625.00,NULL),(333,'2023-05-23 00:26:39','2023-05-23 00:26:39',NULL,341,625.00,0,'0',8,625.00,NULL),(334,'2023-05-23 00:27:01','2023-05-23 00:27:01',NULL,344,625.00,0,'0',8,625.00,NULL),(335,'2023-05-23 00:27:21','2023-05-23 00:27:21',NULL,363,625.00,0,'0',8,625.00,NULL),(336,'2023-05-23 00:27:44','2023-05-23 00:27:44',NULL,313,625.00,0,'0',8,625.00,NULL),(337,'2023-05-23 00:28:19','2023-05-23 00:28:19',NULL,306,625.00,0,'0',8,625.00,NULL),(338,'2023-05-23 00:28:45','2023-05-23 00:28:45',NULL,340,625.00,0,'0',8,625.00,NULL),(339,'2023-05-23 00:29:08','2023-05-23 00:29:08',NULL,360,625.00,0,'0',8,625.00,NULL),(340,'2023-05-23 00:29:30','2023-05-23 00:29:30',NULL,337,625.00,0,'0',8,625.00,NULL),(341,'2023-05-23 00:29:52','2023-05-23 00:29:52',NULL,357,625.00,0,'0',8,625.00,NULL),(342,'2023-05-23 00:30:13','2023-05-23 00:30:13',NULL,311,625.00,0,'0',8,625.00,NULL),(343,'2023-05-23 00:30:35','2023-05-23 00:30:35',NULL,362,625.00,0,'0',8,625.00,NULL),(344,'2023-05-23 00:31:03','2023-05-23 00:31:03',NULL,352,625.00,0,'0',8,625.00,NULL),(345,'2023-05-23 00:31:25','2023-05-23 00:31:25',NULL,330,625.00,0,'0',8,625.00,NULL),(346,'2023-05-23 00:31:49','2023-05-23 00:31:49',NULL,326,625.00,0,'0',8,625.00,NULL),(347,'2023-05-23 00:32:13','2023-05-23 00:32:13',NULL,359,625.00,0,'0',8,625.00,NULL),(348,'2023-05-23 00:32:40','2023-05-23 00:32:40',NULL,312,625.00,0,'0',8,625.00,NULL),(349,'2023-05-23 00:33:02','2023-05-23 00:33:02',NULL,316,625.00,0,'0',8,625.00,NULL),(350,'2023-05-23 00:33:22','2023-05-23 00:33:22',NULL,351,625.00,0,'0',8,625.00,NULL),(351,'2023-05-23 00:33:44','2023-05-23 00:33:44',NULL,235,625.00,0,'0',8,625.00,NULL),(352,'2023-05-23 00:34:02','2023-05-23 00:34:02',NULL,339,625.00,0,'0',8,625.00,NULL),(353,'2023-05-23 00:34:21','2023-05-23 00:34:21',NULL,320,625.00,0,'0',8,625.00,NULL),(354,'2023-05-23 00:34:42','2023-05-23 00:34:42',NULL,307,625.00,0,'0',8,625.00,NULL),(355,'2023-05-23 00:34:58','2023-05-23 00:34:58',NULL,323,625.00,0,'0',8,625.00,NULL),(356,'2023-05-23 00:35:22','2023-05-23 00:35:22',NULL,355,625.00,0,'0',8,625.00,NULL),(357,'2023-05-23 00:35:41','2023-05-23 00:35:41',NULL,181,625.00,0,'0',8,625.00,NULL),(358,'2023-05-23 00:36:03','2023-05-23 00:36:03',NULL,334,625.00,0,'0',8,625.00,NULL),(359,'2023-05-23 00:36:23','2023-05-23 00:36:23',NULL,329,625.00,0,'0',8,625.00,NULL),(360,'2023-05-23 00:36:47','2023-05-23 00:36:47',NULL,309,625.00,0,'0',8,625.00,NULL),(361,'2023-05-23 00:37:07','2023-05-23 00:37:07',NULL,304,625.00,0,'0',8,625.00,NULL),(362,'2023-05-23 00:37:27','2023-05-23 00:37:27',NULL,358,625.00,0,'0',8,625.00,NULL),(363,'2023-05-23 00:37:47','2023-05-23 00:37:47',NULL,317,625.00,0,'0',8,625.00,NULL),(364,'2023-05-23 00:38:08','2023-05-23 00:38:08',NULL,322,625.00,0,'0',8,625.00,NULL),(365,'2023-05-23 00:38:29','2023-05-23 00:38:29',NULL,325,625.00,0,'0',8,625.00,NULL),(366,'2023-05-23 00:38:49','2023-05-23 00:38:49',NULL,348,625.00,0,'0',8,625.00,NULL),(367,'2023-05-23 00:39:06','2023-05-23 00:39:06',NULL,342,625.00,0,'0',8,625.00,NULL),(368,'2023-05-23 00:39:25','2023-05-23 00:39:25',NULL,315,625.00,0,'0',8,625.00,NULL),(369,'2023-05-23 00:39:46','2023-05-23 00:39:46',NULL,343,625.00,0,'0',8,625.00,NULL),(370,'2023-05-23 00:40:07','2023-05-23 00:40:07',NULL,336,625.00,0,'0',8,625.00,NULL),(371,'2023-05-23 00:40:30','2023-05-23 00:40:30',NULL,319,625.00,0,'0',8,625.00,NULL),(372,'2023-05-23 00:40:51','2023-05-23 00:40:51',NULL,243,625.00,0,'0',8,625.00,NULL),(373,'2023-05-23 00:41:13','2023-05-23 00:41:13',NULL,353,625.00,0,'0',8,625.00,NULL),(374,'2023-05-23 00:41:34','2023-05-23 00:41:34',NULL,279,625.00,0,'0',8,625.00,NULL),(375,'2023-05-23 00:41:59','2023-05-23 00:41:59',NULL,333,625.00,0,'0',8,625.00,NULL),(376,'2023-05-23 00:42:17','2023-05-23 00:42:17',NULL,328,625.00,0,'0',8,625.00,NULL),(377,'2023-05-23 00:42:59','2023-05-23 00:42:59',NULL,303,625.00,0,'0',8,625.00,NULL),(378,'2023-05-23 00:43:21','2023-05-23 00:43:21',NULL,247,625.00,0,'0',8,625.00,NULL);

--
-- Table structure for table `payments`
--

CREATE TABLE `payments` (
  `id` bigint unsigned NOT NULL AUTO_INCREMENT,
  `created_at` timestamp NULL DEFAULT NULL,
  `updated_at` timestamp NULL DEFAULT NULL,
  `order_id` bigint unsigned DEFAULT NULL,
  `client_id` bigint unsigned DEFAULT NULL,
  `total` double(30,2) DEFAULT NULL,
  `pay` tinyint(1) NOT NULL DEFAULT '0',
  `method` varchar(250) COLLATE utf8mb4_unicode_ci DEFAULT NULL,
  `file` text COLLATE utf8mb4_unicode_ci,
  PRIMARY KEY (`id`),
  KEY `payments_order_id_foreign` (`order_id`),
  KEY `payments_client_id_foreign` (`client_id`),
  CONSTRAINT `payments_client_id_foreign` FOREIGN KEY (`client_id`) REFERENCES `clientes` (`id`),
  CONSTRAINT `payments_order_id_foreign` FOREIGN KEY (`order_id`) REFERENCES `orders` (`id`)
) ENGINE=InnoDB DEFAULT CHARSET=utf8mb4 COLLATE=utf8mb4_unicode_ci;

--
-- Dumping data for table `payments`
--


--
-- Table structure for table `roles`
--

CREATE TABLE `roles` (
  `id` bigint unsigned NOT NULL AUTO_INCREMENT,
  `name` varchar(100) COLLATE utf8mb4_unicode_ci NOT NULL,
  `created_at` timestamp NULL DEFAULT NULL,
  `updated_at` timestamp NULL DEFAULT NULL,
  PRIMARY KEY (`id`),
  UNIQUE KEY `roles_name_unique` (`name`)
) ENGINE=InnoDB AUTO_INCREMENT=9 DEFAULT CHARSET=utf8mb4 COLLATE=utf8mb4_unicode_ci;

--
-- Dumping data for table `roles`
--

INSERT INTO `roles` VALUES (1,'admin','2023-03-21 00:36:51','2023-03-21 00:36:51'),(2,'empresa','2023-03-21 00:36:51','2023-03-21 00:36:51'),(3,'cliente','2023-03-21 00:36:51','2023-03-21 00:36:51'),(4,'acreditador','2023-03-24 14:08:54','2023-03-24 14:08:54'),(5,'couch','2023-03-24 14:09:07','2023-03-24 14:09:07'),(6,'capitan','2023-03-24 14:09:15','2023-03-24 14:09:15'),(7,'participante','2023-03-24 14:09:24','2023-03-24 14:09:24'),(8,'graduado','2023-03-24 14:09:33','2023-03-24 14:09:33');

--
-- Table structure for table `sub_categorias`
--

CREATE TABLE `sub_categorias` (
  `id` bigint unsigned NOT NULL AUTO_INCREMENT,
  `name` varchar(200) COLLATE utf8mb4_unicode_ci NOT NULL,
  `categoria_id` bigint unsigned DEFAULT NULL,
  `created_at` timestamp NULL DEFAULT NULL,
  `updated_at` timestamp NULL DEFAULT NULL,
  PRIMARY KEY (`id`),
  UNIQUE KEY `sub_categorias_name_unique` (`name`),
  KEY `sub_categorias_categoria_id_foreign` (`categoria_id`),
  CONSTRAINT `sub_categorias_categoria_id_foreign` FOREIGN KEY (`categoria_id`) REFERENCES `categorias` (`id`)
) ENGINE=InnoDB DEFAULT CHARSET=utf8mb4 COLLATE=utf8mb4_unicode_ci;

--
-- Dumping data for table `sub_categorias`
--


--
-- Table structure for table `suscripciones`
--

CREATE TABLE `suscripciones` (
  `id` bigint unsigned NOT NULL AUTO_INCREMENT,
  `created_at` timestamp NULL DEFAULT NULL,
  `updated_at` timestamp NULL DEFAULT NULL,
  `client_id` bigint unsigned DEFAULT NULL,
  `etapa_id` bigint unsigned DEFAULT NULL,
  `pagado` tinyint(1) NOT NULL DEFAULT '0',
  PRIMARY KEY (`id`),
  KEY `suscripciones_client_id_foreign` (`client_id`),
  KEY `suscripciones_etapa_id_foreign` (`etapa_id`),
  CONSTRAINT `suscripciones_client_id_foreign` FOREIGN KEY (`client_id`) REFERENCES `clientes` (`id`),
  CONSTRAINT `suscripciones_etapa_id_foreign` FOREIGN KEY (`etapa_id`) REFERENCES `etapas` (`id`)
) ENGINE=InnoDB DEFAULT CHARSET=utf8mb4 COLLATE=utf8mb4_unicode_ci;

--
-- Dumping data for table `suscripciones`
--



