(1303,'{\"rating-2\":\"1\",\"dni_vendedor\":\"Vendedor #18\",\"Nombre\":\"Maryorie\",\"Apellido\":\"Herrera\",\"Cedula\":null,\"Telefono\":\"62433655\",\"Correo\":\"maryorienherrera@gmail.com\",\"edad\":\"18 o menos\",\"menbresia\":\"false\",\"concurso\":\"false\",\"recomendar\":\"false\",\"lugares_frecuentes\":\"Panama Este\",\"comentario\":\"No definido\",\"descuentos\":[]}','2023-04-06 11:50:15'),(1304,'{\"rating-2\":\"1\",\"dni_vendedor\":\"Vendedor #1\",\"Nombre\":\"Maryorie\",\"Apellido\":\"Herrera\",\"Cedula\":\"8-992-293\",\"Telefono\":\"62433655\",\"Correo\":\"nayu26@outlook.com\",\"edad\":\"26 a 35\",\"descuentos\":[\"turismo\",\"estudios\",\"gastronom\\u00eda\"],\"menbresia\":\"true\",\"concurso\":\"false\",\"recomendar\":\"true\",\"newsletter\":\"acepto\",\"lugares_frecuentes\":\"Panama Centro\",\"comentario\":\"No definido\"}','2023-04-06 11:54:39'),(1305,'{\"rating-2\":\"1\",\"dni_vendedor\":\"Vendedor #12\",\"Nombre\":\"Cristina\",\"Apellido\":\"Rivera\",\"Cedula\":null,\"Telefono\":\"68927867\",\"Correo\":\"cristinitarivera63@gmail.com\",\"edad\":\"26 a 35\",\"descuentos\":[\"turismo\",\"diversion\",\"gastronom\\u00eda\"],\"menbresia\":\"true\",\"concurso\":\"false\",\"recomendar\":\"true\",\"lugares_frecuentes\":\"Otros\",\"comentario\":\"No definido\"}','2023-04-06 14:59:01'),(1306,'{\"rating-2\":\"1\",\"dni_vendedor\":\"Vendedor #7\",\"Nombre\":\"Zeliderh\",\"Apellido\":\"De Grey\",\"Cedula\":null,\"Telefono\":\"68144127\",\"Correo\":\"zelidethmedina6@gmail.com\",\"edad\":\"36 o mas\",\"descuentos\":[\"turismo\",\"gastronom\\u00eda\",\"salud\"],\"menbresia\":\"true\",\"concurso\":\"false\",\"recomendar\":\"true\",\"lugares_frecuentes\":\"Panama Este\",\"comentario\":\"Supermercados, farmacias, almacenes\"}','2023-04-06 15:40:38'),(1307,'{\"rating-2\":\"1\",\"dni_vendedor\":\"Vendedor #7\",\"Nombre\":\"Jeronimo\",\"Apellido\":\"Gray\",\"Cedula\":null,\"Telefono\":\"68149278\",\"Correo\":\"jeronimogrey10@gmail.com\",\"edad\":\"36 o mas\",\"descuentos\":[\"turismo\",\"gastronom\\u00eda\",\"salud\"],\"menbresia\":\"true\",\"concurso\":\"false\",\"recomendar\":\"true\",\"lugares_frecuentes\":\"Panama Este\",\"comentario\":\"Supermercados, farmacias,\"}','2023-04-06 15:47:33'),(1308,'{\"rating-2\":\"1\",\"dni_vendedor\":\"Vendedor #7\",\"Nombre\":\"Yissel\",\"Apellido\":\"Gray\",\"Cedula\":null,\"Telefono\":\"63562137\",\"Correo\":\"yissel08@hotmail.es\",\"edad\":\"36 o mas\",\"descuentos\":[\"turismo\",\"gastronom\\u00eda\",\"salud\"],\"menbresia\":\"true\",\"concurso\":\"false\",\"recomendar\":\"true\",\"lugares_frecuentes\":\"Panama Este\",\"comentario\":\"Farmacia, supermercados\"}','2023-04-06 16:14:32'),(1309,'{\"rating-2\":\"1\",\"dni_vendedor\":\"Vendedor #20\",\"Nombre\":\"Yovana\",\"Apellido\":\"Rodriguez\",\"Cedula\":\"8-731-2059\",\"Telefono\":\"67329268\",\"Correo\":\"yrodriguez@49gmail.com\",\"edad\":\"36 o mas\",\"descuentos\":[\"turismo\"],\"menbresia\":\"true\",\"concurso\":\"false\",\"recomendar\":\"true\",\"newsletter\":\"acepto\",\"lugares_frecuentes\":\"Panama Este\",\"comentario\":\"Buena atencio\"}','2023-04-06 16:31:03'),(1310,'{\"rating-2\":\"1\",\"dni_vendedor\":\"Vendedor #7\",\"Nombre\":\"Jaime\",\"Apellido\":\"Quintero\",\"Cedula\":null,\"Telefono\":\"63431257\",\"Correo\":\"jaimeqs10a@gmail.com\",\"edad\":\"36 o mas\",\"descuentos\":[\"turismo\",\"diversion\",\"gastronom\\u00eda\"],\"menbresia\":\"true\",\"concurso\":\"false\",\"recomendar\":\"true\",\"lugares_frecuentes\":\"Panama Este\",\"comentario\":\"Supermercados, farmacias, almacenes\"}','2023-04-06 16:32:07'),(1311,'{\"rating-2\":\"1\",\"dni_vendedor\":\"Vendedor #7\",\"Nombre\":\"Emilu\",\"Apellido\":\"Quintero\",\"Cedula\":null,\"Telefono\":\"68816913\",\"Correo\":\"yaisi1825@gmail.com\",\"edad\":\"18 o menos\",\"descuentos\":[\"turismo\",\"gastronom\\u00eda\",\"salud\"],\"menbresia\":\"true\",\"concurso\":\"false\",\"recomendar\":\"true\",\"lugares_frecuentes\":\"Panama Este\",\"comentario\":\"Farmacias, supermercados, almacenes\"}','2023-04-06 16:45:10'),(1312,'{\"rating-2\":\"1\",\"dni_vendedor\":\"Vendedor #7\",\"Nombre\":\"Emilu\",\"Apellido\":\"Quintero\",\"Cedula\":null,\"Telefono\":\"68816913\",\"Correo\":\"yaisi1825@gmail.com\",\"edad\":\"18 o menos\",\"descuentos\":[\"turismo\",\"gastronom\\u00eda\",\"salud\"],\"menbresia\":\"true\",\"concurso\":\"false\",\"recomendar\":\"true\",\"lugares_frecuentes\":\"Panama Este\",\"comentario\":\"Farmacias, supermercados, almacenes\"}','2023-04-06 16:45:11'),(1313,'{\"rating-2\":\"1\",\"dni_vendedor\":\"Vendedor #7\",\"Nombre\":\"Darlena\",\"Apellido\":\"Gray\",\"Cedula\":null,\"Telefono\":\"66179734\",\"Correo\":\"darlyngray09@gmail.com\",\"edad\":\"36 o mas\",\"descuentos\":[\"turismo\",\"gastronom\\u00eda\",\"salud\"],\"menbresia\":\"true\",\"concurso\":\"false\",\"recomendar\":\"true\",\"lugares_frecuentes\":\"Panama Este\",\"comentario\":\"Supermercados, farmacias,\"}','2023-04-06 16:54:45'),(1314,'{\"rating-2\":\"1\",\"dni_vendedor\":\"Vendedor #7\",\"Nombre\":\"Elvira\",\"Apellido\":\"Perez\",\"Cedula\":null,\"Telefono\":\"61061547\",\"Correo\":\"srelviraperez31@gmail.com\",\"edad\":\"36 o mas\",\"descuentos\":[\"turismo\",\"gastronom\\u00eda\",\"salud\"],\"menbresia\":\"true\",\"concurso\":\"false\",\"recomendar\":\"false\",\"lugares_frecuentes\":\"Panama Este\",\"comentario\":\"Supermercados, farmacias, almacenes\"}','2023-04-06 17:14:26'),(1315,'{\"rating-2\":\"1\",\"dni_vendedor\":\"Vendedor #13\",\"Nombre\":\"Omar\",\"Apellido\":\"Guevara olivero\",\"Cedula\":\"8-787-1998\",\"Telefono\":\"6657-4783\",\"Correo\":\"Totopty@gmail.com\",\"edad\":\"36 o mas\",\"descuentos\":[\"turismo\",\"diversion\",\"gastronom\\u00eda\"],\"menbresia\":\"true\",\"concurso\":\"false\",\"recomendar\":\"true\",\"newsletter\":\"acepto\",\"lugares_frecuentes\":\"Panama Centro\",\"comentario\":\"No definido\"}','2023-04-06 17:55:29'),(1316,'{\"rating-2\":\"1\",\"dni_vendedor\":\"Vendedor #19\",\"Nombre\":\"Ameth\",\"Apellido\":\"Schaw\",\"Cedula\":\"7-707-2119\",\"Telefono\":\"65045049\",\"Correo\":\"Achurraschaw17@gmail.com\",\"edad\":\"26 a 35\",\"descuentos\":[\"diversion\",\"gastronom\\u00eda\",\"salud\"],\"menbresia\":\"false\",\"concurso\":\"false\",\"recomendar\":\"true\",\"lugares_frecuentes\":\"Panama Este\",\"comentario\":\"No definido\"}','2023-04-06 17:56:41'),(1317,'{\"rating-2\":\"1\",\"dni_vendedor\":\"Vendedor #18\",\"Nombre\":\"Leysi\",\"Apellido\":\"Caballero\",\"Cedula\":\"8-735-2012\",\"Telefono\":\"66946363\",\"Correo\":\"leycaballero@hotmail.com\",\"edad\":\"36 o mas\",\"descuentos\":[\"estudios\",\"gastronom\\u00eda\",\"salud\"],\"menbresia\":\"false\",\"concurso\":\"false\",\"recomendar\":\"true\",\"lugares_frecuentes\":\"Panama Centro\",\"comentario\":\"No definido\"}','2023-04-06 18:13:14'),(1318,'{\"rating-2\":\"1\",\"dni_vendedor\":\"Vendedor #13\",\"Nombre\":\"Yolanda\",\"Apellido\":\"Mu\\u00f1oz\",\"Cedula\":\"9-82-135\",\"Telefono\":\"68001627\",\"Correo\":\"pbarcenas@grupolefevre.com\",\"edad\":\"36 o mas\",\"descuentos\":[\"turismo\",\"gastronom\\u00eda\",\"salud\"],\"menbresia\":\"true\",\"concurso\":\"false\",\"recomendar\":\"true\",\"newsletter\":\"acepto\",\"lugares_frecuentes\":\"Panama Centro\",\"comentario\":\"No definido\"}','2023-04-06 18:26:57'),(1319,'{\"rating-2\":\"1\",\"dni_vendedor\":\"Vendedor #13\",\"Nombre\":\"Donovan\",\"Apellido\":\"Castillo Dutary\",\"Cedula\":\"8-398-126\",\"Telefono\":\"67630108\",\"Correo\":\"donovan1271@gmail.com\",\"edad\":\"36 o mas\",\"descuentos\":[\"turismo\",\"diversion\",\"gastronom\\u00eda\"],\"menbresia\":\"true\",\"concurso\":\"false\",\"recomendar\":\"true\",\"lugares_frecuentes\":\"Panama Centro\",\"comentario\":\"No definido\"}','2023-04-06 18:45:02'),(1320,'{\"rating-2\":\"1\",\"dni_vendedor\":\"Vendedor #12\",\"Nombre\":\"Vanessa\",\"Apellido\":\"Aviles\",\"Cedula\":null,\"Telefono\":\"62770885\",\"Correo\":\"Vanessa173@outlook.com\",\"edad\":\"26 a 35\",\"descuentos\":[\"turismo\",\"diversion\",\"salud\"],\"menbresia\":\"true\",\"concurso\":\"false\",\"recomendar\":\"true\",\"lugares_frecuentes\":\"Otros\",\"comentario\":\"Descuento en veterinarias\"}','2023-04-06 19:15:53'),(1321,'{\"rating-2\":\"1\",\"dni_vendedor\":\"Vendedor #12\",\"Nombre\":\"Mare\",\"Apellido\":\"Avlles\",\"Cedula\":null,\"Telefono\":\"62780531\",\"Correo\":\"Mare04@hotmail.com\",\"edad\":\"26 a 35\",\"descuentos\":[\"turismo\",\"estudios\",\"salud\"],\"menbresia\":\"true\",\"concurso\":\"false\",\"recomendar\":\"true\",\"lugares_frecuentes\":\"Otros\",\"comentario\":\"No definido\"}','2023-04-06 19:20:00'),(1322,'{\"rating-2\":\"1\",\"dni_vendedor\":\"Vendedor #12\",\"Nombre\":\"Karen\",\"Apellido\":\"Cardales\",\"Cedula\":null,\"Telefono\":\"62511648\",\"Correo\":\"karencardales032@gmail.com\",\"edad\":\"26 a 35\",\"descuentos\":[\"estudios\",\"diversion\",\"salud\"],\"menbresia\":\"true\",\"concurso\":\"false\",\"recomendar\":\"true\",\"lugares_frecuentes\":\"Otros\",\"comentario\":\"No definido\"}','2023-04-06 19:25:42'),(1323,'{\"rating-2\":\"1\",\"dni_vendedor\":\"Vendedor #12\",\"Nombre\":\"Karla\",\"Apellido\":\"Cardales\",\"Cedula\":null,\"Telefono\":\"62246259\",\"Correo\":\"karlacardales@gmail.com\",\"edad\":\"26 a 35\",\"descuentos\":[\"turismo\",\"diversion\",\"salud\"],\"menbresia\":\"true\",\"concurso\":\"false\",\"recomendar\":\"true\",\"lugares_frecuentes\":\"Otros\",\"comentario\":\"No definido\"}','2023-04-06 19:27:50'),(1324,'{\"rating-2\":\"1\",\"dni_vendedor\":\"Vendedor #12\",\"Nombre\":\"Adriano\",\"Apellido\":\"V\\u00e1squez\",\"Cedula\":null,\"Telefono\":\"63031528\",\"Correo\":\"avasquezogd@gmail.com\",\"edad\":\"36 o mas\",\"descuentos\":[\"turismo\",\"gastronom\\u00eda\",\"salud\"],\"menbresia\":\"true\",\"concurso\":\"false\",\"recomendar\":\"true\",\"lugares_frecuentes\":\"Otros\",\"comentario\":\"No definido\"}','2023-04-06 19:35:11'),(1325,'{\"rating-2\":\"1\",\"dni_vendedor\":\"Vendedor #12\",\"Nombre\":\"Adriana\",\"Apellido\":\"V\\u00e1squez\",\"Cedula\":null,\"Telefono\":\"65635704\",\"Correo\":\"adriavasquez@gmail.com\",\"edad\":\"18 o menos\",\"descuentos\":[\"turismo\",\"estudios\",\"gastronom\\u00eda\"],\"menbresia\":\"true\",\"concurso\":\"false\",\"recomendar\":\"false\",\"lugares_frecuentes\":\"Panama Este\",\"comentario\":\"No definido\"}','2023-04-06 19:37:40'),(1326,'{\"rating-2\":\"1\",\"dni_vendedor\":\"Vendedor #12\",\"Nombre\":\"Tiffany\",\"Apellido\":\"Vasquez\",\"Cedula\":null,\"Telefono\":\"63031528\",\"Correo\":\"tifvasquez@gmail.com\",\"edad\":\"18 o menos\",\"descuentos\":[\"turismo\",\"estudios\",\"gastronom\\u00eda\"],\"menbresia\":\"true\",\"concurso\":\"false\",\"recomendar\":\"false\",\"lugares_frecuentes\":\"Panama Este\",\"comentario\":\"No definido\"}','2023-04-06 19:39:20'),(1327,'{\"rating-2\":\"1\",\"dni_vendedor\":\"Vendedor #7\",\"Nombre\":\"Yohany\",\"Apellido\":\"De Reyes\",\"Cedula\":null,\"Telefono\":\"67126406\",\"Correo\":\"yojanys1717@gmail.com\",\"edad\":\"36 o mas\",\"descuentos\":[\"turismo\",\"gastronom\\u00eda\",\"salud\"],\"menbresia\":\"true\",\"concurso\":\"false\",\"recomendar\":\"true\",\"lugares_frecuentes\":\"Panama Este\",\"comentario\":\"Supermercados, farmacias, almacenes\"}','2023-04-06 19:41:35'),(1328,'{\"rating-2\":\"1\",\"dni_vendedor\":\"Vendedor #12\",\"Nombre\":\"Ashley\",\"Apellido\":\"Castillo\",\"Cedula\":null,\"Telefono\":\"64065363\",\"Correo\":\"ashleycastillo@gmail.com\",\"edad\":\"26 a 35\",\"descuentos\":[\"turismo\",\"estudios\",\"gastronom\\u00eda\"],\"menbresia\":\"true\",\"concurso\":\"false\",\"recomendar\":\"true\",\"lugares_frecuentes\":\"Otros\",\"comentario\":\"No definido\"}','2023-04-06 20:00:00'),(1329,'{\"rating-2\":\"1\",\"dni_vendedor\":\"Vendedor #18\",\"Nombre\":\"Yenisel\",\"Apellido\":\"Moreno\",\"Cedula\":\"8-110-2128\",\"Telefono\":\"6524-5861\",\"Correo\":\"yeniselmoreno5@gmail.com\",\"edad\":\"36 o mas\",\"descuentos\":[\"turismo\",\"gastronom\\u00eda\",\"salud\"],\"menbresia\":\"true\",\"concurso\":\"false\",\"recomendar\":\"true\",\"lugares_frecuentes\":\"Panama Este\",\"comentario\":\"No definido\"}','2023-04-06 20:22:55'),(1330,'{\"rating-2\":\"1\",\"dni_vendedor\":\"Vendedor #18\",\"Nombre\":\"Geisy\",\"Apellido\":\"Acosta\",\"Cedula\":\"8-936-18\",\"Telefono\":\"6235-7695\",\"Correo\":\"geicyacosta07@gmail.com\",\"edad\":\"26 a 35\",\"descuentos\":[\"turismo\",\"estudios\",\"salud\"],\"menbresia\":\"true\",\"concurso\":\"false\",\"recomendar\":\"true\",\"lugares_frecuentes\":\"Panama Este\",\"comentario\":\"No definido\"}','2023-04-06 20:29:19'),(1331,'{\"rating-2\":\"1\",\"dni_vendedor\":\"Vendedor #12\",\"Nombre\":\"Stheisy\",\"Apellido\":\"Renter\\u00eda\",\"Cedula\":null,\"Telefono\":\"65607644\",\"Correo\":\"stheisyrenteria@gmail.com\",\"edad\":\"26 a 35\",\"descuentos\":[\"turismo\",\"gastronom\\u00eda\",\"salud\"],\"menbresia\":\"true\",\"concurso\":\"false\",\"recomendar\":\"true\",\"lugares_frecuentes\":\"Panama Centro\",\"comentario\":\"No definido\"}','2023-04-06 21:32:46'),(1332,'{\"rating-2\":\"1\",\"dni_vendedor\":\"Vendedor #12\",\"Nombre\":\"Tamara Elizabeth\",\"Apellido\":\"Peart\",\"Cedula\":null,\"Telefono\":\"61138698\",\"Correo\":\"elizabethpeart80@gmail.com\",\"edad\":\"36 o mas\",\"descuentos\":[\"turismo\",\"gastronom\\u00eda\",\"salud\"],\"menbresia\":\"true\",\"concurso\":\"false\",\"recomendar\":\"true\",\"lugares_frecuentes\":\"Panama Centro\",\"comentario\":\"No definido\"}','2023-04-06 21:37:01'),(1333,'{\"rating-2\":\"1\",\"dni_vendedor\":\"Vendedor #12\",\"Nombre\":\"Ricardo\",\"Apellido\":\"Mart\\u00ednez\",\"Cedula\":null,\"Telefono\":\"61049358\",\"Correo\":\"martinez2530@gmail.com\",\"edad\":\"36 o mas\",\"descuentos\":[\"turismo\",\"gastronom\\u00eda\",\"salud\"],\"menbresia\":\"true\",\"concurso\":\"false\",\"recomendar\":\"true\",\"lugares_frecuentes\":\"Panama Centro\",\"comentario\":\"No definido\"}','2023-04-06 21:42:04'),(1334,'{\"rating-2\":\"1\",\"dni_vendedor\":\"Vendedor #18\",\"Nombre\":\"Rossana\",\"Apellido\":\"Hernandez\",\"Cedula\":null,\"Telefono\":\"61101395\",\"Correo\":\"rossana1093@hotmail.com\",\"edad\":\"26 a 35\",\"descuentos\":[\"turismo\",\"estudios\",\"salud\"],\"menbresia\":\"true\",\"concurso\":\"false\",\"recomendar\":\"true\",\"newsletter\":\"acepto\",\"lugares_frecuentes\":\"Panama Este\",\"comentario\":\"No definido\"}','2023-04-06 23:42:09'),(1335,'{\"rating-2\":\"1\",\"dni_vendedor\":\"Vendedor #7\",\"Nombre\":\"Mechaelle\",\"Apellido\":\"Peterkens\",\"Cedula\":null,\"Telefono\":\"66679933\",\"Correo\":\"orlanisk28@gmail.com\",\"edad\":\"36 o mas\",\"descuentos\":[\"turismo\",\"gastronom\\u00eda\",\"salud\"],\"menbresia\":\"true\",\"concurso\":\"false\",\"recomendar\":\"true\",\"lugares_frecuentes\":\"Panama Este\",\"comentario\":\"Farmacias, supermercados, almacenes\"}','2023-04-06 23:49:52'),(1336,'{\"rating-2\":\"1\",\"dni_vendedor\":\"Vendedor #7\",\"Nombre\":\"Joel\",\"Apellido\":\"Reyes\",\"Cedula\":null,\"Telefono\":\"67109389\",\"Correo\":\"joelherrarte02@gmail.com\",\"edad\":\"18 o menos\",\"descuentos\":[\"turismo\",\"gastronom\\u00eda\",\"salud\"],\"menbresia\":\"true\",\"concurso\":\"false\",\"recomendar\":\"true\",\"lugares_frecuentes\":\"Panama Este\",\"comentario\":\"Gasolinera, farmacias, supermercados\"}','2023-04-07 00:17:56'),(1337,'{\"rating-2\":\"1\",\"dni_vendedor\":\"Vendedor #1\",\"Nombre\":\"Natasha\",\"Apellido\":\"Serracin\",\"Cedula\":null,\"Telefono\":\"68433359\",\"Correo\":\"natashapamela90@gmail.com\",\"edad\":\"18 o menos\",\"descuentos\":[\"estudios\",\"diversion\",\"salud\"],\"menbresia\":\"true\",\"concurso\":\"false\",\"recomendar\":\"true\",\"lugares_frecuentes\":\"Panama Este\",\"comentario\":\"Supermercados, farmacias, almacenes\"}','2023-04-07 00:22:34'),(1338,'{\"rating-2\":\"1\",\"dni_vendedor\":\"Vendedor #18\",\"Nombre\":\"Yadira\",\"Apellido\":\"Cheng\",\"Cedula\":\"8-464-796\",\"Telefono\":\"6371-6014\",\"Correo\":\"chinacheng13@gmail.com\",\"edad\":\"36 o mas\",\"descuentos\":[\"estudios\",\"gastronom\\u00eda\",\"salud\"],\"menbresia\":\"true\",\"concurso\":\"false\",\"recomendar\":\"true\",\"lugares_frecuentes\":\"Panama Este\",\"comentario\":\"No definido\"}','2023-04-07 01:25:38'),(1339,'{\"rating-2\":\"1\",\"dni_vendedor\":\"Vendedor #18\",\"Nombre\":\"Hidekel\",\"Apellido\":\"Arthur\",\"Cedula\":\"8-1020-695\",\"Telefono\":\"6011-0964\",\"Correo\":\"hidekelarthur@gmail.com\",\"edad\":\"18 o menos\",\"descuentos\":[\"estudios\",\"gastronom\\u00eda\",\"salud\"],\"menbresia\":\"true\",\"concurso\":\"false\",\"recomendar\":\"true\",\"newsletter\":\"acepto\",\"lugares_frecuentes\":\"Panama Este\",\"comentario\":\"No definido\"}','2023-04-07 01:29:05'),(1340,'{\"rating-2\":\"1\",\"dni_vendedor\":\"Vendedor #19\",\"Nombre\":\"Lupi\",\"Apellido\":\"Guevara\",\"Cedula\":\"87581030\",\"Telefono\":\"62966541\",\"Correo\":\"lupidelrosario20@gmail.com\",\"edad\":\"36 o mas\",\"descuentos\":[\"turismo\",\"gastronom\\u00eda\",\"salud\"],\"menbresia\":\"true\",\"concurso\":\"false\",\"recomendar\":\"true\",\"lugares_frecuentes\":\"Panama Centro\",\"comentario\":\"Ser\\u00eda bueno q a medidas q ustedes vallan creciendo puedan dar m\\u00e1s beneficios\"}','2023-04-07 01:49:59'),(1341,'{\"rating-2\":\"1\",\"dni_vendedor\":\"Vendedor #1\",\"Nombre\":\"Yesenia\",\"Apellido\":\"Gonz\\u00e1lez\",\"Cedula\":\"8-949-773\",\"Telefono\":\"67883508\",\"Correo\":\"yisel03gon@gmail.com\",\"edad\":\"26 a 35\",\"descuentos\":[\"salud\"],\"menbresia\":\"true\",\"concurso\":\"false\",\"recomendar\":\"true\",\"lugares_frecuentes\":\"Panama Oeste\",\"comentario\":\"No definido\"}','2023-04-07 14:28:25'),(1342,'{\"rating-2\":\"1\",\"dni_vendedor\":\"Vendedor #7\",\"Nombre\":\"Yaira\",\"Apellido\":\"Herrarte\",\"Cedula\":null,\"Telefono\":\"67986687\",\"Correo\":\"yherrarte1010@gmail.com\",\"edad\":\"36 o mas\",\"descuentos\":[\"turismo\",\"gastronom\\u00eda\",\"salud\"],\"menbresia\":\"true\",\"concurso\":\"false\",\"recomendar\":\"true\",\"lugares_frecuentes\":\"Panama Este\",\"comentario\":\"Supermercados, farmacias, gasolineras\"}','2023-04-07 16:02:47'),(1343,'{\"rating-2\":\"1\",\"dni_vendedor\":\"Vendedor #7\",\"Nombre\":\"Edgar\",\"Apellido\":\"Arauz\",\"Cedula\":null,\"Telefono\":\"62333557\",\"Correo\":\"edgaryair06@gmail.com\",\"edad\":\"18 o menos\",\"descuentos\":[\"turismo\",\"gastronom\\u00eda\",\"salud\"],\"menbresia\":\"true\",\"concurso\":\"false\",\"recomendar\":\"true\",\"lugares_frecuentes\":\"Panama Este\",\"comentario\":\"Gasolinera, farmacias, supermacados\"}','2023-04-07 16:31:07'),(1344,'{\"rating-2\":\"1\",\"dni_vendedor\":\"Vendedor #19\",\"Nombre\":\"Elizabeth\",\"Apellido\":\"Gonz\\u00e1lez\",\"Cedula\":\"8-934-2230\",\"Telefono\":\"65103719\",\"Correo\":\"Lizelizabeth030@gmail.com\",\"edad\":\"26 a 35\",\"descuentos\":[\"estudios\"],\"menbresia\":\"false\",\"concurso\":\"false\",\"recomendar\":\"true\",\"newsletter\":\"acepto\",\"lugares_frecuentes\":\"Panama Este\",\"comentario\":\"No definido\"}','2023-04-07 16:46:55'),(1345,'{\"rating-2\":\"1\",\"dni_vendedor\":\"Vendedor #19\",\"Nombre\":\"Zoila\",\"Apellido\":\"Gonz\\u00e1lez\",\"Cedula\":\"8-704-1045\",\"Telefono\":\"60853958\",\"Correo\":\"zoigon1674@gmail.com\",\"edad\":\"36 o mas\",\"descuentos\":[\"salud\"],\"menbresia\":\"true\",\"concurso\":\"false\",\"recomendar\":\"true\",\"newsletter\":\"acepto\",\"lugares_frecuentes\":\"Panama Este\",\"comentario\":\"No definido\"}','2023-04-07 17:25:08'),(1346,'{\"rating-2\":\"1\",\"dni_vendedor\":\"Vendedor #19\",\"Nombre\":\"Nayelis\",\"Apellido\":\"Almanza\",\"Cedula\":\"8-1033-1981\",\"Telefono\":\"60853958\",\"Correo\":\"almanzanayelis50@gmail.com\",\"edad\":\"15 a 19\",\"descuentos\":[\"estudios\"],\"menbresia\":\"true\",\"concurso\":\"false\",\"recomendar\":\"true\",\"newsletter\":\"acepto\",\"lugares_frecuentes\":\"Panama Este\",\"comentario\":\"No definido\"}','2023-04-07 18:18:08'),(1347,'{\"rating-2\":\"1\",\"dni_vendedor\":\"Vendedor #19\",\"Nombre\":\"Yailett\",\"Apellido\":\"Ortiz\",\"Cedula\":\"3-741-2064\",\"Telefono\":\"60093081\",\"Correo\":\"yyiriani@gmail.com\",\"edad\":\"26 a 35\",\"descuentos\":[\"gastronom\\u00eda\"],\"menbresia\":\"false\",\"concurso\":\"false\",\"recomendar\":\"false\",\"lugares_frecuentes\":\"Otros\",\"comentario\":\"Ninguna\"}','2023-04-07 18:45:24'),(1348,'{\"rating-2\":\"1\",\"dni_vendedor\":\"Vendedor #7\",\"Nombre\":\"Gabino\",\"Apellido\":\"Dom\\u00ednguez\",\"Cedula\":null,\"Telefono\":\"63262537\",\"Correo\":\"dominguez.gabino@gmail.com\",\"edad\":\"36 o mas\",\"descuentos\":[\"turismo\",\"gastronom\\u00eda\",\"salud\"],\"menbresia\":\"true\",\"concurso\":\"false\",\"recomendar\":\"true\",\"lugares_frecuentes\":\"Panama Este\",\"comentario\":\"Supermercados, farmacias, gasolinera\"}','2023-04-07 18:55:06'),(1349,'{\"rating-2\":\"1\",\"dni_vendedor\":\"Vendedor #7\",\"Nombre\":\"Mateo\",\"Apellido\":\"Dom\\u00ednguez\",\"Cedula\":null,\"Telefono\":\"62333557\",\"Correo\":\"dominguezmateo19@gmail.com\",\"edad\":\"18 o menos\",\"descuentos\":[\"turismo\",\"gastronom\\u00eda\",\"salud\"],\"menbresia\":\"true\",\"concurso\":\"false\",\"recomendar\":\"true\",\"lugares_frecuentes\":\"Panama Este\",\"comentario\":\"Supermercados, farmacias, almacenes\"}','2023-04-07 19:02:53'),(1350,'{\"rating-2\":\"1\",\"dni_vendedor\":\"Vendedor #7\",\"Nombre\":\"Mateo\",\"Apellido\":\"Dom\\u00ednguez\",\"Cedula\":null,\"Telefono\":\"62333557\",\"Correo\":\"dominguezmateo19@gmail.com\",\"edad\":\"18 o menos\",\"descuentos\":[\"turismo\",\"gastronom\\u00eda\",\"salud\"],\"menbresia\":\"true\",\"concurso\":\"false\",\"recomendar\":\"true\",\"lugares_frecuentes\":\"Panama Este\",\"comentario\":\"Supermercados, farmacias, almacenes\"}','2023-04-07 19:02:53'),(1351,'{\"rating-2\":\"1\",\"dni_vendedor\":\"Vendedor #7\",\"Nombre\":\"Javier\",\"Apellido\":\"Gray\",\"Cedula\":null,\"Telefono\":\"60502003\",\"Correo\":\"javiergray13@gmail.com\",\"edad\":\"18 o menos\",\"descuentos\":[\"turismo\",\"gastronom\\u00eda\",\"salud\"],\"menbresia\":\"true\",\"concurso\":\"false\",\"recomendar\":\"true\",\"lugares_frecuentes\":\"Panama Este\",\"comentario\":\"Supermercados, farmacias gasolinera\"}','2023-04-07 19:32:00'),(1352,'{\"rating-2\":\"1\",\"dni_vendedor\":\"Vendedor #19\",\"Nombre\":\"Ana\",\"Apellido\":\"Morelot\",\"Cedula\":\"9-767-1084\",\"Telefono\":\"65033351\",\"Correo\":\"morelotana@gmail.col\",\"edad\":\"15 a 19\",\"descuentos\":[\"turismo\",\"estudios\",\"salud\"],\"menbresia\":\"false\",\"concurso\":\"false\",\"recomendar\":\"true\",\"lugares_frecuentes\":\"Panama Este\",\"comentario\":\"Katerin morelot 69190579\"}','2023-04-07 20:15:27'),(1353,'{\"rating-2\":\"1\",\"dni_vendedor\":\"Vendedor #7\",\"Nombre\":\"Modesta\",\"Apellido\":\"Vel\\u00e1zquez\",\"Cedula\":null,\"Telefono\":\"62520168\",\"Correo\":\"velasquezmodesta12@gmail.com\",\"edad\":\"36 o mas\",\"descuentos\":[\"turismo\",\"gastronom\\u00eda\",\"salud\"],\"menbresia\":\"true\",\"concurso\":\"false\",\"recomendar\":\"true\",\"lugares_frecuentes\":\"Panama Este\",\"comentario\":\"Supermercados, farmacias, almacenes\"}','2023-04-07 20:29:13'),(1354,'{\"rating-2\":\"1\",\"dni_vendedor\":\"Vendedor #7\",\"Nombre\":\"Migdalia\",\"Apellido\":\"De vanegas\",\"Cedula\":null,\"Telefono\":\"67053070\",\"Correo\":\"adevanega17@gmail.com\",\"edad\":\"36 o mas\",\"descuentos\":[\"salud\"],\"menbresia\":\"true\",\"concurso\":\"false\",\"recomendar\":\"true\",\"lugares_frecuentes\":\"Panama Este\",\"comentario\":\"Supermercados, farmacias, almacenes\"}','2023-04-07 20:52:17'),(1355,'{\"rating-2\":\"1\",\"dni_vendedor\":\"Vendedor #7\",\"Nombre\":\"Migdalia\",\"Apellido\":\"De vanegas\",\"Cedula\":null,\"Telefono\":\"67053070\",\"Correo\":\"adevanega17@gmail.com\",\"edad\":\"36 o mas\",\"descuentos\":[\"salud\"],\"menbresia\":\"true\",\"concurso\":\"false\",\"recomendar\":\"true\",\"lugares_frecuentes\":\"Panama Este\",\"comentario\":\"Supermercados, farmacias, almacenes\"}','2023-04-07 20:52:17'),(1356,'{\"rating-2\":\"1\",\"dni_vendedor\":\"Vendedor #7\",\"Nombre\":\"Maria\",\"Apellido\":\"Casta\\u00f1eda\",\"Cedula\":null,\"Telefono\":\"64539021\",\"Correo\":\"castanedamariaelena01@gmail.com\",\"edad\":\"36 o mas\",\"descuentos\":[\"turismo\",\"gastronom\\u00eda\",\"salud\"],\"menbresia\":\"true\",\"concurso\":\"false\",\"recomendar\":\"true\",\"lugares_frecuentes\":\"Panama Este\",\"comentario\":\"Supermercados, farmacias, almac\\u00e9n\"}','2023-04-07 21:52:58'),(1357,'{\"rating-2\":\"1\",\"dni_vendedor\":\"Vendedor #7\",\"Nombre\":\"Maria\",\"Apellido\":\"Casta\\u00f1eda\",\"Cedula\":null,\"Telefono\":\"64539021\",\"Correo\":\"castanedamariaelena01@gmail.com\",\"edad\":\"36 o mas\",\"descuentos\":[\"turismo\",\"gastronom\\u00eda\",\"salud\"],\"menbresia\":\"true\",\"concurso\":\"false\",\"recomendar\":\"true\",\"lugares_frecuentes\":\"Panama Este\",\"comentario\":\"Supermercados, farmacias, almac\\u00e9n\"}','2023-04-07 21:52:58'),(1358,'{\"rating-2\":\"1\",\"dni_vendedor\":\"Vendedor #7\",\"Nombre\":\"Israel\",\"Apellido\":\"Wilson\",\"Cedula\":null,\"Telefono\":\"67064097\",\"Correo\":\"israel13838@gmail.com\",\"edad\":\"18 o menos\",\"descuentos\":[\"turismo\",\"gastronom\\u00eda\",\"salud\"],\"menbresia\":\"true\",\"concurso\":\"false\",\"recomendar\":\"true\",\"lugares_frecuentes\":\"Panama Este\",\"comentario\":\"Gasolinera, farmacias, supermecardos\"}','2023-04-07 23:15:06'),(1359,'{\"rating-2\":\"1\",\"dni_vendedor\":\"Vendedor #7\",\"Nombre\":\"Israel\",\"Apellido\":\"Wilson\",\"Cedula\":null,\"Telefono\":\"67064097\",\"Correo\":\"israel13838@gmail.com\",\"edad\":\"18 o menos\",\"descuentos\":[\"turismo\",\"gastronom\\u00eda\",\"salud\"],\"menbresia\":\"true\",\"concurso\":\"false\",\"recomendar\":\"true\",\"lugares_frecuentes\":\"Panama Este\",\"comentario\":\"Gasolinera, farmacias, supermecardos\"}','2023-04-07 23:15:07'),(1360,'{\"rating-2\":\"1\",\"dni_vendedor\":\"Vendedor #1\",\"Nombre\":\"Graycy\",\"Apellido\":\"Zapata\",\"Cedula\":\"8-783-349\",\"Telefono\":\"62902684\",\"Correo\":\"Graycesantizo84@gmail.com\",\"edad\":\"36 o mas\",\"descuentos\":[\"estudios\",\"salud\"],\"menbresia\":\"false\",\"concurso\":\"false\",\"recomendar\":\"true\",\"lugares_frecuentes\":\"Panama Este\",\"comentario\":\"No definido\"}','2023-04-07 23:20:56'),(1361,'{\"rating-2\":\"1\",\"dni_vendedor\":\"Vendedor #19\",\"Nombre\":\"Jorge\",\"Apellido\":\"De Le\\u00f3n\",\"Cedula\":\"8-929-1755\",\"Telefono\":\"62670047\",\"Correo\":\"soldaserviciosdeleon@gmail.com\",\"edad\":\"26 a 35\",\"descuentos\":[\"estudios\"],\"menbresia\":\"false\",\"concurso\":\"false\",\"recomendar\":\"false\",\"lugares_frecuentes\":\"Panama Este\",\"comentario\":\"No definido\"}','2023-04-07 23:47:40'),(1362,'{\"rating-2\":\"1\",\"dni_vendedor\":\"Vendedor #1\",\"Nombre\":\"Karen\",\"Apellido\":\"Lozano\",\"Cedula\":\"E-8-148522\",\"Telefono\":\"64148522\",\"Correo\":\"lozano.karen@hotmail.com\",\"edad\":\"26 a 35\",\"descuentos\":[\"turismo\",\"gastronom\\u00eda\",\"salud\"],\"menbresia\":\"true\",\"concurso\":\"false\",\"recomendar\":\"false\",\"lugares_frecuentes\":\"Panama Centro\",\"comentario\":\"No definido\"}','2023-04-08 13:51:57'),(1363,'{\"rating-2\":\"1\",\"dni_vendedor\":\"Vendedor #7\",\"Nombre\":\"Margelis\",\"Apellido\":\"Acosta\",\"Cedula\":null,\"Telefono\":\"66903607\",\"Correo\":\"a15markgelis@gmail.com\",\"edad\":\"36 o mas\",\"descuentos\":[\"turismo\",\"gastronom\\u00eda\",\"salud\"],\"menbresia\":\"true\",\"concurso\":\"false\",\"recomendar\":\"true\",\"lugares_frecuentes\":\"Panama Este\",\"comentario\":\"Surpemercados, almacenes, farmacias\"}','2023-04-08 15:12:09'),(1364,'{\"rating-2\":\"1\",\"dni_vendedor\":\"Vendedor #7\",\"Nombre\":\"Margelis\",\"Apellido\":\"Acosta\",\"Cedula\":null,\"Telefono\":\"66903607\",\"Correo\":\"a15markgelis@gmail.com\",\"edad\":\"36 o mas\",\"descuentos\":[\"turismo\",\"gastronom\\u00eda\",\"salud\"],\"menbresia\":\"true\",\"concurso\":\"false\",\"recomendar\":\"true\",\"lugares_frecuentes\":\"Panama Este\",\"comentario\":\"Surpemercados, almacenes, farmacias\"}','2023-04-08 15:12:09'),(1365,'{\"rating-2\":\"1\",\"dni_vendedor\":\"Vendedor #8\",\"Nombre\":\"Yariela\",\"Apellido\":\"Castillo\",\"Cedula\":\"8-373-156\",\"Telefono\":\"64963500\",\"Correo\":\"yaruelacastillo.m@gmail.com\",\"edad\":\"36 o mas\",\"descuentos\":[\"turismo\"],\"menbresia\":\"false\",\"concurso\":\"false\",\"recomendar\":\"true\",\"lugares_frecuentes\":\"Panama Este\",\"comentario\":\"No definido\"}','2023-04-08 18:59:50'),(1366,'{\"rating-2\":\"1\",\"dni_vendedor\":\"Vendedor #7\",\"Nombre\":\"Moises\",\"Apellido\":\"Batista\",\"Cedula\":null,\"Telefono\":\"64348792\",\"Correo\":\"moisesbatista12@gmail.com\",\"edad\":\"18 o menos\",\"descuentos\":[\"estudios\",\"gastronom\\u00eda\",\"salud\"],\"menbresia\":\"true\",\"concurso\":\"false\",\"recomendar\":\"true\",\"lugares_frecuentes\":\"Panama Este\",\"comentario\":\"No definido\"}','2023-04-08 20:34:14'),(1367,'{\"rating-2\":\"1\",\"dni_vendedor\":\"Vendedor #1\",\"Nombre\":\"Jose\",\"Apellido\":\"Batista\",\"Cedula\":null,\"Telefono\":\"66358034\",\"Correo\":\"josebatista21@gmail.com\",\"edad\":\"36 o mas\",\"descuentos\":[\"turismo\",\"gastronom\\u00eda\",\"salud\"],\"menbresia\":\"true\",\"concurso\":\"false\",\"recomendar\":\"true\",\"lugares_frecuentes\":\"Panama Este\",\"comentario\":\"Gasolinera, supermercados, farmacias\"}','2023-04-08 20:36:52'),(1368,'{\"rating-2\":\"1\",\"dni_vendedor\":\"Vendedor #1\",\"Nombre\":\"Jose\",\"Apellido\":\"Batista\",\"Cedula\":null,\"Telefono\":\"66358034\",\"Correo\":\"josebatista21@gmail.com\",\"edad\":\"36 o mas\",\"descuentos\":[\"turismo\",\"gastronom\\u00eda\",\"salud\"],\"menbresia\":\"true\",\"concurso\":\"false\",\"recomendar\":\"true\",\"lugares_frecuentes\":\"Panama Este\",\"comentario\":\"Gasolinera, supermercados, farmacias\"}','2023-04-08 20:36:52'),(1369,'{\"rating-2\":\"1\",\"dni_vendedor\":\"Vendedor #7\",\"Nombre\":\"Liliana\",\"Apellido\":\"Alvarado\",\"Cedula\":null,\"Telefono\":\"63961833\",\"Correo\":\"lilydecalderon05@gmail.com\",\"edad\":\"36 o mas\",\"descuentos\":[\"estudios\",\"gastronom\\u00eda\",\"salud\"],\"menbresia\":\"true\",\"concurso\":\"false\",\"recomendar\":\"true\",\"lugares_frecuentes\":\"Panama Este\",\"comentario\":\"Farmacias, supermercados, almacenes\"}','2023-04-08 20:56:07'),(1370,'{\"rating-2\":\"1\",\"dni_vendedor\":\"Vendedor #1\",\"Nombre\":\"Nazareth\",\"Apellido\":\"Calder\\u00f3n\",\"Cedula\":null,\"Telefono\":\"66089646\",\"Correo\":\"nazarethcalderon@gmail.com\",\"edad\":\"18 o menos\",\"descuentos\":[\"estudios\",\"gastronom\\u00eda\",\"salud\"],\"menbresia\":\"true\",\"concurso\":\"false\",\"recomendar\":\"true\",\"lugares_frecuentes\":\"Panama Este\",\"comentario\":\"No definido\"}','2023-04-08 21:00:55'),(1371,'{\"rating-2\":\"1\",\"dni_vendedor\":\"Vendedor #1\",\"Nombre\":\"Nazareth\",\"Apellido\":\"Calder\\u00f3n\",\"Cedula\":null,\"Telefono\":\"66089646\",\"Correo\":\"nazarethcalderon@gmail.com\",\"edad\":\"18 o menos\",\"descuentos\":[\"estudios\",\"gastronom\\u00eda\",\"salud\"],\"menbresia\":\"true\",\"concurso\":\"false\",\"recomendar\":\"true\",\"lugares_frecuentes\":\"Panama Este\",\"comentario\":\"No definido\"}','2023-04-08 21:00:56'),(1372,'{\"rating-2\":\"1\",\"dni_vendedor\":\"Vendedor #7\",\"Nombre\":\"Analis\",\"Apellido\":\"Calder\\u00f3n\",\"Cedula\":null,\"Telefono\":\"64404903\",\"Correo\":\"analiscalderon@gmail.com\",\"edad\":\"18 o menos\",\"descuentos\":[\"estudios\",\"gastronom\\u00eda\",\"salud\"],\"menbresia\":\"true\",\"concurso\":\"false\",\"recomendar\":\"true\",\"lugares_frecuentes\":\"Panama Este\",\"comentario\":\"Supermercados, farmacias, almacenes\"}','2023-04-08 21:06:07'),(1373,'{\"rating-2\":\"1\",\"dni_vendedor\":\"Vendedor #7\",\"Nombre\":\"Loyda\",\"Apellido\":\"Guardia\",\"Cedula\":null,\"Telefono\":\"64143669\",\"Correo\":\"loydaguardia01@gmail.com\",\"edad\":\"36 o mas\",\"descuentos\":[\"turismo\",\"gastronom\\u00eda\",\"salud\"],\"menbresia\":\"true\",\"concurso\":\"false\",\"recomendar\":\"true\",\"lugares_frecuentes\":\"Panama Oeste\",\"comentario\":\"Supermercados, farmacia\"}','2023-04-08 22:40:36'),(1374,'{\"rating-2\":\"1\",\"dni_vendedor\":\"Vendedor #7\",\"Nombre\":\"Doris\",\"Apellido\":\"Lasso\",\"Cedula\":null,\"Telefono\":\"67676313\",\"Correo\":\"alvaradodoris760@gmail.com\",\"edad\":\"36 o mas\",\"descuentos\":[\"turismo\",\"gastronom\\u00eda\",\"salud\"],\"menbresia\":\"true\",\"concurso\":\"false\",\"recomendar\":\"true\",\"lugares_frecuentes\":\"Panama Este\",\"comentario\":\"Farmacias, supermercados, farmacias\"}','2023-04-09 00:16:15'),(1375,'{\"rating-2\":\"1\",\"dni_vendedor\":\"Vendedor #7\",\"Nombre\":\"Doris\",\"Apellido\":\"Lasso\",\"Cedula\":null,\"Telefono\":\"67676313\",\"Correo\":\"alvaradodoris760@gmail.com\",\"edad\":\"36 o mas\",\"descuentos\":[\"turismo\",\"gastronom\\u00eda\",\"salud\"],\"menbresia\":\"true\",\"concurso\":\"false\",\"recomendar\":\"true\",\"lugares_frecuentes\":\"Panama Este\",\"comentario\":\"Farmacias, supermercados, farmacias\"}','2023-04-09 00:16:15'),(1376,'{\"rating-2\":\"1\",\"dni_vendedor\":\"Vendedor #7\",\"Nombre\":\"Rodrigo\",\"Apellido\":\"Ort\\u00edz\",\"Cedula\":null,\"Telefono\":\"69627342\",\"Correo\":\"ortizrodrigo14@gmail.com\",\"edad\":\"36 o mas\",\"descuentos\":[\"turismo\",\"gastronom\\u00eda\",\"salud\"],\"menbresia\":\"true\",\"concurso\":\"false\",\"recomendar\":\"true\",\"lugares_frecuentes\":\"Panama Oeste\",\"comentario\":\"Farmacias, supermercados, almacenes\"}','2023-04-09 00:23:59'),(1377,'{\"rating-2\":\"1\",\"dni_vendedor\":\"Vendedor #7\",\"Nombre\":\"Rodrigo\",\"Apellido\":\"Ort\\u00edz\",\"Cedula\":null,\"Telefono\":\"69627342\",\"Correo\":\"ortizrodrigo14@gmail.com\",\"edad\":\"36 o mas\",\"descuentos\":[\"turismo\",\"gastronom\\u00eda\",\"salud\"],\"menbresia\":\"true\",\"concurso\":\"false\",\"recomendar\":\"true\",\"lugares_frecuentes\":\"Panama Oeste\",\"comentario\":\"Farmacias, supermercados, almacenes\"}','2023-04-09 00:23:59'),(1378,'{\"rating-2\":\"1\",\"dni_vendedor\":\"Vendedor #18\",\"Nombre\":\"Daniel\",\"Apellido\":\"Iturralde\",\"Cedula\":\"8-841-1315\",\"Telefono\":\"61299629\",\"Correo\":\"johand2431@gmail.com\",\"edad\":\"26 a 35\",\"descuentos\":[\"turismo\",\"diversion\",\"salud\"],\"menbresia\":\"true\",\"concurso\":\"false\",\"recomendar\":\"true\",\"newsletter\":\"acepto\",\"lugares_frecuentes\":\"Panama Este\",\"comentario\":\"No definido\"}','2023-04-09 01:36:18'),(1379,'{\"rating-2\":\"1\",\"dni_vendedor\":\"Vendedor #19\",\"Nombre\":\"Yuleydis\",\"Apellido\":\"Berrocal\",\"Cedula\":\"3-745-1710\",\"Telefono\":\"62227016\",\"Correo\":\"yuleydisberrocal@gmail.com\",\"edad\":\"18 o menos\",\"descuentos\":[\"turismo\"],\"menbresia\":\"true\",\"concurso\":\"false\",\"recomendar\":\"true\",\"newsletter\":\"acepto\",\"lugares_frecuentes\":\"Panama Oeste\",\"comentario\":\"No definido\"}','2023-04-09 02:06:14'),(1380,'{\"rating-2\":\"1\",\"dni_vendedor\":\"Vendedor #8\",\"Nombre\":\"Viviana\",\"Apellido\":\"Reina\",\"Cedula\":null,\"Telefono\":\"62779717\",\"Correo\":\"vivianareina@gmail.com\",\"edad\":\"26 a 35\",\"descuentos\":[\"turismo\",\"estudios\",\"salud\"],\"menbresia\":\"false\",\"concurso\":\"false\",\"recomendar\":\"false\",\"lugares_frecuentes\":\"Panama Oeste\",\"comentario\":\"No definido\"}','2023-04-09 02:17:10'),(1381,'{\"rating-2\":\"1\",\"dni_vendedor\":\"Vendedor #8\",\"Nombre\":\"Jos\\u00e9\",\"Apellido\":\"Martinez\",\"Cedula\":null,\"Telefono\":\"6066-5742\",\"Correo\":\"josedinomartinez@gmail.com\",\"edad\":\"36 o mas\",\"descuentos\":[\"turismo\",\"gastronom\\u00eda\"],\"menbresia\":\"false\",\"concurso\":\"false\",\"recomendar\":\"false\",\"lugares_frecuentes\":\"Panama Oeste\",\"comentario\":\"No definido\"}','2023-04-09 02:19:49'),(1382,'{\"rating-2\":\"1\",\"dni_vendedor\":\"Vendedor #1\",\"Nombre\":\"Ana\",\"Apellido\":\"Martin\",\"Cedula\":\"8-864-1880\",\"Telefono\":\"64136689\",\"Correo\":\"ana.martin.ana@hotmail.com\",\"edad\":\"26 a 35\",\"descuentos\":[\"turismo\",\"estudios\",\"diversion\"],\"menbresia\":\"false\",\"concurso\":\"false\",\"recomendar\":\"false\",\"lugares_frecuentes\":\"Panama Este\",\"comentario\":\"No definido\"}','2023-04-09 15:46:47'),(1383,'{\"rating-2\":\"1\",\"dni_vendedor\":\"Vendedor #19\",\"Nombre\":\"Shaniece\",\"Apellido\":\"Phillips\",\"Cedula\":\"8-883-738\",\"Telefono\":\"687522250\",\"Correo\":\"sphillips.1194@gmail.com\",\"edad\":\"26 a 35\",\"descuentos\":[\"turismo\",\"gastronom\\u00eda\",\"salud\"],\"menbresia\":\"false\",\"concurso\":\"false\",\"recomendar\":\"false\",\"lugares_frecuentes\":\"Panama Este\",\"comentario\":\"No definido\"}','2023-04-09 15:57:07'),(1384,'{\"rating-2\":\"1\",\"dni_vendedor\":\"Vendedor #19\",\"Nombre\":\"Leisy\",\"Apellido\":\"Espinosa\",\"Cedula\":null,\"Telefono\":\"63527091\",\"Correo\":\"leisy289344@gmail.com\",\"edad\":\"26 a 35\",\"descuentos\":[\"turismo\",\"diversion\",\"salud\"],\"menbresia\":\"true\",\"concurso\":\"false\",\"recomendar\":\"true\",\"newsletter\":\"acepto\",\"lugares_frecuentes\":\"Panama Este\",\"comentario\":\"No definido\"}','2023-04-09 16:09:06'),(1385,'{\"rating-2\":\"1\",\"dni_vendedor\":\"Vendedor #19\",\"Nombre\":\"Edwin\",\"Apellido\":\"Espinosa\",\"Cedula\":null,\"Telefono\":\"62855587\",\"Correo\":\"edwinees16@gmail.com\",\"edad\":\"26 a 35\",\"descuentos\":[\"salud\"],\"menbresia\":\"false\",\"concurso\":\"false\",\"recomendar\":\"false\",\"newsletter\":\"acepto\",\"lugares_frecuentes\":\"Panama Este\",\"comentario\":\"No definido\"}','2023-04-09 16:17:07'),(1386,'{\"rating-2\":\"1\",\"dni_vendedor\":\"Vendedor #7\",\"Nombre\":\"Dora\",\"Apellido\":\"Cerna\",\"Cedula\":null,\"Telefono\":\"64295541\",\"Correo\":\"doracerna589@gmail.com\",\"edad\":\"36 o mas\",\"descuentos\":[\"turismo\",\"gastronom\\u00eda\",\"salud\"],\"menbresia\":\"true\",\"concurso\":\"false\",\"recomendar\":\"true\",\"lugares_frecuentes\":\"Panama Este\",\"comentario\":\"Supermercados, farmacias, almacenes\"}','2023-04-09 19:18:37'),(1387,'{\"rating-2\":\"1\",\"dni_vendedor\":\"Vendedor #8\",\"Nombre\":\"Jorge\",\"Apellido\":\"Diaz\",\"Cedula\":null,\"Telefono\":\"6987-2858\",\"Correo\":\"jorged@gmail.com\",\"edad\":\"26 a 35\",\"descuentos\":[\"turismo\",\"diversion\",\"salud\"],\"menbresia\":\"false\",\"concurso\":\"false\",\"recomendar\":\"false\",\"lugares_frecuentes\":\"Panama Oeste\",\"comentario\":\"No definido\"}','2023-04-09 19:51:53'),(1388,'{\"rating-2\":\"1\",\"dni_vendedor\":\"Vendedor #7\",\"Nombre\":\"Serafin\",\"Apellido\":\"Sanchez\",\"Cedula\":null,\"Telefono\":\"67358130\",\"Correo\":\"serafinsanchez1988@gmail.com\",\"edad\":\"36 o mas\",\"descuentos\":[\"turismo\",\"gastronom\\u00eda\",\"salud\"],\"menbresia\":\"true\",\"concurso\":\"false\",\"recomendar\":\"true\",\"lugares_frecuentes\":\"Panama Este\",\"comentario\":\"Supermercados, farmacias, gasolineras, almacenes\"}','2023-04-09 19:54:48'),(1389,'{\"rating-2\":\"1\",\"dni_vendedor\":\"Vendedor #7\",\"Nombre\":\"Ana\",\"Apellido\":\"Correa\",\"Cedula\":null,\"Telefono\":\"65796939\",\"Correo\":\"annikelly07@gmail.com\",\"edad\":\"36 o mas\",\"descuentos\":[\"turismo\",\"diversion\",\"salud\"],\"menbresia\":\"true\",\"concurso\":\"false\",\"recomendar\":\"true\",\"lugares_frecuentes\":\"Panama Este\",\"comentario\":\"Supermercados, farmacias, almacenes\"}','2023-04-09 20:42:30'),(1390,'{\"rating-2\":\"1\",\"dni_vendedor\":\"Vendedor #7\",\"Nombre\":\"Keylih\",\"Apellido\":\"Manyoma\",\"Cedula\":null,\"Telefono\":\"65796939\",\"Correo\":\"annikelly07@gmail.es\",\"edad\":\"15 a 19\",\"descuentos\":[\"turismo\",\"diversion\",\"salud\"],\"menbresia\":\"true\",\"concurso\":\"false\",\"recomendar\":\"true\",\"lugares_frecuentes\":\"Panama Este\",\"comentario\":\"Supermercados, farmacias, almacenes\"}','2023-04-09 20:53:48'),(1391,'{\"rating-2\":\"1\",\"dni_vendedor\":\"Vendedor #7\",\"Nombre\":\"Keylih\",\"Apellido\":\"Manyoma\",\"Cedula\":null,\"Telefono\":\"65796939\",\"Correo\":\"annikelly07@gmail.es\",\"edad\":\"15 a 19\",\"descuentos\":[\"turismo\",\"diversion\",\"salud\"],\"menbresia\":\"true\",\"concurso\":\"false\",\"recomendar\":\"true\",\"lugares_frecuentes\":\"Panama Este\",\"comentario\":\"Supermercados, farmacias, almacenes\"}','2023-04-09 20:53:49'),(1392,'{\"rating-2\":\"1\",\"dni_vendedor\":\"Vendedor #19\",\"Nombre\":\"Luis\",\"Apellido\":\"Rios\",\"Cedula\":\"3-720-1850\",\"Telefono\":\"6627-1444\",\"Correo\":\"luisrios1410@gmail.com\",\"edad\":\"26 a 35\",\"descuentos\":[\"estudios\"],\"menbresia\":\"true\",\"concurso\":\"false\",\"recomendar\":\"true\",\"lugares_frecuentes\":\"Otros\",\"comentario\":\"No definido\"}','2023-04-09 20:55:07'),(1393,'{\"rating-2\":\"1\",\"dni_vendedor\":\"Vendedor #7\",\"Nombre\":\"Idania\",\"Apellido\":\"Rodriguez\",\"Cedula\":null,\"Telefono\":\"68981050\",\"Correo\":\"idaniarodriguez2015@gmail.com\",\"edad\":\"36 o mas\",\"descuentos\":[\"turismo\",\"gastronom\\u00eda\",\"salud\"],\"menbresia\":\"true\",\"concurso\":\"false\",\"recomendar\":\"true\",\"lugares_frecuentes\":\"Panama Este\",\"comentario\":\"Farmacias, supermercados, almacenes\"}','2023-04-09 21:30:41'),(1394,'{\"rating-2\":\"1\",\"dni_vendedor\":\"Vendedor #1\",\"Nombre\":\"Federico\",\"Apellido\":\"Vel\\u00e1squez\",\"Cedula\":null,\"Telefono\":\"60221531\",\"Correo\":\"fedevelasquez1130@gmail.com\",\"edad\":\"36 o mas\",\"descuentos\":[\"turismo\",\"gastronom\\u00eda\",\"salud\"],\"menbresia\":\"true\",\"concurso\":\"false\",\"recomendar\":\"true\",\"lugares_frecuentes\":\"Panama Este\",\"comentario\":\"Supermercados, farmacias, almacenes\"}','2023-04-09 21:34:54'),(1395,'{\"rating-2\":\"1\",\"dni_vendedor\":\"Vendedor #1\",\"Nombre\":\"Federico\",\"Apellido\":\"Vel\\u00e1squez\",\"Cedula\":null,\"Telefono\":\"60221531\",\"Correo\":\"fedevelasquez1130@gmail.com\",\"edad\":\"36 o mas\",\"descuentos\":[\"turismo\",\"gastronom\\u00eda\",\"salud\"],\"menbresia\":\"true\",\"concurso\":\"false\",\"recomendar\":\"true\",\"lugares_frecuentes\":\"Panama Este\",\"comentario\":\"Supermercados, farmacias, almacenes\"}','2023-04-09 21:34:55'),(1396,'{\"rating-2\":\"1\",\"dni_vendedor\":\"Vendedor #7\",\"Nombre\":\"Doris\",\"Apellido\":\"Hidalgo\",\"Cedula\":null,\"Telefono\":\"62842011\",\"Correo\":\"hidalgodoris13@gamil.com\",\"edad\":\"36 o mas\",\"descuentos\":[\"turismo\",\"estudios\",\"salud\"],\"menbresia\":\"true\",\"concurso\":\"false\",\"recomendar\":\"true\",\"lugares_frecuentes\":\"Panama Este\",\"comentario\":\"Supermercados, farmacias, almacenes\"}','2023-04-09 21:48:17'),(1397,'{\"rating-2\":\"1\",\"dni_vendedor\":\"Vendedor #8\",\"Nombre\":\"Edgar\",\"Apellido\":\"Gonzalez\",\"Cedula\":null,\"Telefono\":\"6218-7663\",\"Correo\":\"edgargonzalez@gmail.com\",\"edad\":\"26 a 35\",\"descuentos\":[\"turismo\",\"estudios\",\"salud\"],\"menbresia\":\"false\",\"concurso\":\"false\",\"recomendar\":\"false\",\"lugares_frecuentes\":\"Panama Oeste\",\"comentario\":\"No definido\"}','2023-04-09 22:18:31'),(1398,'{\"rating-2\":\"1\",\"dni_vendedor\":\"Vendedor #1\",\"Nombre\":\"Jonathan\",\"Apellido\":\"Villegas\",\"Cedula\":null,\"Telefono\":\"61697943\",\"Correo\":\"jonnyvillegas@gmail.com\",\"edad\":\"36 o mas\",\"descuentos\":[\"turismo\",\"salud\"],\"menbresia\":\"false\",\"concurso\":\"false\",\"recomendar\":\"false\",\"lugares_frecuentes\":\"Panama Oeste\",\"comentario\":\"No definido\"}','2023-04-09 22:19:46'),(1399,'{\"rating-2\":\"1\",\"dni_vendedor\":\"Vendedor #12\",\"Nombre\":\"Erick\",\"Apellido\":\"Suarez\",\"Cedula\":null,\"Telefono\":\"69807463\",\"Correo\":\"ericsuarez2624@gmail.com\",\"edad\":\"36 o mas\",\"descuentos\":[\"estudios\",\"gastronom\\u00eda\",\"salud\"],\"menbresia\":\"true\",\"concurso\":\"false\",\"recomendar\":\"true\",\"lugares_frecuentes\":\"Otros\",\"comentario\":\"Me gustar\\u00eda descuentos en gasolinera\"}','2023-04-09 23:52:18'),(1400,'{\"rating-2\":\"1\",\"dni_vendedor\":\"Vendedor #12\",\"Nombre\":\"Josue\",\"Apellido\":\"Suarez\",\"Cedula\":null,\"Telefono\":\"62586067\",\"Correo\":\"josuesuarez407@gmail.com\",\"edad\":\"26 a 35\",\"descuentos\":[\"turismo\",\"estudios\",\"diversion\"],\"menbresia\":\"true\",\"concurso\":\"false\",\"recomendar\":\"true\",\"lugares_frecuentes\":\"Otros\",\"comentario\":\"Tener descuento en gasolinera\"}','2023-04-09 23:55:32'),(1401,'{\"rating-2\":\"1\",\"dni_vendedor\":\"Vendedor #12\",\"Nombre\":\"Kelis\",\"Apellido\":\"Aizprua\",\"Cedula\":null,\"Telefono\":\"68764053\",\"Correo\":\"kelis_adri24@hotmail.com\",\"edad\":\"36 o mas\",\"descuentos\":[\"turismo\",\"diversion\",\"salud\"],\"menbresia\":\"false\",\"concurso\":\"false\",\"recomendar\":\"false\",\"lugares_frecuentes\":\"Otros\",\"comentario\":\"Descuento en gasolinera\"}','2023-04-10 00:00:55'),(1402,'{\"rating-2\":\"1\",\"dni_vendedor\":\"Vendedor #19\",\"Nombre\":\"Milagro\",\"Apellido\":\"Pe\\u00f1aloza\",\"Cedula\":\"8-919-2390\",\"Telefono\":\"64852375\",\"Correo\":\"milagrokati_29@hotmail.com\",\"edad\":\"26 a 35\",\"descuentos\":[\"turismo\",\"diversion\",\"gastronom\\u00eda\"],\"menbresia\":\"true\",\"concurso\":\"false\",\"recomendar\":\"true\",\"newsletter\":\"acepto\",\"lugares_frecuentes\":\"Panama Este\",\"comentario\":\"No definido\"}','2023-04-10 00:34:31'),(1403,'{\"rating-2\":\"1\",\"dni_vendedor\":\"Vendedor #19\",\"Nombre\":\"amedee\",\"Apellido\":\"medina\",\"Cedula\":\"8-877-330\",\"Telefono\":\"63261079\",\"Correo\":\"amethjaviermedina@gmail.com\",\"edad\":\"26 a 35\",\"descuentos\":[\"gastronom\\u00eda\"],\"menbresia\":\"false\",\"concurso\":\"false\",\"recomendar\":\"false\",\"lugares_frecuentes\":\"Panama Este\",\"comentario\":\"No definido\"}','2023-04-10 02:12:43'),(1404,'{\"rating-2\":\"1\",\"dni_vendedor\":\"Vendedor #7\",\"Nombre\":\"Sabina\",\"Apellido\":\"Mendoza\",\"Cedula\":null,\"Telefono\":\"68840309\",\"Correo\":\"sabinamendoza0018@gmail.com\",\"edad\":\"36 o mas\",\"descuentos\":[\"turismo\",\"gastronom\\u00eda\",\"salud\"],\"menbresia\":\"true\",\"concurso\":\"false\",\"recomendar\":\"true\",\"lugares_frecuentes\":\"Panama Este\",\"comentario\":\"Supermercados, farmacias, almacenes\"}','2023-04-10 12:12:11'),(1405,'{\"rating-2\":\"1\",\"dni_vendedor\":\"Vendedor #7\",\"Nombre\":\"Elisa\",\"Apellido\":\"Flores\",\"Cedula\":null,\"Telefono\":\"65152849\",\"Correo\":\"eli1898flores@gmail.com\",\"edad\":\"18 o menos\",\"descuentos\":[\"turismo\",\"gastronom\\u00eda\",\"salud\"],\"menbresia\":\"true\",\"concurso\":\"false\",\"recomendar\":\"true\",\"lugares_frecuentes\":\"Panama Oeste\",\"comentario\":\"Supermercados, farmacias, almacenes\"}','2023-04-10 12:22:36'),(1406,'{\"rating-2\":\"1\",\"dni_vendedor\":\"Vendedor #7\",\"Nombre\":\"Mabel\",\"Apellido\":\"Salas\",\"Cedula\":null,\"Telefono\":\"65531725\",\"Correo\":\"meryangwel232505@gmal.com\",\"edad\":\"36 o mas\",\"descuentos\":[\"turismo\",\"gastronom\\u00eda\",\"salud\"],\"menbresia\":\"true\",\"concurso\":\"false\",\"recomendar\":\"true\",\"lugares_frecuentes\":\"Panama Este\",\"comentario\":\"Supermercados, almacenes, farmacias\"}','2023-04-10 12:35:14'),(1407,'{\"rating-2\":\"1\",\"dni_vendedor\":\"Vendedor #7\",\"Nombre\":\"Meryangel\",\"Apellido\":\"Dixon\",\"Cedula\":null,\"Telefono\":\"67871718\",\"Correo\":\"meryangeldixon7@gmail.com\",\"edad\":\"18 o menos\",\"descuentos\":[\"turismo\",\"gastronom\\u00eda\",\"salud\"],\"menbresia\":\"true\",\"concurso\":\"false\",\"recomendar\":\"true\",\"lugares_frecuentes\":\"Panama Este\",\"comentario\":\"Supermercados, farmacias, almacenes\"}','2023-04-10 12:41:22'),(1408,'{\"rating-2\":\"1\",\"dni_vendedor\":\"Vendedor #8\",\"Nombre\":\"Lorena\",\"Apellido\":\"Vega\",\"Cedula\":null,\"Telefono\":\"6790-0465\",\"Correo\":\"lorecwga@gmail.com\",\"edad\":\"26 a 35\",\"descuentos\":[\"turismo\",\"estudios\",\"salud\"],\"menbresia\":\"false\",\"concurso\":\"false\",\"recomendar\":\"false\",\"lugares_frecuentes\":\"Panama Oeste\",\"comentario\":\"No definido\"}','2023-04-10 13:20:36'),(1409,'{\"rating-2\":\"1\",\"dni_vendedor\":\"Vendedor #1\",\"Nombre\":\"Lorena\",\"Apellido\":\"Vega\",\"Cedula\":null,\"Telefono\":\"6790-0465\",\"Correo\":\"lorevwga@gmail.com\",\"edad\":\"26 a 35\",\"descuentos\":[\"turismo\",\"estudios\",\"salud\"],\"menbresia\":\"false\",\"concurso\":\"false\",\"recomendar\":\"false\",\"lugares_frecuentes\":\"Panama Centro\",\"comentario\":\"No definido\"}','2023-04-10 13:21:44'),(1410,'{\"rating-2\":\"1\",\"dni_vendedor\":\"Vendedor #1\",\"Nombre\":\"Lorena\",\"Apellido\":\"Vega\",\"Cedula\":null,\"Telefono\":\"6790-0465\",\"Correo\":\"lorevwga@gmail.com\",\"edad\":\"26 a 35\",\"descuentos\":[\"turismo\",\"estudios\",\"salud\"],\"menbresia\":\"false\",\"concurso\":\"false\",\"recomendar\":\"false\",\"lugares_frecuentes\":\"Panama Centro\",\"comentario\":\"No definido\"}','2023-04-10 13:21:44'),(1411,'{\"rating-2\":\"1\",\"dni_vendedor\":\"Vendedor #7\",\"Nombre\":\"Giovanni\",\"Apellido\":\"Salas\",\"Cedula\":null,\"Telefono\":\"66922677\",\"Correo\":\"enriquegiovannie@gmail.com\",\"edad\":\"36 o mas\",\"descuentos\":[\"turismo\",\"gastronom\\u00eda\",\"salud\"],\"menbresia\":\"true\",\"concurso\":\"false\",\"recomendar\":\"true\",\"lugares_frecuentes\":\"Panama Este\",\"comentario\":\"Supermercados, farmacias, almacenes\"}','2023-04-10 14:46:34'),(1412,'{\"rating-2\":\"1\",\"dni_vendedor\":\"Vendedor #7\",\"Nombre\":\"Ariel\",\"Apellido\":\"Salas\",\"Cedula\":null,\"Telefono\":\"60516986\",\"Correo\":\"arielsalas19@gmail.com\",\"edad\":\"36 o mas\",\"descuentos\":[\"turismo\",\"gastronom\\u00eda\",\"salud\"],\"menbresia\":\"true\",\"concurso\":\"false\",\"recomendar\":\"true\",\"lugares_frecuentes\":\"Panama Este\",\"comentario\":\"Supermercados, gasolineras farmacias\"}','2023-04-10 15:14:38'),(1413,'{\"rating-2\":\"1\",\"dni_vendedor\":\"Vendedor #7\",\"Nombre\":\"Ariel\",\"Apellido\":\"Salas\",\"Cedula\":null,\"Telefono\":\"60516986\",\"Correo\":\"arielsalas19@gmail.com\",\"edad\":\"36 o mas\",\"descuentos\":[\"turismo\",\"gastronom\\u00eda\",\"salud\"],\"menbresia\":\"true\",\"concurso\":\"false\",\"recomendar\":\"true\",\"lugares_frecuentes\":\"Panama Este\",\"comentario\":\"Supermercados, gasolineras farmacias\"}','2023-04-10 15:14:38'),(1414,'{\"rating-2\":\"1\",\"dni_vendedor\":\"Vendedor #7\",\"Nombre\":\"Ariel\",\"Apellido\":\"Salas\",\"Cedula\":null,\"Telefono\":\"60516986\",\"Correo\":\"yandelorlando0903@gmail.com\",\"edad\":\"18 o menos\",\"descuentos\":[\"turismo\",\"gastronom\\u00eda\",\"salud\"],\"menbresia\":\"true\",\"concurso\":\"false\",\"recomendar\":\"true\",\"lugares_frecuentes\":\"Panama Este\",\"comentario\":\"Supermercados, farmacias, almacenes\"}','2023-04-10 15:21:21'),(1415,'{\"rating-2\":\"1\",\"dni_vendedor\":\"Vendedor #7\",\"Nombre\":\"Keysi\",\"Apellido\":\"Avila\",\"Cedula\":null,\"Telefono\":\"65775509\",\"Correo\":\"keyhel83@gmail.com\",\"edad\":\"36 o mas\",\"descuentos\":[\"turismo\",\"gastronom\\u00eda\",\"salud\"],\"menbresia\":\"true\",\"concurso\":\"false\",\"recomendar\":\"false\",\"lugares_frecuentes\":\"Panama Este\",\"comentario\":\"Supermercados, farmacias, almacenes\"}','2023-04-10 17:14:07'),(1416,'{\"rating-2\":\"1\",\"dni_vendedor\":\"Vendedor #7\",\"Nombre\":\"Yiskeira\",\"Apellido\":\"Mora\",\"Cedula\":null,\"Telefono\":\"65079191\",\"Correo\":\"myiskeira@gmail.com\",\"edad\":\"18 o menos\",\"descuentos\":[\"turismo\",\"gastronom\\u00eda\",\"salud\"],\"menbresia\":\"true\",\"concurso\":\"false\",\"recomendar\":\"true\",\"lugares_frecuentes\":\"Panama Este\",\"comentario\":\"Supermercados, farmacias, almacenes\"}','2023-04-10 17:22:13'),(1417,'{\"rating-2\":\"1\",\"dni_vendedor\":\"Vendedor #7\",\"Nombre\":\"Ydalith\",\"Apellido\":\"Rodriguez\",\"Cedula\":null,\"Telefono\":\"62125811\",\"Correo\":\"ydalithrodriguez8@gmal.com\",\"edad\":\"18 o menos\",\"descuentos\":[\"turismo\",\"gastronom\\u00eda\",\"salud\"],\"menbresia\":\"true\",\"concurso\":\"false\",\"recomendar\":\"true\",\"lugares_frecuentes\":\"Panama Este\",\"comentario\":\"Almacenes, farmacias, supermercados\"}','2023-04-10 17:33:53'),(1418,'{\"rating-2\":\"1\",\"dni_vendedor\":\"Vendedor #1\",\"Nombre\":\"Yaurisbell\",\"Apellido\":\"Perez\",\"Cedula\":null,\"Telefono\":\"68379069\",\"Correo\":\"perezacrisbel@gmail.com\",\"edad\":\"18 o menos\",\"descuentos\":[\"turismo\",\"gastronom\\u00eda\",\"salud\"],\"menbresia\":\"true\",\"concurso\":\"false\",\"recomendar\":\"true\",\"lugares_frecuentes\":\"Panama Este\",\"comentario\":\"Supermercados, almacenes, farmacias\"}','2023-04-10 17:37:54'),(1419,'{\"rating-2\":\"1\",\"dni_vendedor\":\"Vendedor #1\",\"Nombre\":\"Yaurisbell\",\"Apellido\":\"Perez\",\"Cedula\":null,\"Telefono\":\"68379069\",\"Correo\":\"perezacrisbel@gmail.com\",\"edad\":\"18 o menos\",\"descuentos\":[\"turismo\",\"gastronom\\u00eda\",\"salud\"],\"menbresia\":\"true\",\"concurso\":\"false\",\"recomendar\":\"true\",\"lugares_frecuentes\":\"Panama Este\",\"comentario\":\"Supermercados, almacenes, farmacias\"}','2023-04-10 17:37:54'),(1420,'{\"rating-2\":\"1\",\"dni_vendedor\":\"Vendedor #20\",\"Nombre\":\"Javier\",\"Apellido\":\"Gonzalez\",\"Cedula\":null,\"Telefono\":\"64435250\",\"Correo\":\"milo19299@hotmail.com\",\"edad\":\"26 a 35\",\"descuentos\":[\"turismo\",\"diversion\",\"gastronom\\u00eda\"],\"menbresia\":\"true\",\"concurso\":\"false\",\"recomendar\":\"true\",\"lugares_frecuentes\":\"Panama Centro\",\"comentario\":\"No definido\"}','2023-04-10 20:06:55'),(1421,'{\"rating-2\":\"1\",\"dni_vendedor\":\"Vendedor #12\",\"Nombre\":\"Kayra\",\"Apellido\":\"Herrarte\",\"Cedula\":null,\"Telefono\":\"66778566\",\"Correo\":\"kayra11@gmail.com\",\"edad\":\"36 o mas\",\"descuentos\":[\"turismo\",\"gastronom\\u00eda\",\"salud\"],\"menbresia\":\"true\",\"concurso\":\"false\",\"recomendar\":\"true\",\"lugares_frecuentes\":\"Otros\",\"comentario\":\"No definido\"}','2023-04-10 20:19:10'),(1422,'{\"rating-2\":\"1\",\"dni_vendedor\":\"Vendedor #12\",\"Nombre\":\"Alfredo\",\"Apellido\":\"Douglas\",\"Cedula\":null,\"Telefono\":\"63140310\",\"Correo\":\"douglasxacal29@gmail.com\",\"edad\":\"36 o mas\",\"descuentos\":[\"turismo\",\"estudios\",\"salud\"],\"menbresia\":\"true\",\"concurso\":\"false\",\"recomendar\":\"true\",\"lugares_frecuentes\":\"Panama Este\",\"comentario\":\"No definido\"}','2023-04-10 20:35:08'),(1423,'{\"rating-2\":\"1\",\"dni_vendedor\":\"Vendedor #12\",\"Nombre\":\"Angelica\",\"Apellido\":\"Agudelo\",\"Cedula\":null,\"Telefono\":\"62934790\",\"Correo\":\"angelica.agudelo0505@gmail.com\",\"edad\":\"36 o mas\",\"descuentos\":[\"turismo\",\"estudios\",\"diversion\"],\"menbresia\":\"true\",\"concurso\":\"false\",\"recomendar\":\"true\",\"lugares_frecuentes\":\"Panama Centro\",\"comentario\":\"No definido\"}','2023-04-10 20:42:26'),(1424,'{\"rating-2\":\"1\",\"dni_vendedor\":\"Vendedor #12\",\"Nombre\":\"Jorge\",\"Apellido\":\"Flores\",\"Cedula\":null,\"Telefono\":\"64590994\",\"Correo\":\"jorgejesus.flores0706@gmail.com\",\"edad\":\"36 o mas\",\"descuentos\":[\"turismo\",\"diversion\",\"salud\"],\"menbresia\":\"false\",\"concurso\":\"false\",\"recomendar\":\"true\",\"lugares_frecuentes\":\"Chiriqui\",\"comentario\":\"No definido\"}','2023-04-10 20:46:45'),(1425,'{\"rating-2\":\"1\",\"dni_vendedor\":\"Vendedor #12\",\"Nombre\":\"Angelica\",\"Apellido\":\"Do\\u00f1a\",\"Cedula\":null,\"Telefono\":\"62507869\",\"Correo\":\"anghidona@gmail.com\",\"edad\":\"36 o mas\",\"descuentos\":[\"turismo\",\"estudios\",\"salud\"],\"menbresia\":\"true\",\"concurso\":\"false\",\"recomendar\":\"true\",\"lugares_frecuentes\":\"Otros\",\"comentario\":\"No definido\"}','2023-04-10 20:54:27'),(1426,'{\"rating-2\":\"1\",\"dni_vendedor\":\"Vendedor #12\",\"Nombre\":\"Carlos\",\"Apellido\":\"Rodr\\u00edguez\",\"Cedula\":null,\"Telefono\":\"67280868\",\"Correo\":\"crcarlosrodriguez25@gmail.com\",\"edad\":\"36 o mas\",\"descuentos\":[\"turismo\",\"diversion\",\"gastronom\\u00eda\"],\"menbresia\":\"true\",\"concurso\":\"false\",\"recomendar\":\"true\",\"lugares_frecuentes\":\"Otros\",\"comentario\":\"No definido\"}','2023-04-10 21:14:38'),(1427,'{\"rating-2\":\"1\",\"dni_vendedor\":\"Vendedor #12\",\"Nombre\":\"Eyda\",\"Apellido\":\"De Herrarte\",\"Cedula\":null,\"Telefono\":\"66376280\",\"Correo\":\"eydarodriguez@gmail.com\",\"edad\":\"36 o mas\",\"descuentos\":[\"turismo\",\"gastronom\\u00eda\",\"salud\"],\"menbresia\":\"true\",\"concurso\":\"false\",\"recomendar\":\"true\",\"lugares_frecuentes\":\"Panama Centro\",\"comentario\":\"No definido\"}','2023-04-10 21:17:36'),(1428,'{\"rating-2\":\"1\",\"dni_vendedor\":\"Vendedor #12\",\"Nombre\":\"Daritza\",\"Apellido\":\"Bernal\",\"Cedula\":null,\"Telefono\":\"67450043\",\"Correo\":\"darybethphillips19@gmail.com\",\"edad\":\"36 o mas\",\"descuentos\":[\"turismo\",\"gastronom\\u00eda\",\"salud\"],\"menbresia\":\"true\",\"concurso\":\"false\",\"recomendar\":\"true\",\"lugares_frecuentes\":\"Otros\",\"comentario\":\"No definido\"}','2023-04-10 21:24:14'),(1429,'{\"rating-2\":\"1\",\"dni_vendedor\":\"Vendedor #20\",\"Nombre\":\"Jose\",\"Apellido\":\"Navarro\",\"Cedula\":\"8-760-1743\",\"Telefono\":\"61518827\",\"Correo\":\"navarrojose12@hotmail.ocm\",\"edad\":\"36 o mas\",\"descuentos\":[\"salud\"],\"menbresia\":\"false\",\"concurso\":\"false\",\"recomendar\":\"false\",\"lugares_frecuentes\":\"Panama Este\",\"comentario\":\"No definido\"}','2023-04-10 21:34:35'),(1430,'{\"rating-2\":\"1\",\"dni_vendedor\":\"Vendedor #13\",\"Nombre\":\"Karen\",\"Apellido\":\"Gonzalez\",\"Cedula\":\"8-1048-302\",\"Telefono\":\"69927260\",\"Correo\":\"karengonzalez0128@gmail.com\",\"edad\":\"18 o menos\",\"descuentos\":[\"turismo\",\"estudios\",\"salud\"],\"menbresia\":\"true\",\"concurso\":\"false\",\"recomendar\":\"true\",\"newsletter\":\"acepto\",\"lugares_frecuentes\":\"Panama Centro\",\"comentario\":\"No definido\"}','2023-04-10 23:37:11'),(1431,'{\"rating-2\":\"1\",\"dni_vendedor\":\"Vendedor #13\",\"Nombre\":\"Cenobia\",\"Apellido\":\"Pati\\u00f1o\",\"Cedula\":\"8-756-1103\",\"Telefono\":\"62171435\",\"Correo\":\"caridadpatino24@gmail.com\",\"edad\":\"36 o mas\",\"descuentos\":[\"estudios\",\"gastronom\\u00eda\",\"salud\"],\"menbresia\":\"true\",\"concurso\":\"false\",\"recomendar\":\"true\",\"newsletter\":\"acepto\",\"lugares_frecuentes\":\"Panama Centro\",\"comentario\":\"No definido\"}','2023-04-10 23:40:31'),(1432,'{\"rating-2\":\"1\",\"dni_vendedor\":\"Vendedor #7\",\"Nombre\":\"Brenda\",\"Apellido\":\"Perez\",\"Cedula\":null,\"Telefono\":\"67383422\",\"Correo\":\"brendaperez17@gmail.com\",\"edad\":\"36 o mas\",\"descuentos\":[\"turismo\",\"gastronom\\u00eda\",\"salud\"],\"menbresia\":\"true\",\"concurso\":\"false\",\"recomendar\":\"true\",\"lugares_frecuentes\":\"Panama Este\",\"comentario\":\"Supermercados, farmacias, almacemes\"}','2023-04-10 23:42:40'),(1433,'{\"rating-2\":\"1\",\"dni_vendedor\":\"Vendedor #7\",\"Nombre\":\"Miriam\",\"Apellido\":\"Mercado\",\"Cedula\":null,\"Telefono\":\"64207891\",\"Correo\":\"miriammercadoguardia@gmail.com\",\"edad\":\"36 o mas\",\"descuentos\":[\"turismo\",\"gastronom\\u00eda\",\"salud\"],\"menbresia\":\"true\",\"concurso\":\"false\",\"recomendar\":\"true\",\"lugares_frecuentes\":\"Panama Oeste\",\"comentario\":\"Supermercados, farmacias, almacenes\"}','2023-04-10 23:54:00'),(1434,'{\"rating-2\":\"1\",\"dni_vendedor\":\"Vendedor #7\",\"Nombre\":\"Fatima\",\"Apellido\":\"Flores\",\"Cedula\":null,\"Telefono\":\"62071047\",\"Correo\":\"faty164@outlook.com\",\"edad\":\"36 o mas\",\"descuentos\":[\"turismo\",\"gastronom\\u00eda\",\"salud\"],\"menbresia\":\"true\",\"concurso\":\"false\",\"recomendar\":\"true\",\"lugares_frecuentes\":\"Panama Centro\",\"comentario\":\"Supermercados, farmacias, almacenes\"}','2023-04-11 00:07:59'),(1435,'{\"rating-2\":\"1\",\"dni_vendedor\":\"Vendedor #13\",\"Nombre\":\"Jonny\",\"Apellido\":\"Pe\\u00f1a\",\"Cedula\":\"19 498 061\",\"Telefono\":\"65841492\",\"Correo\":\"jonnype62@gmail.com\",\"edad\":\"36 o mas\",\"descuentos\":[\"salud\"],\"menbresia\":\"true\",\"concurso\":\"false\",\"recomendar\":\"false\",\"lugares_frecuentes\":\"Panama Centro\",\"comentario\":\"Ninguna\"}','2023-04-11 01:06:13'),(1436,'{\"rating-2\":\"1\",\"dni_vendedor\":\"Vendedor #12\",\"Nombre\":\"Johana\",\"Apellido\":\"Castillo\",\"Cedula\":null,\"Telefono\":\"63768455\",\"Correo\":\"johyy526@gmail.com\",\"edad\":\"36 o mas\",\"descuentos\":[\"turismo\",\"diversion\",\"salud\"],\"menbresia\":\"true\",\"concurso\":\"false\",\"recomendar\":\"true\",\"lugares_frecuentes\":\"Otros\",\"comentario\":\"No definido\"}','2023-04-11 02:17:12'),(1437,'{\"rating-2\":\"1\",\"dni_vendedor\":\"Vendedor #12\",\"Nombre\":\"Joel\",\"Apellido\":\"Yepez\",\"Cedula\":null,\"Telefono\":\"67850873\",\"Correo\":\"angelyepez221@gmail.com\",\"edad\":\"26 a 35\",\"descuentos\":[\"diversion\",\"gastronom\\u00eda\",\"salud\"],\"menbresia\":\"true\",\"concurso\":\"false\",\"recomendar\":\"true\",\"newsletter\":\"acepto\",\"lugares_frecuentes\":\"Otros\",\"comentario\":\"Descuentos en supermercados\"}','2023-04-11 02:32:26'),(1438,'{\"rating-2\":\"1\",\"dni_vendedor\":\"Vendedor #12\",\"Nombre\":\"Jorge\",\"Apellido\":\"Yepez\",\"Cedula\":null,\"Telefono\":\"67362471\",\"Correo\":\"jy848772@gmail.com\",\"edad\":\"36 o mas\",\"descuentos\":[\"turismo\",\"gastronom\\u00eda\",\"salud\"],\"menbresia\":\"true\",\"concurso\":\"false\",\"recomendar\":\"true\",\"lugares_frecuentes\":\"Otros\",\"comentario\":\"No definido\"}','2023-04-11 03:00:04'),(1439,'{\"rating-2\":\"1\",\"dni_vendedor\":\"Vendedor #12\",\"Nombre\":\"Betzaida\",\"Apellido\":\"Cantoral\",\"Cedula\":null,\"Telefono\":\"67565515\",\"Correo\":\"betzykourany22@gmail.com\",\"edad\":\"36 o mas\",\"descuentos\":[\"turismo\",\"gastronom\\u00eda\",\"salud\"],\"menbresia\":\"true\",\"concurso\":\"false\",\"recomendar\":\"true\",\"lugares_frecuentes\":\"Otros\",\"comentario\":\"No definido\"}','2023-04-11 14:55:09'),(1440,'{\"rating-2\":\"1\",\"dni_vendedor\":\"Vendedor #12\",\"Nombre\":\"Virgilio\",\"Apellido\":\"Angulo\",\"Cedula\":null,\"Telefono\":\"60522336\",\"Correo\":\"virgilioangulo1@gmail.con\",\"edad\":\"36 o mas\",\"descuentos\":[\"turismo\",\"gastronom\\u00eda\",\"salud\"],\"menbresia\":\"true\",\"concurso\":\"false\",\"recomendar\":\"true\",\"lugares_frecuentes\":\"Otros\",\"comentario\":\"No definido\"}','2023-04-11 15:00:26'),(1441,'{\"rating-2\":\"1\",\"dni_vendedor\":\"Vendedor #12\",\"Nombre\":\"Genesis\",\"Apellido\":\"Parfait\",\"Cedula\":null,\"Telefono\":\"61705262\",\"Correo\":\"geparfait12@gmail.com\",\"edad\":\"26 a 35\",\"descuentos\":[\"turismo\",\"gastronom\\u00eda\",\"salud\"],\"menbresia\":\"true\",\"concurso\":\"false\",\"recomendar\":\"true\",\"lugares_frecuentes\":\"Otros\",\"comentario\":\"No definido\"}','2023-04-11 15:08:28'),(1442,'{\"rating-2\":\"1\",\"dni_vendedor\":\"Vendedor #12\",\"Nombre\":\"Maximo\",\"Apellido\":\"Herrarte\",\"Cedula\":null,\"Telefono\":\"68270517\",\"Correo\":\"colt28_4@hotmail.com\",\"edad\":\"18 o menos\",\"descuentos\":[\"turismo\",\"gastronom\\u00eda\",\"salud\"],\"menbresia\":\"true\",\"concurso\":\"false\",\"recomendar\":\"true\",\"lugares_frecuentes\":\"Otros\",\"comentario\":\"No definido\"}','2023-04-11 15:30:06'),(1443,'{\"rating-2\":\"1\",\"dni_vendedor\":\"Vendedor #12\",\"Nombre\":\"Miguel\",\"Apellido\":\"Herrarte\",\"Cedula\":null,\"Telefono\":\"67441419\",\"Correo\":\"miguel.herrarte08@gmail.com\",\"edad\":\"36 o mas\",\"descuentos\":[\"turismo\",\"gastronom\\u00eda\",\"salud\"],\"menbresia\":\"true\",\"concurso\":\"false\",\"recomendar\":\"true\",\"lugares_frecuentes\":\"Otros\",\"comentario\":\"No definido\"}','2023-04-11 15:51:42'),(1444,'{\"rating-2\":\"1\",\"dni_vendedor\":\"Vendedor #12\",\"Nombre\":\"Betzaida\",\"Apellido\":\"Hoo\",\"Cedula\":null,\"Telefono\":\"67424289\",\"Correo\":\"betzyhoo@gmail.com\",\"edad\":\"26 a 35\",\"descuentos\":[\"turismo\",\"diversion\",\"salud\"],\"menbresia\":\"true\",\"concurso\":\"false\",\"recomendar\":\"true\",\"lugares_frecuentes\":\"Otros\",\"comentario\":\"No definido\"}','2023-04-11 16:14:58'),(1445,'{\"rating-2\":\"1\",\"dni_vendedor\":\"Vendedor #19\",\"Nombre\":\"Irving\",\"Apellido\":\"Torres\",\"Cedula\":\"8-762-1786\",\"Telefono\":\"62059822\",\"Correo\":\"guadamuzheyler@gmail.com\",\"edad\":\"36 o mas\",\"descuentos\":[\"turismo\",\"estudios\",\"salud\"],\"menbresia\":\"false\",\"concurso\":\"false\",\"recomendar\":\"false\",\"lugares_frecuentes\":\"Panama Oeste\",\"comentario\":\"No definido\"}','2023-04-11 17:28:54'),(1446,'{\"rating-2\":\"1\",\"dni_vendedor\":\"Vendedor #19\",\"Nombre\":\"Nicole\",\"Apellido\":\"Dobreanu\",\"Cedula\":\"8-911-1946\",\"Telefono\":\"60298513\",\"Correo\":\"dobreanu19@gmail.com\",\"edad\":\"26 a 35\",\"descuentos\":[\"turismo\",\"gastronom\\u00eda\",\"salud\"],\"menbresia\":\"true\",\"concurso\":\"false\",\"recomendar\":\"false\",\"lugares_frecuentes\":\"Panama Este\",\"comentario\":\"No definido\"}','2023-04-11 17:48:38'),(1447,'{\"rating-2\":\"1\",\"dni_vendedor\":\"Vendedor #1\",\"Nombre\":\"Melannie\",\"Apellido\":\"Olivierre\",\"Cedula\":\"8-981-1788\",\"Telefono\":\"69660567\",\"Correo\":\"melannieolivierre726@gmail.com\",\"edad\":\"26 a 35\",\"descuentos\":[\"gastronom\\u00eda\",\"salud\"],\"menbresia\":\"true\",\"concurso\":\"false\",\"recomendar\":\"false\",\"newsletter\":\"acepto\",\"lugares_frecuentes\":\"Panama Este\",\"comentario\":\"No definido\"}','2023-04-11 18:03:16'),(1448,'{\"rating-2\":\"1\",\"dni_vendedor\":\"Vendedor #7\",\"Nombre\":\"Julissa\",\"Apellido\":\"Trejos\",\"Cedula\":null,\"Telefono\":\"63562322\",\"Correo\":\"julissa71@gmail.com\",\"edad\":\"36 o mas\",\"descuentos\":[\"turismo\",\"gastronom\\u00eda\",\"salud\"],\"menbresia\":\"true\",\"concurso\":\"false\",\"recomendar\":\"true\",\"lugares_frecuentes\":\"Panama Este\",\"comentario\":\"Supermercados, farmacias, almacenes\"}','2023-04-11 18:12:21'),(1449,'{\"rating-2\":\"1\",\"dni_vendedor\":\"Vendedor #7\",\"Nombre\":\"Julissa\",\"Apellido\":\"Trejos\",\"Cedula\":null,\"Telefono\":\"63562322\",\"Correo\":\"julissa71@gmail.com\",\"edad\":\"36 o mas\",\"descuentos\":[\"turismo\",\"gastronom\\u00eda\",\"salud\"],\"menbresia\":\"true\",\"concurso\":\"false\",\"recomendar\":\"true\",\"lugares_frecuentes\":\"Panama Este\",\"comentario\":\"Supermercados, farmacias, almacenes\"}','2023-04-11 18:12:21'),(1450,'{\"rating-2\":\"1\",\"dni_vendedor\":\"Vendedor #1\",\"Nombre\":\"Daineet\",\"Apellido\":\"Gonz\\u00e1lez\",\"Cedula\":null,\"Telefono\":\"63928374\",\"Correo\":\"daineetgonzalez@gmail.com\",\"edad\":\"36 o mas\",\"descuentos\":[\"turismo\",\"estudios\",\"diversion\"],\"menbresia\":\"true\",\"concurso\":\"false\",\"recomendar\":\"true\",\"newsletter\":\"acepto\",\"lugares_frecuentes\":\"Panama Este\",\"comentario\":\"No\"}','2023-04-11 18:21:59'),(1451,'{\"rating-2\":\"1\",\"dni_vendedor\":\"Vendedor #1\",\"Nombre\":\"Anahielis\",\"Apellido\":\"Leiva\",\"Cedula\":\"8-1042-1145\",\"Telefono\":\"69660567\",\"Correo\":\"olivierremelannie726@gmail.com\",\"edad\":\"15 a 19\",\"descuentos\":[\"gastronom\\u00eda\",\"salud\"],\"menbresia\":\"true\",\"concurso\":\"false\",\"recomendar\":\"true\",\"newsletter\":\"acepto\",\"lugares_frecuentes\":\"Panama Este\",\"comentario\":\"No definido\"}','2023-04-11 18:44:24'),(1452,'{\"rating-2\":\"1\",\"dni_vendedor\":\"Vendedor #19\",\"Nombre\":\"Sim\\u00f3n\",\"Apellido\":\"Alexander\",\"Cedula\":\"8-872-2098\",\"Telefono\":\"63245937\",\"Correo\":\"alexander_mr_17@hotmail.com\",\"edad\":\"26 a 35\",\"descuentos\":[\"turismo\",\"diversion\",\"salud\"],\"menbresia\":\"true\",\"concurso\":\"false\",\"recomendar\":\"true\",\"newsletter\":\"acepto\",\"lugares_frecuentes\":\"Panama Centro\",\"comentario\":\"No definido\"}','2023-04-11 19:23:27'),(1453,'{\"rating-2\":\"1\",\"dni_vendedor\":\"Vendedor #19\",\"Nombre\":\"Yanitza\",\"Apellido\":\"Palma\",\"Cedula\":\"8-815-902\",\"Telefono\":\"62326274\",\"Correo\":\"yanitzapalma@outlook.es\",\"edad\":\"26 a 35\",\"descuentos\":[\"turismo\",\"estudios\"],\"menbresia\":\"true\",\"concurso\":\"false\",\"recomendar\":\"true\",\"lugares_frecuentes\":\"Panama Centro\",\"comentario\":\"No definido\"}','2023-04-11 19:38:29'),(1454,'{\"rating-2\":\"1\",\"dni_vendedor\":\"Vendedor #12\",\"Nombre\":\"David\",\"Apellido\":\"Yau\",\"Cedula\":null,\"Telefono\":\"69834888\",\"Correo\":\"davidyau507@gmail.com\",\"edad\":\"36 o mas\",\"descuentos\":[\"turismo\",\"diversion\",\"gastronom\\u00eda\"],\"menbresia\":\"true\",\"concurso\":\"false\",\"recomendar\":\"true\",\"lugares_frecuentes\":\"Panama Este\",\"comentario\":\"No definido\"}','2023-04-11 21:38:02'),(1455,'{\"rating-2\":\"1\",\"dni_vendedor\":\"Vendedor #12\",\"Nombre\":\"Marcia\",\"Apellido\":\"Herrera\",\"Cedula\":null,\"Telefono\":\"66449432\",\"Correo\":\"marcia.herrarte09@gmsil.com\",\"edad\":\"36 o mas\",\"descuentos\":[\"turismo\",\"gastronom\\u00eda\",\"salud\"],\"menbresia\":\"true\",\"concurso\":\"false\",\"recomendar\":\"true\",\"lugares_frecuentes\":\"Otros\",\"comentario\":\"No definido\"}','2023-04-11 21:58:09'),(1456,'{\"rating-2\":\"1\",\"dni_vendedor\":\"Vendedor #12\",\"Nombre\":\"Sonia\",\"Apellido\":\"Parfait\",\"Cedula\":null,\"Telefono\":\"60982017\",\"Correo\":\"parfait1124@gmail.com\",\"edad\":\"26 a 35\",\"descuentos\":[\"turismo\",\"gastronom\\u00eda\",\"salud\"],\"menbresia\":\"true\",\"concurso\":\"false\",\"recomendar\":\"true\",\"lugares_frecuentes\":\"Otros\",\"comentario\":\"No definido\"}','2023-04-11 22:23:23'),(1457,'{\"rating-2\":\"1\",\"dni_vendedor\":\"Vendedor #12\",\"Nombre\":\"Johany\",\"Apellido\":\"Wyllchez\",\"Cedula\":null,\"Telefono\":\"66776679\",\"Correo\":\"jwyllchez@hotmail.com\",\"edad\":\"36 o mas\",\"descuentos\":[\"turismo\",\"estudios\",\"salud\"],\"menbresia\":\"true\",\"concurso\":\"false\",\"recomendar\":\"true\",\"lugares_frecuentes\":\"Otros\",\"comentario\":\"No definido\"}','2023-04-11 22:43:10'),(1458,'{\"rating-2\":\"1\",\"dni_vendedor\":\"Vendedor #18\",\"Nombre\":\"Carlos\",\"Apellido\":\"Solis\",\"Cedula\":null,\"Telefono\":\"6896-4459\",\"Correo\":\"Carlossolis21.cs@gmail.com\",\"edad\":\"26 a 35\",\"descuentos\":[\"turismo\",\"gastronom\\u00eda\",\"salud\"],\"menbresia\":\"true\",\"concurso\":\"false\",\"recomendar\":\"true\",\"lugares_frecuentes\":\"Panama Este\",\"comentario\":\"No definido\"}','2023-04-11 22:45:17'),(1459,'{\"rating-2\":\"1\",\"dni_vendedor\":\"Vendedor #12\",\"Nombre\":\"Erich\",\"Apellido\":\"Montilla\",\"Cedula\":null,\"Telefono\":\"66776679\",\"Correo\":\"erich.montilla.wyllchez@gmail.com\",\"edad\":\"18 o menos\",\"descuentos\":[\"turismo\",\"estudios\",\"salud\"],\"menbresia\":\"true\",\"concurso\":\"false\",\"recomendar\":\"true\",\"lugares_frecuentes\":\"Otros\",\"comentario\":\"No definido\"}','2023-04-11 22:45:24'),(1460,'{\"rating-2\":\"1\",\"dni_vendedor\":\"Vendedor #18\",\"Nombre\":\"Anel\",\"Apellido\":\"Algandona\",\"Cedula\":null,\"Telefono\":\"63017293\",\"Correo\":\"algandona77@gmail.com\",\"edad\":\"26 a 35\",\"descuentos\":[\"turismo\",\"gastronom\\u00eda\",\"salud\"],\"menbresia\":\"true\",\"concurso\":\"false\",\"recomendar\":\"false\",\"lugares_frecuentes\":\"Panama Este\",\"comentario\":\"No definido\"}','2023-04-12 00:17:26'),(1461,'{\"rating-2\":\"1\",\"dni_vendedor\":\"Vendedor #18\",\"Nombre\":\"Ashley\",\"Apellido\":\"Lezcano\",\"Cedula\":null,\"Telefono\":\"63673926\",\"Correo\":\"ash-dark@hotmail.com\",\"edad\":\"26 a 35\",\"descuentos\":[\"turismo\",\"gastronom\\u00eda\",\"salud\"],\"menbresia\":\"false\",\"concurso\":\"false\",\"recomendar\":\"false\",\"lugares_frecuentes\":\"Panama Este\",\"comentario\":\"No definido\"}','2023-04-12 00:49:58'),(1462,'{\"rating-2\":\"1\",\"dni_vendedor\":\"Vendedor #18\",\"Nombre\":\"Michael\",\"Apellido\":\"Jordan\",\"Cedula\":null,\"Telefono\":\"6653-6981\",\"Correo\":\"michael.jordan2107@hotmail.com\",\"edad\":\"36 o mas\",\"descuentos\":[\"turismo\",\"diversion\",\"salud\"],\"menbresia\":\"true\",\"concurso\":\"false\",\"recomendar\":\"true\",\"lugares_frecuentes\":\"Panama Este\",\"comentario\":\"No definido\"}','2023-04-12 01:21:27'),(1463,'{\"rating-2\":\"1\",\"dni_vendedor\":\"Vendedor #20\",\"Nombre\":\"Yves\",\"Apellido\":\"Torres\",\"Cedula\":\"8-735-1067\",\"Telefono\":\"66903818\",\"Correo\":\"yves.torres@dhl.com\",\"edad\":\"36 o mas\",\"descuentos\":[\"turismo\",\"gastronom\\u00eda\",\"salud\"],\"menbresia\":\"false\",\"concurso\":\"false\",\"recomendar\":\"true\",\"newsletter\":\"acepto\",\"lugares_frecuentes\":\"Panama Centro\",\"comentario\":\"No definido\"}','2023-04-12 01:27:05'),(1464,'{\"rating-2\":\"1\",\"dni_vendedor\":\"Vendedor #18\",\"Nombre\":\"Eric\",\"Apellido\":\"Gonz\\u00e1lez\",\"Cedula\":\"8-959-2439\",\"Telefono\":\"+50764832716\",\"Correo\":\"ericin-2307@hotmail.com\",\"edad\":\"26 a 35\",\"descuentos\":[\"turismo\",\"diversion\",\"salud\"],\"menbresia\":\"false\",\"concurso\":\"false\",\"recomendar\":\"true\",\"lugares_frecuentes\":\"Panama Este\",\"comentario\":\"No definido\"}','2023-04-12 01:55:33'),(1465,'{\"rating-2\":\"1\",\"dni_vendedor\":\"Vendedor #13\",\"Nombre\":\"Rodolfo\",\"Apellido\":\"Gonzalez\",\"Cedula\":\"8-980-2154\",\"Telefono\":\"+507 6878-5057\",\"Correo\":\"fitogonzales80@gmail.com\",\"edad\":\"36 o mas\",\"descuentos\":[\"turismo\",\"gastronom\\u00eda\",\"salud\"],\"menbresia\":\"true\",\"concurso\":\"false\",\"recomendar\":\"true\",\"newsletter\":\"acepto\",\"lugares_frecuentes\":\"Panama Centro\",\"comentario\":\"No definido\"}','2023-04-12 13:55:09'),(1466,'{\"rating-2\":\"1\",\"dni_vendedor\":\"Vendedor #13\",\"Nombre\":\"Reynaldo\",\"Apellido\":\"G\\u00f3mez\",\"Cedula\":\"8-287-199\",\"Telefono\":\"2677428\",\"Correo\":\"gomezreynaldo870@gmail.com\",\"edad\":\"36 o mas\",\"descuentos\":[\"turismo\",\"gastronom\\u00eda\",\"salud\"],\"menbresia\":\"true\",\"concurso\":\"false\",\"recomendar\":\"true\",\"newsletter\":\"acepto\",\"lugares_frecuentes\":\"Panama Centro\",\"comentario\":\"No definido\"}','2023-04-12 14:02:29'),(1467,'{\"rating-2\":\"1\",\"dni_vendedor\":\"Vendedor #18\",\"Nombre\":\"Mairett\",\"Apellido\":\"Musleh\",\"Cedula\":\"--\",\"Telefono\":\"63025139\",\"Correo\":\"muslehmairett@gmail.com\",\"edad\":\"26 a 35\",\"descuentos\":[\"turismo\",\"estudios\",\"salud\"],\"menbresia\":\"true\",\"concurso\":\"false\",\"recomendar\":\"true\",\"newsletter\":\"acepto\",\"lugares_frecuentes\":\"Panama Oeste\",\"comentario\":\"-\"}','2023-04-12 16:10:14'),(1468,'{\"rating-2\":\"1\",\"dni_vendedor\":\"Vendedor #6\",\"Nombre\":\"Edwin\",\"Apellido\":\"Martinez\",\"Cedula\":\"8-804-1804\",\"Telefono\":\"63866704\",\"Correo\":\"martiedwin91@gmail.com\",\"edad\":\"36 o mas\",\"descuentos\":[\"turismo\",\"gastronom\\u00eda\",\"salud\"],\"menbresia\":\"true\",\"concurso\":\"false\",\"recomendar\":\"true\",\"newsletter\":\"acepto\",\"lugares_frecuentes\":\"Panama Centro\",\"comentario\":\"No definido\"}','2023-04-12 16:42:34'),(1469,'{\"rating-2\":\"1\",\"dni_vendedor\":\"Vendedor #20\",\"Nombre\":\"Gladys\",\"Apellido\":\"Rios\",\"Cedula\":\"4-219-126\",\"Telefono\":\"64098261\",\"Correo\":\"gladysrios1121@outlook.es\",\"edad\":\"36 o mas\",\"descuentos\":[\"turismo\",\"gastronom\\u00eda\",\"salud\"],\"menbresia\":\"true\",\"concurso\":\"false\",\"recomendar\":\"false\",\"lugares_frecuentes\":\"Panama Centro\",\"comentario\":\"No definido\"}','2023-04-12 17:00:57'),(1470,'{\"rating-2\":\"1\",\"dni_vendedor\":\"Vendedor #7\",\"Nombre\":\"Jhoanna\",\"Apellido\":\"Aldana\",\"Cedula\":null,\"Telefono\":\"67707644\",\"Correo\":\"jhoanna192001@gmail.com\",\"edad\":\"36 o mas\",\"descuentos\":[\"turismo\",\"gastronom\\u00eda\",\"salud\"],\"menbresia\":\"true\",\"concurso\":\"false\",\"recomendar\":\"true\",\"lugares_frecuentes\":\"Panama Este\",\"comentario\":\"Supermercados, farmacias, almacenes\"}','2023-04-12 18:31:27'),(1471,'{\"rating-2\":\"1\",\"dni_vendedor\":\"Vendedor #7\",\"Nombre\":\"Jhoanna\",\"Apellido\":\"Aldana\",\"Cedula\":null,\"Telefono\":\"67707644\",\"Correo\":\"jhoanna192001@gmail.com\",\"edad\":\"36 o mas\",\"descuentos\":[\"turismo\",\"gastronom\\u00eda\",\"salud\"],\"menbresia\":\"true\",\"concurso\":\"false\",\"recomendar\":\"true\",\"lugares_frecuentes\":\"Panama Este\",\"comentario\":\"Supermercados, farmacias, almacenes\"}','2023-04-12 18:31:28'),(1472,'{\"rating-2\":\"1\",\"dni_vendedor\":\"Vendedor #7\",\"Nombre\":\"Ada\",\"Apellido\":\"Ortega\",\"Cedula\":null,\"Telefono\":\"67857263\",\"Correo\":\"adaisorte1362@gmail.com\",\"edad\":\"18 o menos\",\"descuentos\":[\"turismo\",\"gastronom\\u00eda\",\"salud\"],\"menbresia\":\"true\",\"concurso\":\"false\",\"recomendar\":\"true\",\"lugares_frecuentes\":\"Panama Este\",\"comentario\":\"Supermercados, farmacias, almacenes\"}','2023-04-12 19:35:35'),(1473,'{\"rating-2\":\"1\",\"dni_vendedor\":\"Vendedor #7\",\"Nombre\":\"Juliana\",\"Apellido\":\"Bejarano\",\"Cedula\":null,\"Telefono\":\"67166711\",\"Correo\":\"yulianaindira18@gmail.com\",\"edad\":\"36 o mas\",\"descuentos\":[\"turismo\",\"gastronom\\u00eda\",\"salud\"],\"menbresia\":\"true\",\"concurso\":\"false\",\"recomendar\":\"true\",\"lugares_frecuentes\":\"Panama Este\",\"comentario\":\"Supermercados, farmacias, almacenes\"}','2023-04-12 19:47:41'),(1474,'{\"rating-2\":\"1\",\"dni_vendedor\":\"Vendedor #7\",\"Nombre\":\"Aldhair\",\"Apellido\":\"Medina\",\"Cedula\":null,\"Telefono\":\"65419249\",\"Correo\":\"medinaaldahir2004@gmali.com\",\"edad\":\"15 a 19\",\"descuentos\":[\"estudios\",\"gastronom\\u00eda\",\"salud\"],\"menbresia\":\"true\",\"concurso\":\"false\",\"recomendar\":\"true\",\"lugares_frecuentes\":\"Panama Este\",\"comentario\":\"Supermercados, almacenes, farmacias\"}','2023-04-12 20:14:38'),(1475,'{\"rating-2\":\"1\",\"dni_vendedor\":\"Vendedor #7\",\"Nombre\":\"Alvis\",\"Apellido\":\"Villareal\",\"Cedula\":null,\"Telefono\":\"62177284\",\"Correo\":\"alvisvillarreal1479@gmail.com\",\"edad\":\"36 o mas\",\"descuentos\":[\"turismo\",\"gastronom\\u00eda\",\"salud\"],\"menbresia\":\"true\",\"concurso\":\"false\",\"recomendar\":\"true\",\"lugares_frecuentes\":\"Panama Este\",\"comentario\":\"Supermercados, farmacias, almacenes\"}','2023-04-12 23:29:27'),(1476,'{\"rating-2\":\"1\",\"dni_vendedor\":\"Vendedor #7\",\"Nombre\":\"Marlene\",\"Apellido\":\"Porte\",\"Cedula\":null,\"Telefono\":\"62975132\",\"Correo\":\"malenis1965@gmail.com\",\"edad\":\"36 o mas\",\"descuentos\":[\"turismo\",\"gastronom\\u00eda\",\"salud\"],\"menbresia\":\"true\",\"concurso\":\"false\",\"recomendar\":\"true\",\"lugares_frecuentes\":\"Panama Este\",\"comentario\":\"Farmacias, supermercados, almacenes\"}','2023-04-12 23:49:12'),(1477,'{\"rating-2\":\"1\",\"dni_vendedor\":\"Vendedor #7\",\"Nombre\":\"Emily\",\"Apellido\":\"Contreras\",\"Cedula\":null,\"Telefono\":\"68576825\",\"Correo\":\"emilycontreras1987@gmail.com\",\"edad\":\"36 o mas\",\"descuentos\":[\"estudios\",\"gastronom\\u00eda\",\"salud\"],\"menbresia\":\"true\",\"concurso\":\"false\",\"recomendar\":\"true\",\"lugares_frecuentes\":\"Panama Este\",\"comentario\":\"Supermercados, almacenes, farmacias\"}','2023-04-13 00:26:08'),(1478,'{\"rating-2\":\"1\",\"dni_vendedor\":\"Vendedor #7\",\"Nombre\":\"Emily\",\"Apellido\":\"Contreras\",\"Cedula\":null,\"Telefono\":\"68576825\",\"Correo\":\"emilycontreras1987@gmail.com\",\"edad\":\"36 o mas\",\"descuentos\":[\"estudios\",\"gastronom\\u00eda\",\"salud\"],\"menbresia\":\"true\",\"concurso\":\"false\",\"recomendar\":\"true\",\"lugares_frecuentes\":\"Panama Este\",\"comentario\":\"Supermercados, almacenes, farmacias\"}','2023-04-13 00:26:09'),(1479,'{\"rating-2\":\"1\",\"dni_vendedor\":\"Vendedor #7\",\"Nombre\":\"Daniel\",\"Apellido\":\"Samudio\",\"Cedula\":null,\"Telefono\":\"68955316\",\"Correo\":\"danielsamudio4231@gmail.com\",\"edad\":\"36 o mas\",\"descuentos\":[\"estudios\",\"gastronom\\u00eda\",\"salud\"],\"menbresia\":\"false\",\"concurso\":\"false\",\"recomendar\":\"false\",\"lugares_frecuentes\":\"Panama Este\",\"comentario\":\"Supermercados, farmacias, almacenes\"}','2023-04-13 00:28:39'),(1480,'{\"rating-2\":\"1\",\"dni_vendedor\":\"Vendedor #7\",\"Nombre\":\"Daniel\",\"Apellido\":\"Samudio\",\"Cedula\":null,\"Telefono\":\"68955316\",\"Correo\":\"danielsamudio4231@gmail.com\",\"edad\":\"36 o mas\",\"descuentos\":[\"estudios\",\"gastronom\\u00eda\",\"salud\"],\"menbresia\":\"false\",\"concurso\":\"false\",\"recomendar\":\"false\",\"lugares_frecuentes\":\"Panama Este\",\"comentario\":\"Supermercados, farmacias, almacenes\"}','2023-04-13 00:28:40'),(1481,'{\"rating-2\":\"1\",\"dni_vendedor\":\"Vendedor #7\",\"Nombre\":\"Roger\",\"Apellido\":\"Oroc\\u00fa\",\"Cedula\":null,\"Telefono\":\"61267704\",\"Correo\":\"orocuvelasquez@gmail.com\",\"edad\":\"36 o mas\",\"descuentos\":[\"turismo\",\"gastronom\\u00eda\",\"salud\"],\"menbresia\":\"true\",\"concurso\":\"false\",\"recomendar\":\"true\",\"lugares_frecuentes\":\"Panama Este\",\"comentario\":\"Supermercados farmacias almacenes\"}','2023-04-13 00:35:09'),(1482,'{\"rating-2\":\"1\",\"dni_vendedor\":\"Vendedor #20\",\"Nombre\":\"Luis Esteban\",\"Apellido\":\"Arosemena\",\"Cedula\":null,\"Telefono\":\"63799823\",\"Correo\":\"arosemenaluis6@gmail.com\",\"edad\":\"36 o mas\",\"descuentos\":[\"salud\"],\"menbresia\":\"false\",\"concurso\":\"false\",\"recomendar\":\"true\",\"lugares_frecuentes\":\"Otros\",\"comentario\":\"Por favor . No estar llamando para tratar de venderte algo\"}','2023-04-13 00:42:47'),(1483,'{\"rating-2\":\"1\",\"dni_vendedor\":\"Vendedor #7\",\"Nombre\":\"Gustavo\",\"Apellido\":\"Jordon\",\"Cedula\":null,\"Telefono\":\"62000001\",\"Correo\":\"gusjordan91@yahoo.com\",\"edad\":\"36 o mas\",\"descuentos\":[\"turismo\",\"estudios\",\"gastronom\\u00eda\"],\"menbresia\":\"true\",\"concurso\":\"false\",\"recomendar\":\"true\",\"lugares_frecuentes\":\"Panama Este\",\"comentario\":\"Supermercados, farmacias,\"}','2023-04-13 12:39:56'),(1484,'{\"rating-2\":\"1\",\"dni_vendedor\":\"Vendedor #7\",\"Nombre\":\"Gustavo\",\"Apellido\":\"Jordon\",\"Cedula\":null,\"Telefono\":\"62000001\",\"Correo\":\"gusjordan91@yahoo.com\",\"edad\":\"36 o mas\",\"descuentos\":[\"turismo\",\"estudios\",\"gastronom\\u00eda\"],\"menbresia\":\"true\",\"concurso\":\"false\",\"recomendar\":\"true\",\"lugares_frecuentes\":\"Panama Este\",\"comentario\":\"Supermercados, farmacias,\"}','2023-04-13 12:39:56'),(1485,'{\"rating-2\":\"1\",\"dni_vendedor\":\"Vendedor #7\",\"Nombre\":\"Nelsi\",\"Apellido\":\"Marin\",\"Cedula\":null,\"Telefono\":\"66356962\",\"Correo\":\"nelsianaismarinarmada@gmail.com\",\"edad\":\"36 o mas\",\"descuentos\":[\"estudios\",\"gastronom\\u00eda\",\"salud\"],\"menbresia\":\"true\",\"concurso\":\"false\",\"recomendar\":\"true\",\"lugares_frecuentes\":\"Panama Este\",\"comentario\":\"Supermercados, farmacia, almacenes\"}','2023-04-13 15:54:29'),(1486,'{\"rating-2\":\"1\",\"dni_vendedor\":\"Vendedor #7\",\"Nombre\":\"Nelsi\",\"Apellido\":\"Marin\",\"Cedula\":null,\"Telefono\":\"66356962\",\"Correo\":\"nelsianaismarinarmada@gmail.com\",\"edad\":\"36 o mas\",\"descuentos\":[\"estudios\",\"gastronom\\u00eda\",\"salud\"],\"menbresia\":\"true\",\"concurso\":\"false\",\"recomendar\":\"true\",\"lugares_frecuentes\":\"Panama Este\",\"comentario\":\"Supermercados, farmacia, almacenes\"}','2023-04-13 15:54:30'),(1487,'{\"rating-2\":\"1\",\"dni_vendedor\":\"Vendedor #7\",\"Nombre\":\"Luz\",\"Apellido\":\"Pardo\",\"Cedula\":null,\"Telefono\":\"65949618\",\"Correo\":\"pardoluz543@gmail.com\",\"edad\":\"36 o mas\",\"descuentos\":[\"turismo\",\"estudios\",\"gastronom\\u00eda\"],\"menbresia\":\"true\",\"concurso\":\"false\",\"recomendar\":\"true\",\"lugares_frecuentes\":\"Panama Este\",\"comentario\":\"Supermercados, farmacias, almacenes\"}','2023-04-13 16:45:06'),(1488,'{\"rating-2\":\"1\",\"dni_vendedor\":\"Vendedor #7\",\"Nombre\":\"Luz\",\"Apellido\":\"Pardo\",\"Cedula\":null,\"Telefono\":\"65949618\",\"Correo\":\"pardoluz543@gmail.com\",\"edad\":\"36 o mas\",\"descuentos\":[\"turismo\",\"estudios\",\"gastronom\\u00eda\"],\"menbresia\":\"true\",\"concurso\":\"false\",\"recomendar\":\"true\",\"lugares_frecuentes\":\"Panama Este\",\"comentario\":\"Supermercados, farmacias, almacenes\"}','2023-04-13 16:45:06'),(1489,'{\"rating-2\":\"1\",\"dni_vendedor\":\"Vendedor #19\",\"Nombre\":\"Celmy\",\"Apellido\":\"Hines\",\"Cedula\":\"3-73372247\",\"Telefono\":\"62233533\",\"Correo\":\"celmy0418@gmail.com\",\"edad\":\"26 a 35\",\"descuentos\":[\"turismo\",\"salud\"],\"menbresia\":\"true\",\"concurso\":\"false\",\"recomendar\":\"true\",\"lugares_frecuentes\":\"Otros\",\"comentario\":\"No definido\"}','2023-04-13 16:56:27'),(1490,'{\"rating-2\":\"1\",\"dni_vendedor\":\"Vendedor #19\",\"Nombre\":\"Celmy\",\"Apellido\":\"Hines\",\"Cedula\":\"3-73372247\",\"Telefono\":\"62233533\",\"Correo\":\"celmy0418@gmail.com\",\"edad\":\"26 a 35\",\"descuentos\":[\"turismo\",\"salud\"],\"menbresia\":\"true\",\"concurso\":\"false\",\"recomendar\":\"true\",\"lugares_frecuentes\":\"Otros\",\"comentario\":\"No definido\"}','2023-04-13 16:56:27'),(1491,'{\"rating-2\":\"1\",\"dni_vendedor\":\"Vendedor #19\",\"Nombre\":\"Dayamed\",\"Apellido\":\"Mclean\",\"Cedula\":\"3-750-485\",\"Telefono\":\"69191257\",\"Correo\":\"mcleandayamed@gmail.com\",\"edad\":\"15 a 19\",\"descuentos\":[\"estudios\",\"diversion\",\"salud\"],\"menbresia\":\"true\",\"concurso\":\"false\",\"recomendar\":\"true\",\"lugares_frecuentes\":\"Otros\",\"comentario\":\"No definido\"}','2023-04-13 16:59:41'),(1492,'{\"rating-2\":\"1\",\"dni_vendedor\":\"Vendedor #7\",\"Nombre\":\"Daysi\",\"Apellido\":\"Villegas\",\"Cedula\":null,\"Telefono\":\"66418095\",\"Correo\":\"daysin21@gamil.com\",\"edad\":\"36 o mas\",\"descuentos\":[\"turismo\",\"gastronom\\u00eda\",\"salud\"],\"menbresia\":\"true\",\"concurso\":\"false\",\"recomendar\":\"true\",\"lugares_frecuentes\":\"Panama Este\",\"comentario\":\"Supermercados, farmacias, almacenes\"}','2023-04-13 20:37:43'),(1493,'{\"rating-2\":\"1\",\"dni_vendedor\":\"Vendedor #7\",\"Nombre\":\"Daysi\",\"Apellido\":\"Villegas\",\"Cedula\":null,\"Telefono\":\"66418095\",\"Correo\":\"daysin21@gamil.com\",\"edad\":\"36 o mas\",\"descuentos\":[\"turismo\",\"gastronom\\u00eda\",\"salud\"],\"menbresia\":\"true\",\"concurso\":\"false\",\"recomendar\":\"true\",\"lugares_frecuentes\":\"Panama Este\",\"comentario\":\"Supermercados, farmacias, almacenes\"}','2023-04-13 20:37:44'),(1494,'{\"rating-2\":\"1\",\"dni_vendedor\":\"Vendedor #7\",\"Nombre\":\"Gladys\",\"Apellido\":\"Perez\",\"Cedula\":null,\"Telefono\":\"69657470\",\"Correo\":\"perezgladys25@gmail.com\",\"edad\":\"36 o mas\",\"descuentos\":[\"gastronom\\u00eda\",\"salud\"],\"menbresia\":\"true\",\"concurso\":\"false\",\"recomendar\":\"true\",\"lugares_frecuentes\":\"Panama Este\",\"comentario\":\"Supermercados alamanes veterinarias\"}','2023-04-13 20:52:35'),(1495,'{\"rating-2\":\"1\",\"dni_vendedor\":\"Vendedor #7\",\"Nombre\":\"Gladys\",\"Apellido\":\"Perez\",\"Cedula\":null,\"Telefono\":\"69657470\",\"Correo\":\"perezgladys25@gmail.com\",\"edad\":\"36 o mas\",\"descuentos\":[\"gastronom\\u00eda\",\"salud\"],\"menbresia\":\"true\",\"concurso\":\"false\",\"recomendar\":\"true\",\"lugares_frecuentes\":\"Panama Este\",\"comentario\":\"Supermercados alamanes veterinarias\"}','2023-04-13 20:52:36'),(1496,'{\"rating-2\":\"1\",\"dni_vendedor\":\"Vendedor #7\",\"Nombre\":\"Nathaly\",\"Apellido\":\"Garcia\",\"Cedula\":null,\"Telefono\":\"64461545\",\"Correo\":\"nathaliegarcia1897@gmail.com\",\"edad\":\"15 a 19\",\"descuentos\":[\"turismo\",\"estudios\",\"salud\"],\"menbresia\":\"true\",\"concurso\":\"false\",\"recomendar\":\"true\",\"lugares_frecuentes\":\"Panama Este\",\"comentario\":\"Vetererinarias, almacenes, superca\"}','2023-04-13 21:04:41'),(1497,'{\"rating-2\":\"1\",\"dni_vendedor\":\"Vendedor #7\",\"Nombre\":\"Nathaly\",\"Apellido\":\"Garcia\",\"Cedula\":null,\"Telefono\":\"64461545\",\"Correo\":\"nathaliegarcia1897@gmail.com\",\"edad\":\"15 a 19\",\"descuentos\":[\"turismo\",\"estudios\",\"salud\"],\"menbresia\":\"true\",\"concurso\":\"false\",\"recomendar\":\"true\",\"lugares_frecuentes\":\"Panama Este\",\"comentario\":\"Vetererinarias, almacenes, superca\"}','2023-04-13 21:04:41'),(1498,'{\"rating-2\":\"1\",\"dni_vendedor\":\"Vendedor #7\",\"Nombre\":\"Maria\",\"Apellido\":\"Asprilla\",\"Cedula\":null,\"Telefono\":\"68376769\",\"Correo\":\"mariblue2105@gmail.com\",\"edad\":\"36 o mas\",\"descuentos\":[\"turismo\",\"gastronom\\u00eda\",\"salud\"],\"menbresia\":\"true\",\"concurso\":\"false\",\"recomendar\":\"true\",\"lugares_frecuentes\":\"Panama Este\",\"comentario\":\"Supermercados, farmacias, veterinarias\"}','2023-04-13 21:16:01'),(1499,'{\"rating-2\":\"1\",\"dni_vendedor\":\"Vendedor #7\",\"Nombre\":\"Maria\",\"Apellido\":\"Asprilla\",\"Cedula\":null,\"Telefono\":\"68376769\",\"Correo\":\"mariblue2105@gmail.com\",\"edad\":\"36 o mas\",\"descuentos\":[\"turismo\",\"gastronom\\u00eda\",\"salud\"],\"menbresia\":\"true\",\"concurso\":\"false\",\"recomendar\":\"true\",\"lugares_frecuentes\":\"Panama Este\",\"comentario\":\"Supermercados, farmacias, veterinarias\"}','2023-04-13 21:16:01'),(1500,'{\"rating-2\":\"1\",\"dni_vendedor\":\"Vendedor #7\",\"Nombre\":\"Mariela\",\"Apellido\":\"Garcia\",\"Cedula\":null,\"Telefono\":\"68992800\",\"Correo\":\"ttasportevargasgarcia23@gmail.com\",\"edad\":\"36 o mas\",\"descuentos\":[\"turismo\",\"estudios\",\"salud\"],\"menbresia\":\"true\",\"concurso\":\"false\",\"recomendar\":\"true\",\"lugares_frecuentes\":\"Panama Este\",\"comentario\":\"Supermercados, farmacias, veteriarana\"}','2023-04-13 21:25:13'),(1501,'{\"rating-2\":\"1\",\"dni_vendedor\":\"Vendedor #12\",\"Nombre\":\"Ruben\",\"Apellido\":\"Lozada\",\"Cedula\":null,\"Telefono\":\"65789848\",\"Correo\":\"rjl454xd@gmail.com\",\"edad\":\"36 o mas\",\"descuentos\":[\"turismo\",\"estudios\",\"diversion\"],\"menbresia\":\"true\",\"concurso\":\"false\",\"recomendar\":\"true\",\"lugares_frecuentes\":\"Otros\",\"comentario\":\"No definido\"}','2023-04-13 21:36:40'),(1502,'{\"rating-2\":\"1\",\"dni_vendedor\":\"Vendedor #7\",\"Nombre\":\"Iris\",\"Apellido\":\"Cede\\u00f1o\",\"Cedula\":null,\"Telefono\":\"69873522\",\"Correo\":\"anacristinairis@hotmail.com\",\"edad\":\"36 o mas\",\"descuentos\":[\"gastronom\\u00eda\",\"salud\"],\"menbresia\":\"true\",\"concurso\":\"false\",\"recomendar\":\"true\",\"lugares_frecuentes\":\"Panama Este\",\"comentario\":\"Farmacias, supermercados, almacenes\"}','2023-04-13 21:40:26'),(1503,'{\"rating-2\":\"1\",\"dni_vendedor\":\"Vendedor #12\",\"Nombre\":\"Mar\\u00eda Nicole\",\"Apellido\":\"Segundo\",\"Cedula\":null,\"Telefono\":\"64219099\",\"Correo\":\"segundomaria00@gmail.com\",\"edad\":\"15 a 19\",\"descuentos\":[\"turismo\",\"estudios\",\"salud\"],\"menbresia\":\"true\",\"concurso\":\"false\",\"recomendar\":\"true\",\"lugares_frecuentes\":\"Otros\",\"comentario\":\"No definido\"}','2023-04-13 21:43:32'),(1504,'{\"rating-2\":\"1\",\"dni_vendedor\":\"Vendedor #12\",\"Nombre\":\"Alexis\",\"Apellido\":\"Morales\",\"Cedula\":null,\"Telefono\":\"62679138\",\"Correo\":\"ajmr157@gmail.com\",\"edad\":\"15 a 19\",\"descuentos\":[\"turismo\",\"gastronom\\u00eda\",\"salud\"],\"menbresia\":\"true\",\"concurso\":\"false\",\"recomendar\":\"true\",\"lugares_frecuentes\":\"Otros\",\"comentario\":\"No definido\"}','2023-04-13 22:22:08'),(1505,'{\"rating-2\":\"1\",\"dni_vendedor\":\"Vendedor #12\",\"Nombre\":\"Georgeth\",\"Apellido\":\"Parfait\",\"Cedula\":null,\"Telefono\":\"62431474\",\"Correo\":\"parfaitgeorgeth@gmail.com\",\"edad\":\"18 o menos\",\"descuentos\":[\"estudios\",\"gastronom\\u00eda\",\"salud\"],\"menbresia\":\"true\",\"concurso\":\"false\",\"recomendar\":\"true\",\"lugares_frecuentes\":\"Otros\",\"comentario\":\"No definido\"}','2023-04-13 22:39:57'),(1506,'{\"rating-2\":\"1\",\"dni_vendedor\":\"Vendedor #12\",\"Nombre\":\"Arquimedes\",\"Apellido\":\"Campos\",\"Cedula\":null,\"Telefono\":\"62799830\",\"Correo\":\"tcamposm24@gmail.com\",\"edad\":\"36 o mas\",\"descuentos\":[\"estudios\",\"gastronom\\u00eda\",\"salud\"],\"menbresia\":\"true\",\"concurso\":\"false\",\"recomendar\":\"true\",\"newsletter\":\"acepto\",\"lugares_frecuentes\":\"Otros\",\"comentario\":\"No definido\"}','2023-04-13 23:14:12');

--
-- Table structure for table `comercio_oferta_clientes`
--

CREATE TABLE `comercio_oferta_clientes` (
  `id` bigint(20) unsigned NOT NULL AUTO_INCREMENT,
  `comercio_id` bigint(20) unsigned DEFAULT NULL,
  `client_id` bigint(20) unsigned DEFAULT NULL,
  `total` double(30,2) NOT NULL DEFAULT 0.00,
  `total_descuento` double(30,2) NOT NULL DEFAULT 0.00,
  `ofertas` text DEFAULT NULL,
  `created_at` timestamp NULL DEFAULT NULL,
  `updated_at` timestamp NULL DEFAULT NULL,
  `status` varchar(100) NOT NULL DEFAULT 'entregado',
  PRIMARY KEY (`id`),
  KEY `comercio_oferta_clientes_comercio_id_foreign` (`comercio_id`),
  KEY `comercio_oferta_clientes_client_id_foreign` (`client_id`),
  CONSTRAINT `comercio_oferta_clientes_client_id_foreign` FOREIGN KEY (`client_id`) REFERENCES `users` (`id`),
  CONSTRAINT `comercio_oferta_clientes_comercio_id_foreign` FOREIGN KEY (`comercio_id`) REFERENCES `users` (`id`)
) ENGINE=InnoDB AUTO_INCREMENT=13 DEFAULT CHARSET=utf8mb4 COLLATE=utf8mb4_unicode_ci;

--
-- Dumping data for table `comercio_oferta_clientes`
--

INSERT INTO `comercio_oferta_clientes` VALUES (1,9,7,1.00,10.00,'[]','2023-02-16 01:19:33','2023-02-16 01:19:33','entregado'),(2,9,7,1.00,10.00,'[2,5]','2023-03-09 17:30:44','2023-03-09 17:30:44','entregado'),(3,9,7,1.00,10.00,'[{\"id\":2,\"cantidad\":10},{\"id\":5,\"cantidad\":12}]','2023-03-10 23:13:31','2023-03-10 23:13:31','entregado'),(4,9,25,1.00,10.00,'[{\"id\":2,\"cantidad\":10},{\"id\":5,\"cantidad\":12}]','2023-03-14 18:41:36','2023-03-14 18:41:36','entregado'),(5,23,20,90.00,10.00,'[{\"id\":8,\"cantidad\":\"1\"}]','2023-03-14 19:29:05','2023-03-14 19:29:05','entregado'),(6,23,15,160.00,20.00,'[{\"id\":9,\"cantidad\":\"1\"}]','2023-03-14 19:53:03','2023-03-14 19:53:03','entregado'),(7,23,15,180.00,10.00,'[{\"id\":8,\"cantidad\":\"2\"}]','2023-03-16 21:06:03','2023-03-16 21:06:03','entregado'),(8,23,15,1800.00,10.00,'[{\"id\":8,\"cantidad\":\"20\"}]','2023-03-16 22:41:41','2023-03-16 22:41:41','entregado'),(9,48,44,1.00,10.00,'[{\"id\":10,\"cantidad\":1},{\"id\":14,\"cantidad\":1}]','2023-04-13 07:55:29','2023-04-13 07:55:29','entregado'),(10,NULL,44,1.00,10.00,'[]','2023-04-13 23:50:26','2023-04-13 23:50:26','entregado'),(11,48,44,1012.00,10.12,'[{\"id\":15,\"cantidad\":1},{\"id\":16,\"cantidad\":1},{\"id\":14,\"cantidad\":1}]','2023-04-14 18:50:25','2023-04-14 18:50:25','entregado'),(12,48,44,1012.00,10.12,'[{\"id\":14,\"cantidad\":1},{\"id\":15,\"cantidad\":2},{\"id\":16,\"cantidad\":1}]','2023-04-14 18:52:48','2023-04-14 18:52:48','entregado');

--
-- Table structure for table `empresa_data`
--

CREATE TABLE `empresa_data` (
  `id` bigint(20) unsigned NOT NULL AUTO_INCREMENT,
  `created_at` timestamp NULL DEFAULT NULL,
  `updated_at` timestamp NULL DEFAULT NULL,
  PRIMARY KEY (`id`)
) ENGINE=InnoDB DEFAULT CHARSET=utf8mb4 COLLATE=utf8mb4_unicode_ci;

--
-- Dumping data for table `empresa_data`
--


--
-- Table structure for table `failed_jobs`
--

CREATE TABLE `failed_jobs` (
  `id` bigint(20) unsigned NOT NULL AUTO_INCREMENT,
  `uuid` varchar(255) NOT NULL,
  `connection` text NOT NULL,
  `queue` text NOT NULL,
  `payload` longtext NOT NULL,
  `exception` longtext NOT NULL,
  `failed_at` timestamp NOT NULL DEFAULT current_timestamp(),
  PRIMARY KEY (`id`),
  UNIQUE KEY `failed_jobs_uuid_unique` (`uuid`)
) ENGINE=InnoDB DEFAULT CHARSET=utf8mb4 COLLATE=utf8mb4_unicode_ci;

--
-- Dumping data for table `failed_jobs`
--


--
-- Table structure for table `membresias`
--

CREATE TABLE `membresias` (
  `id` bigint(20) unsigned NOT NULL AUTO_INCREMENT,
  `created_at` timestamp NULL DEFAULT NULL,
  `updated_at` timestamp NULL DEFAULT NULL,
  `fecha_cobro` date DEFAULT NULL,
  `user_id` bigint(20) unsigned DEFAULT NULL,
  `membresia_id` bigint(20) unsigned DEFAULT NULL,
  `type` varchar(200) DEFAULT 'Prueba',
  PRIMARY KEY (`id`),
  KEY `membresias_user_id_foreign` (`user_id`),
  KEY `membresias_membresia_id_foreign` (`membresia_id`),
  CONSTRAINT `membresias_membresia_id_foreign` FOREIGN KEY (`membresia_id`) REFERENCES `price_membresias` (`id`),
  CONSTRAINT `membresias_user_id_foreign` FOREIGN KEY (`user_id`) REFERENCES `users` (`id`)
) ENGINE=InnoDB AUTO_INCREMENT=166 DEFAULT CHARSET=utf8mb4 COLLATE=utf8mb4_unicode_ci;

--
-- Dumping data for table `membresias`
--

INSERT INTO `membresias` VALUES (1,'2023-02-14 16:57:47','2023-04-22 01:23:54','2027-05-04',15,6,'Comprada'),(2,'2023-02-16 18:13:42','2023-04-21 23:45:18','2025-03-16',20,6,'Comprada'),(3,'2023-03-14 18:30:16','2023-03-14 18:30:16','2023-03-14',24,NULL,'Prueba'),(4,'2023-03-14 18:30:54','2023-03-16 21:52:07','2023-03-19',25,NULL,'Prueba'),(5,'2023-03-21 19:10:57','2023-03-21 19:10:57','2023-03-21',28,NULL,'Prueba'),(6,'2023-03-22 17:07:01','2023-03-22 17:08:24','2023-03-27',29,NULL,'Prueba'),(7,'2023-03-22 18:12:51','2023-03-28 20:39:14','2023-06-25',30,NULL,'Prueba'),(8,'2023-03-23 05:54:30','2023-03-23 05:54:30','2023-03-23',31,NULL,'Prueba'),(9,'2023-03-23 06:58:39','2023-03-23 06:58:39','2023-03-23',32,NULL,'Prueba'),(10,'2023-03-23 23:21:13','2023-03-23 23:21:13','2023-03-23',33,NULL,'Prueba'),(11,'2023-03-23 23:45:30','2023-03-23 23:45:30','2023-03-23',34,NULL,'Prueba'),(12,'2023-03-24 18:50:08','2023-03-24 18:50:08','2023-03-24',35,NULL,'Prueba'),(13,'2023-03-24 18:56:53','2023-03-24 18:56:53','2023-03-24',36,NULL,'Prueba'),(14,'2023-03-24 18:58:28','2023-03-24 18:58:28','2023-03-24',37,NULL,'Prueba'),(15,'2023-03-24 19:04:43','2023-03-24 19:04:43','2023-03-24',38,NULL,'Prueba'),(16,'2023-03-24 22:10:04','2023-03-24 22:10:04','2023-03-24',39,NULL,'Prueba'),(17,'2023-03-24 22:10:35','2023-03-24 22:10:35','2023-03-24',40,NULL,'Prueba'),(18,'2023-03-24 22:13:44','2023-03-24 22:13:44','2023-03-24',41,NULL,'Prueba'),(19,'2023-03-24 22:14:55','2023-03-24 22:14:55','2023-03-24',42,NULL,'Prueba'),(20,'2023-03-24 22:15:32','2023-03-24 22:15:32','2023-03-24',43,NULL,'Prueba'),(21,'2023-03-28 17:41:30','2023-03-29 01:26:02','2023-04-02',44,NULL,'Prueba'),(22,'2023-03-30 23:16:37','2023-03-30 23:16:37','2023-03-30',45,NULL,'Prueba'),(23,'2023-03-31 22:30:14','2023-03-31 22:30:33','2023-04-05',46,NULL,'Prueba'),(24,'2023-04-01 04:37:29','2023-04-01 04:37:29','2023-04-01',47,NULL,'Prueba'),(25,'2023-04-06 17:50:24','2023-05-08 21:23:08','2027-04-11',49,6,'Comprada'),(26,'2023-04-13 04:30:59','2023-04-13 04:30:59','2023-04-13',51,NULL,'permitir_gratuita'),(27,'2023-04-16 21:08:57','2023-04-16 21:08:57','2023-04-16',52,NULL,'permitir_gratuita'),(28,'2023-04-16 21:10:06','2023-04-16 21:10:06','2023-04-16',53,NULL,'permitir_gratuita'),(29,'2023-04-16 21:36:19','2023-04-16 21:36:19','2023-04-16',54,NULL,'permitir_gratuita'),(30,'2023-04-17 21:56:00','2023-04-17 21:56:00','2023-04-17',55,NULL,'permitir_gratuita'),(31,'2023-04-17 23:39:56','2023-04-17 23:39:56','2023-04-17',56,NULL,'permitir_gratuita'),(32,'2023-04-17 23:42:54','2023-04-17 23:42:54','2023-04-17',57,NULL,'permitir_gratuita'),(35,'2023-04-17 23:45:03','2023-04-17 23:45:03','2023-04-17',60,NULL,'permitir_gratuita'),(38,'2023-04-17 23:53:26','2023-04-17 23:53:26','2023-04-17',63,NULL,'permitir_gratuita'),(39,'2023-04-17 23:55:15','2023-04-17 23:55:15','2023-04-17',64,NULL,'permitir_gratuita'),(40,'2023-04-17 23:56:48','2023-04-17 23:56:48','2023-04-17',65,NULL,'permitir_gratuita'),(41,'2023-04-18 19:20:50','2023-04-18 19:20:50','2023-04-18',66,NULL,'permitir_gratuita'),(42,'2023-04-18 19:55:52','2023-04-21 23:11:09','2024-04-18',67,6,'Comprada'),(43,'2023-04-18 23:30:56','2023-04-18 23:30:56','2023-04-18',68,NULL,'permitir_gratuita'),(44,'2023-04-18 23:51:36','2023-04-18 23:51:36','2023-04-18',69,NULL,'permitir_gratuita'),(45,'2023-04-19 16:48:51','2023-04-19 16:48:51','2023-04-19',70,NULL,'permitir_gratuita'),(46,'2023-04-19 19:23:47','2023-04-19 19:28:55','2023-04-24',71,1,'Prueba'),(47,'2023-04-19 22:41:12','2023-04-19 22:41:53','2023-04-24',72,1,'Prueba'),(48,'2023-04-19 23:39:45','2023-04-19 23:40:38','2023-04-24',73,1,'Prueba'),(49,'2023-04-20 00:08:43','2023-04-20 00:08:59','2023-04-24',74,1,'Prueba'),(50,'2023-04-20 00:50:23','2023-04-20 00:50:29','2023-04-24',75,1,'Prueba'),(51,'2023-04-20 01:00:02','2023-04-20 01:03:39','2023-04-24',76,1,'Prueba'),(52,'2023-04-20 04:18:41','2023-04-20 22:05:07','2023-04-23',77,1,'Prueba'),(53,'2023-04-20 19:24:04','2023-04-20 19:27:53','2023-04-25',78,1,'Prueba'),(54,'2023-04-20 19:24:50','2023-04-25 18:48:18','2023-04-23',79,1,'Prueba'),(55,'2023-04-20 19:24:59','2023-04-21 18:00:53','2023-04-23',80,1,'Prueba'),(56,'2023-04-20 19:25:06','2023-04-22 22:47:20','2023-04-23',81,1,'Prueba'),(57,'2023-04-20 19:25:17','2023-04-20 19:25:17','2023-04-20',82,NULL,'permitir_gratuita'),(58,'2023-04-20 19:25:29','2023-04-20 19:25:29','2023-04-20',83,NULL,'permitir_gratuita'),(59,'2023-04-20 19:26:16','2023-04-20 19:27:41','2023-04-25',84,1,'Prueba'),(60,'2023-04-20 19:29:07','2023-04-20 19:29:07','2023-04-20',85,NULL,'permitir_gratuita'),(61,'2023-04-20 19:30:11','2023-04-26 17:16:42','2024-04-23',86,6,'Comprada'),(62,'2023-04-20 19:30:15','2023-04-21 23:50:16','2023-04-23',87,1,'Prueba'),(63,'2023-04-20 19:31:33','2023-04-20 19:31:33','2023-04-20',88,NULL,'permitir_gratuita'),(64,'2023-04-20 19:31:42','2023-04-22 00:01:10','2023-04-23',89,1,'Prueba'),(65,'2023-04-20 20:26:33','2023-04-20 23:01:20','2023-04-23',90,1,'Prueba'),(66,'2023-04-20 20:42:00','2023-04-21 04:34:51','2023-04-23',91,1,'Prueba'),(67,'2023-04-20 21:30:57','2023-04-20 21:31:51','2023-04-23',92,1,'Prueba'),(68,'2023-04-21 00:59:53','2023-04-22 00:54:17','2023-04-23',99,1,'Prueba'),(69,'2023-04-21 02:14:12','2023-04-21 02:14:12','2023-04-20',100,NULL,'permitir_gratuita'),(70,'2023-04-21 05:25:16','2023-04-22 02:43:41','2023-04-24',101,1,'Prueba'),(71,'2023-04-21 20:45:37','2023-04-21 21:06:20','2024-04-21',102,6,'Comprada'),(72,'2023-04-21 21:59:45','2023-04-21 22:03:38','2025-04-21',103,6,'Comprada'),(73,'2023-04-21 22:34:54','2023-04-22 00:01:22','2026-04-21',104,6,'Comprada'),(74,'2023-04-21 23:11:38','2023-04-22 00:26:50','2026-04-21',105,6,'Comprada'),(75,'2023-04-22 00:05:43','2023-04-22 00:05:58','2024-04-21',106,6,'Comprada'),(76,'2023-04-22 00:24:41','2023-04-22 00:27:30','2024-04-21',108,6,'Comprada'),(77,'2023-04-22 00:58:56','2023-04-22 00:59:51','2023-04-24',109,1,'Prueba'),(78,'2023-04-22 01:43:01','2023-04-22 01:43:01','2023-04-21',110,NULL,'permitir_gratuita'),(79,'2023-04-22 01:58:25','2023-04-22 01:58:25','2023-04-21',111,NULL,'permitir_gratuita'),(80,'2023-04-22 02:19:46','2023-04-22 02:19:46','2023-04-21',112,NULL,'permitir_gratuita'),(81,'2023-04-22 04:00:21','2023-04-22 05:51:31','2023-04-25',113,1,'Prueba'),(82,'2023-04-22 04:35:28','2023-04-22 04:35:28','2023-04-22',114,NULL,'permitir_gratuita'),(83,'2023-04-22 09:43:50','2023-04-22 09:43:58','2023-04-25',115,1,'Prueba'),(84,'2023-04-22 17:41:42','2023-04-22 17:48:27','2023-04-25',116,1,'Prueba'),(85,'2023-04-22 17:56:37','2023-04-22 17:56:37','2023-04-22',117,NULL,'permitir_gratuita'),(86,'2023-04-22 19:17:03','2023-04-22 19:17:03','2023-04-22',118,NULL,'permitir_gratuita'),(87,'2023-04-22 19:21:11','2023-04-22 19:45:07','2024-04-22',119,6,'Comprada'),(88,'2023-04-22 20:07:37','2023-04-22 20:14:26','2024-04-22',121,6,'Comprada'),(89,'2023-04-22 20:18:01','2023-04-22 20:18:01','2023-04-22',122,NULL,'permitir_gratuita'),(90,'2023-04-22 20:20:20','2023-04-22 20:20:20','2023-04-22',123,NULL,'permitir_gratuita'),(91,'2023-04-22 20:21:26','2023-04-22 20:28:00','2024-04-22',124,6,'Comprada'),(92,'2023-04-22 20:40:35','2023-04-22 20:43:59','2025-04-22',125,6,'Comprada'),(93,'2023-04-22 20:50:44','2023-04-22 22:15:30','2024-04-22',127,6,'Comprada'),(94,'2023-04-22 20:58:25','2023-04-22 21:26:01','2024-04-22',128,6,'Comprada'),(95,'2023-04-22 21:04:52','2023-04-28 18:27:41','2023-04-25',129,1,'Prueba'),(96,'2023-04-22 21:18:24','2023-04-22 22:30:28','2024-04-22',130,6,'Comprada'),(97,'2023-04-22 21:24:11','2023-04-22 22:30:35','2024-04-22',131,6,'Comprada'),(98,'2023-04-22 21:50:31','2023-04-22 21:52:19','2023-04-25',133,1,'Prueba'),(99,'2023-04-22 22:19:54','2023-04-22 23:44:11','2024-04-22',134,6,'Comprada'),(100,'2023-04-23 19:31:18','2023-04-23 19:31:18','2023-04-23',136,NULL,'permitir_gratuita'),(101,'2023-04-23 22:04:04','2023-04-24 01:33:03','2025-04-23',137,6,'Comprada'),(102,'2023-04-23 22:11:43','2023-04-23 22:11:43','2023-04-23',138,NULL,'permitir_gratuita'),(103,'2023-04-24 01:04:36','2023-04-24 01:06:25','2024-04-23',139,6,'Comprada'),(104,'2023-04-24 01:19:49','2023-04-24 01:20:55','2024-04-23',140,6,'Comprada'),(105,'2023-04-24 01:27:03','2023-04-24 01:28:17','2024-04-23',141,6,'Comprada'),(106,'2023-04-24 01:30:47','2023-04-24 01:36:04','2024-04-23',142,6,'Comprada'),(107,'2023-04-24 01:47:54','2023-05-01 02:58:11','2024-04-26',143,6,'Comprada'),(108,'2023-04-24 03:47:03','2023-04-24 03:48:04','2023-04-27',144,1,'Prueba'),(109,'2023-04-24 21:29:47','2023-04-24 23:34:53','2024-04-27',145,6,'Comprada'),(110,'2023-04-24 22:17:47','2023-04-24 22:19:38','2023-04-27',146,1,'Prueba'),(111,'2023-04-24 22:37:22','2023-04-24 23:50:16','2023-04-27',147,1,'Prueba'),(112,'2023-04-24 22:56:30','2023-04-24 22:57:11','2023-04-27',148,1,'Prueba'),(113,'2023-04-25 04:06:16','2023-04-25 04:29:11','2023-04-28',149,1,'Prueba'),(114,'2023-04-25 05:00:32','2023-04-25 05:00:32','2023-04-25',150,NULL,'permitir_gratuita'),(115,'2023-04-25 05:07:21','2023-04-25 05:07:40','2023-04-28',151,1,'Prueba'),(116,'2023-04-25 23:23:36','2023-04-25 23:24:03','2023-04-28',153,1,'Prueba'),(117,'2023-04-26 02:55:34','2023-04-26 17:01:50','2025-04-25',154,6,'Comprada'),(118,'2023-04-26 16:19:33','2023-04-26 17:16:28','2024-04-29',155,6,'Comprada'),(119,'2023-04-26 17:21:50','2023-04-26 17:21:50','2023-04-26',156,NULL,'permitir_gratuita'),(120,'2023-04-26 17:23:00','2023-04-26 17:23:00','2023-04-26',157,NULL,'permitir_gratuita'),(121,'2023-04-26 17:24:26','2023-04-26 17:24:26','2023-04-26',158,NULL,'permitir_gratuita'),(122,'2023-04-26 17:27:21','2023-04-26 17:27:21','2023-04-26',159,NULL,'permitir_gratuita'),(123,'2023-04-26 17:29:43','2023-04-26 17:29:43','2023-04-26',160,NULL,'permitir_gratuita'),(124,'2023-04-26 17:50:16','2023-04-26 17:50:16','2023-04-26',161,NULL,'permitir_gratuita'),(125,'2023-04-26 17:58:58','2023-04-26 17:58:58','2023-04-26',162,NULL,'permitir_gratuita'),(126,'2023-04-26 20:15:31','2023-04-26 20:15:31','2023-04-26',163,NULL,'permitir_gratuita'),(127,'2023-04-27 00:18:19','2023-04-27 01:20:52','2023-04-29',164,1,'Prueba'),(128,'2023-04-27 00:33:09','2023-04-27 00:34:05','2023-04-29',165,1,'Prueba'),(129,'2023-04-27 01:08:15','2023-04-27 01:09:47','2024-04-26',166,6,'Comprada'),(130,'2023-04-27 01:13:32','2023-04-27 01:15:53','2023-04-29',167,1,'Prueba'),(131,'2023-04-27 01:14:17','2023-04-27 01:14:17','2023-04-26',168,NULL,'permitir_gratuita'),(132,'2023-04-27 06:20:24','2023-04-28 07:52:50','2025-04-27',169,6,'Comprada'),(133,'2023-04-27 21:53:52','2023-04-27 22:11:34','2023-04-30',170,1,'Prueba'),(134,'2023-04-27 23:28:21','2023-04-27 23:34:24','2023-04-30',171,1,'Prueba'),(135,'2023-04-28 01:38:48','2023-04-28 01:44:08','2023-04-30',172,1,'Prueba'),(136,'2023-04-28 02:06:23','2023-04-28 02:06:23','2023-04-27',173,NULL,'permitir_gratuita'),(137,'2023-04-28 02:59:39','2023-04-28 02:59:39','2023-04-27',174,NULL,'permitir_gratuita'),(138,'2023-04-28 04:00:34','2023-04-28 07:53:05','2025-04-28',175,6,'Comprada'),(139,'2023-04-28 18:10:37','2023-04-28 18:20:16','2024-04-28',176,6,'Comprada'),(140,'2023-04-28 22:59:07','2023-04-28 23:02:16','2023-05-01',177,1,'Prueba'),(141,'2023-04-28 23:55:12','2023-04-28 23:55:26','2023-05-01',178,1,'Prueba'),(142,'2023-04-29 02:51:14','2023-04-29 02:51:14','2023-04-28',179,NULL,'permitir_gratuita'),(143,'2023-04-29 02:55:33','2023-04-29 02:59:18','2024-04-28',180,6,'Comprada'),(144,'2023-04-29 04:56:11','2023-04-29 05:48:15','2024-04-29',181,6,'Comprada'),(145,'2023-04-29 21:25:13','2023-04-29 21:26:35','2023-05-02',182,1,'Prueba'),(146,'2023-04-30 00:56:09','2023-04-30 00:58:00','2024-04-29',183,6,'Comprada'),(147,'2023-04-30 01:30:40','2023-04-30 01:32:00','2024-04-29',187,6,'Comprada'),(148,'2023-04-30 05:38:52','2023-04-30 05:40:25','2024-04-30',191,6,'Comprada'),(149,'2023-05-03 02:14:08','2023-05-03 02:14:08','2023-05-02',192,NULL,'permitir_gratuita'),(150,'2023-05-03 02:18:33','2023-05-03 02:18:33','2023-05-02',193,NULL,'permitir_gratuita'),(151,'2023-05-03 19:13:54','2023-05-03 19:14:46','2023-05-06',194,1,'Prueba'),(152,'2023-05-04 01:18:55','2023-05-04 01:18:55','2023-05-03',195,NULL,'permitir_gratuita'),(153,'2023-05-04 04:16:49','2023-05-04 04:18:05','2024-05-04',196,6,'Comprada'),(154,'2023-05-04 05:42:00','2023-05-04 05:42:00','2023-05-04',197,NULL,'permitir_gratuita'),(155,'2023-05-04 22:57:26','2023-05-04 22:57:26','2023-05-04',199,NULL,'permitir_gratuita'),(156,'2023-05-04 23:12:43','2023-05-04 23:23:44','2023-05-07',200,1,'Prueba'),(157,'2023-05-06 04:38:09','2023-05-06 04:41:06','2024-05-06',210,6,'Comprada'),(158,'2023-05-06 06:46:46','2023-05-06 06:46:46','2023-05-06',211,NULL,'permitir_gratuita'),(159,'2023-05-08 16:42:33','2023-05-08 17:35:17','2024-05-08',212,6,'Comprada'),(160,'2023-05-08 20:32:06','2023-05-08 20:32:06','2023-05-08',213,NULL,'permitir_gratuita'),(161,'2023-05-08 21:24:44','2023-05-08 21:26:17','2024-05-08',214,6,'Comprada'),(162,'2023-05-08 21:27:27','2023-05-08 21:28:00','2024-05-08',215,6,'Comprada'),(163,'2023-05-08 21:29:14','2023-05-08 21:30:02','2024-05-08',216,6,'Comprada'),(164,'2023-05-08 21:30:32','2023-05-08 21:31:01','2024-05-08',217,6,'Comprada'),(165,'2023-05-08 23:54:15','2023-05-08 23:54:15','2023-05-08',218,NULL,'permitir_gratuita');

--
-- Table structure for table `migrations`
--

CREATE TABLE `migrations` (
  `id` int(10) unsigned NOT NULL AUTO_INCREMENT,
  `migration` varchar(255) NOT NULL,
  `batch` int(11) NOT NULL,
  PRIMARY KEY (`id`)
) ENGINE=InnoDB AUTO_INCREMENT=46 DEFAULT CHARSET=utf8mb4 COLLATE=utf8mb4_unicode_ci;

--
-- Dumping data for table `migrations`
--

INSERT INTO `migrations` VALUES (1,'2014_10_11_000000_create_roles_table',1),(2,'2014_10_12_000000_create_users_table',1),(3,'2014_10_12_100000_create_password_resets_table',1),(4,'2019_08_19_000000_create_failed_jobs_table',1),(5,'2019_12_14_000001_create_personal_access_tokens_table',1),(6,'2023_01_17_154207_create_empresa_data_table',1),(7,'2023_01_17_154224_create_cliente_data_table',1),(8,'2023_01_17_154234_create_orders_table',1),(9,'2023_01_17_154310_create_membresias_table',1),(10,'2023_01_17_154350_create_notifies_table',1),(11,'2023_01_23_203715_user_recovery',2),(12,'2023_01_26_164333_add_timestap',3),(13,'2023_01_26_200645_add_order_data',4),(14,'2023_02_13_220533_add_data_user',4),(15,'2023_02_14_001629_add_data_membresia',5),(16,'2023_02_14_003743_add_user_notifies',5),(17,'2023_02_14_003844_create_payment_menbresias_table',5),(18,'2023_02_14_173628_create_price_membresias_table',6),(19,'2023_02_14_181019_create_ofertas_comercios_table',7),(20,'2023_02_14_213742_add_referencia_price_membresias',7),(21,'2023_02_15_111342_delete_data_price_membresias',8),(22,'2023_02_15_111919_delete_data_price_membresias_part2',9),(23,'2023_02_15_183707_create_comercio_oferta_clientes_table',10),(24,'2023_02_17_163014_add_data_payment_membresia',11),(25,'2023_03_06_150026_add_membresia_id_payment_membresia',12),(26,'2023_03_14_151911_add_code_users',13),(27,'2023_03_15_161407_add_status',14),(28,'2023_04_03_182659_create_noticias_table',15),(29,'2023_04_03_191506_add_image_noticias',16),(30,'2023_04_04_193151_add_type_membresia',17),(31,'2023_04_05_163911_img_url_add_user',18),(32,'2023_04_11_204236_add_img_url',18),(33,'2023_04_13_174423_ofertas_comercios_add_stock',19),(34,'2023_04_17_150710_add_img_payment_menbresias',20),(35,'2023_04_23_000808_add_datos_in_user_fecha_poliza',21),(36,'2023_04_23_014326_add_user_vendedor',22),(37,'2023_04_26_151737_add_links_noticias',23),(38,'2023_04_28_121145_add_maps_in_ofertas',24),(39,'2023_05_04_003225_create_provincias_table',25),(40,'2023_05_04_131125_create_noticias_informativas_table',26),(41,'2023_05_04_133602_create_noticias_pachamas_table',26),(42,'2023_05_04_181354_add_prioridad',27),(43,'2023_05_04_181355_add_prioridad',28),(44,'2023_05_04_183842_add_prioridad_ofertas',29),(45,'2023_05_05_131405_add_user_provincia',30);

--
-- Table structure for table `noticias`
--

CREATE TABLE `noticias` (
  `id` bigint(20) unsigned NOT NULL AUTO_INCREMENT,
  `titulo` varchar(250) NOT NULL DEFAULT '',
  `descripcion` text DEFAULT NULL,
  `categoria` varchar(100) NOT NULL DEFAULT 'Nuevo producto',
  `created_at` timestamp NULL DEFAULT NULL,
  `updated_at` timestamp NULL DEFAULT NULL,
  `img_url` text DEFAULT NULL,
  `links` text DEFAULT NULL,
  `prioridad` int(11) DEFAULT NULL,
  PRIMARY KEY (`id`)
) ENGINE=InnoDB AUTO_INCREMENT=30 DEFAULT CHARSET=utf8mb4 COLLATE=utf8mb4_unicode_ci;

--
-- Dumping data for table `noticias`
--

INSERT INTO `noticias` VALUES (24,'Casa Baby','En casa baby puedes encontrar todo lo que necesitas para tu bebé, con la mejor calidad y atención que te mereces.','Moda','2023-04-24 18:42:44','2023-05-04 21:47:33','https://app.form.phoenixtechsa.com//storage/images/notocias/2023_04_24//IkuoavSPgGQRlbazNKXT3yBXEa3Vt7xdSHrkiaky.jpg','{\"facebook\":null,\"instagram\":null,\"youtube\":null,\"web\":null}',8),(25,'',NULL,'Otros','2023-04-24 18:45:40','2023-05-04 21:48:14','https://app.form.phoenixtechsa.com//storage/images/notocias/2023_04_24//JKJvLFPWr2PrQTYLzWEDN0MvWZy7MU6x1cyyNQDe.jpg','{\"facebook\":\"a\",\"instagram\":null,\"youtube\":null,\"web\":null}',1),(26,'Rticcoolers','RTIC Coolers Panamá\r\nPremium coolers & drinkware','Nuevo producto','2023-05-03 21:07:55','2023-05-04 21:48:48','https://app.form.phoenixtechsa.com//storage/images/notocias/2023_05_03//QHHEm7eG53XPgTOmecMuFddsu96m0rx0STl7VMff.png','{\"facebook\":null,\"instagram\":\"https:\\/\\/www.instagram.com\\/rticcoolerspanama\\/?hl=es-la\",\"youtube\":null,\"web\":null}',2);

--
-- Table structure for table `noticias_informativas`
--

CREATE TABLE `noticias_informativas` (
  `id` bigint(20) unsigned NOT NULL AUTO_INCREMENT,
  `titulo` varchar(250) NOT NULL,
  `descripcion` text DEFAULT NULL,
  `img_url` text DEFAULT NULL,
  `created_at` timestamp NULL DEFAULT NULL,
  `updated_at` timestamp NULL DEFAULT NULL,
  PRIMARY KEY (`id`),
  UNIQUE KEY `noticias_informativas_titulo_unique` (`titulo`)
) ENGINE=InnoDB AUTO_INCREMENT=4 DEFAULT CHARSET=utf8mb4 COLLATE=utf8mb4_unicode_ci;

--
-- Dumping data for table `noticias_informativas`
--


--
-- Table structure for table `noticias_pachamas`
--

CREATE TABLE `noticias_pachamas` (
  `id` bigint(20) unsigned NOT NULL AUTO_INCREMENT,
  `titulo` varchar(250) NOT NULL,
  `descripcion` text DEFAULT NULL,
  `img_url` text DEFAULT NULL,
  `created_at` timestamp NULL DEFAULT NULL,
  `updated_at` timestamp NULL DEFAULT NULL,
  PRIMARY KEY (`id`),
  UNIQUE KEY `noticias_pachamas_titulo_unique` (`titulo`)
) ENGINE=InnoDB AUTO_INCREMENT=4 DEFAULT CHARSET=utf8mb4 COLLATE=utf8mb4_unicode_ci;

--
-- Dumping data for table `noticias_pachamas`
--


--
-- Table structure for table `notifies`
--

CREATE TABLE `notifies` (
  `id` bigint(20) unsigned NOT NULL AUTO_INCREMENT,
  `titulo` varchar(250) NOT NULL,
  `body` text DEFAULT NULL,
  `data` text DEFAULT NULL,
  `created_at` timestamp NULL DEFAULT NULL,
  `updated_at` timestamp NULL DEFAULT NULL,
  `user_id` bigint(20) unsigned DEFAULT NULL,
  PRIMARY KEY (`id`),
  KEY `notifies_user_id_foreign` (`user_id`),
  CONSTRAINT `notifies_user_id_foreign` FOREIGN KEY (`user_id`) REFERENCES `users` (`id`)
) ENGINE=InnoDB DEFAULT CHARSET=utf8mb4 COLLATE=utf8mb4_unicode_ci;

--
-- Dumping data for table `notifies`
--


--
-- Table structure for table `ofertas_comercios`
--

CREATE TABLE `ofertas_comercios` (
  `id` bigint(20) unsigned NOT NULL AUTO_INCREMENT,
  `img_array_url` text DEFAULT NULL,
  `price_total` double(30,2) NOT NULL DEFAULT 0.00,
  `descuento` double(30,2) NOT NULL DEFAULT 0.00,
  `description` text DEFAULT NULL,
  `nombre` varchar(250) NOT NULL,
  `fecha_tope_descuento` date DEFAULT NULL,
  `active` tinyint(1) NOT NULL DEFAULT 1,
  `comercio_id` bigint(20) unsigned DEFAULT NULL,
  `created_at` timestamp NULL DEFAULT NULL,
  `updated_at` timestamp NULL DEFAULT NULL,
  `stock` double(30,2) NOT NULL DEFAULT 0.00,
  `link_map` text DEFAULT NULL,
  `dir` varchar(250) NOT NULL,
  `prioridad` int(10) unsigned NOT NULL DEFAULT 0,
  PRIMARY KEY (`id`),
  UNIQUE KEY `ofertas_comercios_nombre_unique` (`nombre`),
  KEY `ofertas_comercios_comercio_id_foreign` (`comercio_id`),
  CONSTRAINT `ofertas_comercios_comercio_id_foreign` FOREIGN KEY (`comercio_id`) REFERENCES `users` (`id`)
) ENGINE=InnoDB AUTO_INCREMENT=53 DEFAULT CHARSET=utf8mb4 COLLATE=utf8mb4_unicode_ci;

--
-- Dumping data for table `ofertas_comercios`
--

INSERT INTO `ofertas_comercios` VALUES (25,'[\"https:\\/\\/res.cloudinary.com\\/phoenix-tech-sa\\/image\\/upload\\/v1682021477\\/tarjeta_joven\\/no5e4sdkst1khtsrqstq.jpg\"]',0.00,0.00,'20% de descuento en toda la tienda','Ropa Americana','2031-09-20',1,93,'2023-04-20 23:03:34','2023-05-05 19:01:19',0.00,'[{\"ubication\":\"Panam\\u00e1\",\"link\":\"https:\\/\\/goo.gl\\/maps\\/Mc2zwtHXtki1xZqN8\"}]','',5),(26,'[\"https:\\/\\/res.cloudinary.com\\/phoenix-tech-sa\\/image\\/upload\\/v1682024307\\/tarjeta_joven\\/hddrkl1mor8hh5zmlooq.png\"]',0.00,0.00,'- Consulta de cortesía\n- 20% de descuento en confección de receta\n- 20% al 30% en aros de marca\n- Consulta de oftalmología 50.00\n- Confección en el segundo par de lentes 25% de descuento','Optimax','2032-10-19',1,94,'2023-04-20 23:58:28','2023-05-05 19:00:08',0.00,'[{\"ubication\":\"Panam\\u00e1\",\"link\":\"https:\\/\\/goo.gl\\/maps\\/RXnw3wBahf5d1cmB8\"}]','',2),(27,'[\"https:\\/\\/res.cloudinary.com\\/phoenix-tech-sa\\/image\\/upload\\/v1682024770\\/tarjeta_joven\\/wmcf9xrjssvkntcdf3nh.png\"]',0.00,0.00,'Recibe un desde un 15% a 30% de descuento cursos de ingles.','Natural English','2033-10-11',1,95,'2023-04-21 00:05:46','2023-04-30 02:12:37',0.00,'[{\"ubication\":\"Panam\\u00e1\",\"link\":\"https:\\/\\/goo.gl\\/maps\\/RSVeq1Bguzrd6yJ87\"}]','',0),(28,'[\"https:\\/\\/res.cloudinary.com\\/phoenix-tech-sa\\/image\\/upload\\/v1682025361\\/tarjeta_joven\\/x7ynpeqynlvcak3oirla.png\"]',0.00,0.00,'- Consulta 7.50\n- 20% de descuento en laboratorios\n- 20% de descuento en servicios de enfermería\n- Electrocardiograma 20.00','Centro médico Anel II','2032-06-15',1,96,'2023-04-21 00:16:02','2023-04-30 02:11:48',0.00,'[{\"ubication\":\"Panam\\u00e1\",\"link\":\"https:\\/\\/goo.gl\\/maps\\/gbZZr8gXkSoHKjXP6\"}]','',0),(29,'[\"https:\\/\\/res.cloudinary.com\\/phoenix-tech-sa\\/image\\/upload\\/v1682026539\\/tarjeta_joven\\/jvlsvhmdfcoxxxk8we3l.png\"]',0.00,0.00,'25% de descuento y evaluación de cortesía gratis','Óptica Ibarra','2029-09-20',1,97,'2023-04-21 00:30:14','2023-04-30 02:10:10',0.00,'[{\"ubication\":\"Panam\\u00e1\",\"link\":\"https:\\/\\/goo.gl\\/maps\\/og3onf3g5McUSE9P9\"}]','',0),(30,'[\"https:\\/\\/res.cloudinary.com\\/phoenix-tech-sa\\/image\\/upload\\/v1682026963\\/tarjeta_joven\\/d5pgddpjdsje6lthzzwh.png\"]',0.00,0.00,'20% de descuento en anillos de graduación - joyas personalizadas - reparaciones','Koko Jewerly desing','2028-09-20',1,98,'2023-04-21 00:42:45','2023-04-30 02:09:07',0.00,'[{\"ubication\":\"Panam\\u00e1\",\"link\":\"https:\\/\\/goo.gl\\/maps\\/yfGB1PDj82iHDNN76\"}]','',0),(31,'[\"https:\\/\\/res.cloudinary.com\\/phoenix-tech-sa\\/image\\/upload\\/v1682112136\\/tarjeta_joven\\/dkqvjq0zdwbai3tnjmgz.png\"]',0.00,0.00,'-10% de descuento en ginecología y obstétrica\n-10 % ultrasonido ginecología','Ginecología','2023-11-21',1,107,'2023-04-22 00:22:18','2023-05-06 00:00:28',0.00,'[{\"ubication\":\"Chiriqu\\u00ed\",\"link\":\"https:\\/\\/goo.gl\\/maps\\/NwSoW63Ph1HPXY948\"}]','',2),(32,'[\"https:\\/\\/res.cloudinary.com\\/phoenix-tech-sa\\/image\\/upload\\/v1682181507\\/tarjeta_joven\\/zsz5nxo03o6ce2ydp5gj.png\"]',0.00,0.00,'-Paquete de 3 sesiones con un 15% de descuento-','Sesión de terapia a domicilio','2023-10-28',1,120,'2023-04-22 19:38:29','2023-05-05 23:00:02',0.00,'[{\"ubication\":\"Chorrera\",\"link\":null}]','',1),(34,'[\"https:\\/\\/res.cloudinary.com\\/phoenix-tech-sa\\/image\\/upload\\/v1682195875\\/tarjeta_joven\\/d7g568vqefoyvbvl8qxk.jpg\"]',0.00,0.00,'-15% de descuento con tu membresía-','Funeraria','2023-11-23',1,132,'2023-04-22 23:37:56','2023-04-30 02:15:22',0.00,'[{\"ubication\":\"Col\\u00f3n\",\"link\":\"https:\\/\\/goo.gl\\/maps\\/3Cgv1aSUhtyVXpR19\"}]','',0),(35,'[\"https:\\/\\/res.cloudinary.com\\/phoenix-tech-sa\\/image\\/upload\\/v1682196134\\/tarjeta_joven\\/xdcy50meqrzthpchxhfu.png\"]',0.00,0.00,'-10% en laboratorios, -5% en ultrasonidos, 5% tele consultas, -5% consultas domiciliarias, -5% en Consultas de Medicina General','Clínica','2023-10-23',1,135,'2023-04-22 23:42:16','2023-04-30 02:14:44',0.00,'[{\"ubication\":\"Chiriqu\\u00ed\",\"link\":\"https:\\/\\/goo.gl\\/maps\\/yHJbgrdEyp5rQaZL9\"}]','',0),(36,'[\"https:\\/\\/res.cloudinary.com\\/phoenix-tech-sa\\/image\\/upload\\/v1682807091\\/tarjeta_joven\\/rtucjqvbv7aow4apfz7k.jpg\"]',0.00,0.00,'-20% de descuento-','Dentis','2029-10-23',1,186,'2023-04-30 01:24:52','2023-05-05 19:25:02',0.00,'[{\"ubication\":\"Chorrera\",\"link\":\"https:\\/\\/goo.gl\\/maps\\/YDuda91TztM1Tst27\"}]','',3),(37,'[\"https:\\/\\/res.cloudinary.com\\/phoenix-tech-sa\\/image\\/upload\\/v1682808750\\/tarjeta_joven\\/tiadjwhph9gksa6msz9u.jpg\"]',0.00,0.00,'10% servicio completo (corte, barba y masacrilma)\n10% compra de productos','R- Torres Barber Shop','2031-09-29',1,184,'2023-04-30 01:52:31','2023-04-30 01:52:31',0.00,'[{\"ubication\":\"Panam\\u00e1\",\"link\":\"https:\\/\\/goo.gl\\/maps\\/iE38Eva2f1hTGyJb8\"}]','',0),(38,'[\"https:\\/\\/res.cloudinary.com\\/phoenix-tech-sa\\/image\\/upload\\/v1682808829\\/tarjeta_joven\\/mqr71dx46yhyhbn7f3qd.png\"]',0.00,0.00,'-15% de descuento de accesorios de celular\n5% de descuento en equipo de celular-','Cell Android','2027-09-29',1,185,'2023-04-30 01:53:51','2023-05-05 19:22:48',0.00,'[{\"ubication\":\"Chorrera\",\"link\":\"https:\\/\\/goo.gl\\/maps\\/hK8283ji2ngFWs4x6\"}]','',4),(39,'[\"https:\\/\\/res.cloudinary.com\\/phoenix-tech-sa\\/image\\/upload\\/v1682809137\\/tarjeta_joven\\/ddzuzogvw2bzgmtyuhbw.png\"]',0.00,0.00,'Examen de vista gratis \n30% de descuento en Mayo\nHasta el 15 de mayo Aro y receta 2x1','Óptica city visión, S.A:','2028-09-29',1,189,'2023-04-30 01:58:58','2023-04-30 01:58:58',0.00,'[{\"ubication\":\"Col\\u00f3n\",\"link\":\"https:\\/\\/goo.gl\\/maps\\/XTgw8Me2iQFsY2YW8\"}]','',0),(40,'[\"https:\\/\\/res.cloudinary.com\\/phoenix-tech-sa\\/image\\/upload\\/v1682809436\\/tarjeta_joven\\/umzenjsetbvgw4igrdh5.jpg\"]',0.00,0.00,'10% de descuento en servicios\nAsociado que inicie un plan de tratamiento analgésico, relajante y reductor 15% de descuento','Centro Lem','2029-09-29',1,190,'2023-04-30 02:03:57','2023-04-30 02:03:57',0.00,'[{\"ubication\":\"Chiriqu\\u00ed\",\"link\":\"https:\\/\\/goo.gl\\/maps\\/4BPeARyyYV5tuTJE9\"}]','',0),(41,'[\"https:\\/\\/res.cloudinary.com\\/phoenix-tech-sa\\/image\\/upload\\/v1683301430\\/tarjeta_joven\\/tc1tig69dag7hfaatfcp.jpg\"]',0.00,0.00,'-10% de descuento en pruebas de laboratorio locales, no aplica para otras promociones, ni descuentos y tampoco en pruebas internacionales-','Laboratorio clínico Sel lab','2025-05-05',1,198,'2023-05-05 18:43:52','2023-05-05 18:43:52',0.00,'[{\"ubication\":\"Chiriqu\\u00ed\",\"link\":\"https:\\/\\/goo.gl\\/maps\\/RRZ1K86iLxn4pSyQ8\"}]','',2),(44,'[\"https:\\/\\/res.cloudinary.com\\/phoenix-tech-sa\\/image\\/upload\\/v1683303539\\/tarjeta_joven\\/humaqzidgbbomnljez3j.jpg\"]',0.00,0.00,'-20% de descuento en medicina \"Lunes, Martes, Jueves, Viernes y Domingo\" & 25% Miércoles y Sábado \n20% en nutrientes (vitaminas y minerales) todos los días-','PharmaYes','2025-05-05',1,206,'2023-05-05 19:19:01','2023-05-05 19:19:01',0.00,'[{\"ubication\":\"Chorrera\",\"link\":\"https:\\/\\/goo.gl\\/maps\\/2RJE7Z4kTQeXwF1ZA\"}]','',1),(45,'[\"https:\\/\\/res.cloudinary.com\\/phoenix-tech-sa\\/image\\/upload\\/v1683314043\\/tarjeta_joven\\/wxjenhtnzcon4rxaji8e.jpg\"]',0.00,0.00,'-5 % de descuento a la hora de pagar tu hospedaje-','Cabañas Money','2024-05-05',1,207,'2023-05-05 22:14:05','2023-05-05 22:14:05',0.00,'[{\"ubication\":\"Cocl\\u00e9\",\"link\":null}]','',3),(46,'[\"https:\\/\\/res.cloudinary.com\\/phoenix-tech-sa\\/image\\/upload\\/v1683314254\\/tarjeta_joven\\/v30xhmssk4837tmg2d3x.jpg\"]',0.00,0.00,'-10% de descuento-','Centro Médico Los Andes','2023-05-05',1,201,'2023-05-05 22:17:36','2023-05-05 22:17:36',0.00,'[{\"ubication\":\"Panam\\u00e1\",\"link\":\"https:\\/\\/goo.gl\\/maps\\/vociX6vT581UFWEP9\"}]','',3),(47,'[\"https:\\/\\/res.cloudinary.com\\/phoenix-tech-sa\\/image\\/upload\\/v1683314408\\/tarjeta_joven\\/z1seqe1sx9ab7mufdar7.jpg\"]',0.00,0.00,'-15 % de descuento-','Clínica Balmoral','2025-05-05',1,152,'2023-05-05 22:20:10','2023-05-05 22:21:33',0.00,'[{\"ubication\":\"Panam\\u00e1\",\"link\":\"https:\\/\\/goo.gl\\/maps\\/77wfRavKQe6238Ht5\"}]','',3),(48,'[\"https:\\/\\/res.cloudinary.com\\/phoenix-tech-sa\\/image\\/upload\\/v1683315253\\/tarjeta_joven\\/inkh07ght0it1guf2pnc.jpg\"]',0.00,0.00,'-20% de descuento en limpieza-','Dental Clinic NG','2023-05-05',1,204,'2023-05-05 22:34:15','2023-05-05 22:34:15',0.00,'[{\"ubication\":\"Chorrera\",\"link\":\"https:\\/\\/goo.gl\\/maps\\/5ckktg6wztu8YPHC9\"}]','',4),(49,'[\"https:\\/\\/res.cloudinary.com\\/phoenix-tech-sa\\/image\\/upload\\/v1683315586\\/tarjeta_joven\\/hwen9tcqyjbmllomfa4w.jpg\"]',0.00,0.00,'- 20% de descuento en compra de gafas y lentes de sol-','Clínica Óptica De La Hoz','2024-05-05',1,205,'2023-05-05 22:39:47','2023-05-06 00:02:06',0.00,'[{\"ubication\":\"Chorrera\",\"link\":\"https:\\/\\/goo.gl\\/maps\\/fsm1VQti9VQkTGfV6\"}]','',3),(50,'[\"https:\\/\\/res.cloudinary.com\\/phoenix-tech-sa\\/image\\/upload\\/v1683316776\\/tarjeta_joven\\/kpkwwhormbn0ftyjtvcf.jpg\"]',0.00,0.00,'- 20% de descuento-','La Feria del Lente','2024-05-05',1,203,'2023-05-05 22:59:38','2023-05-05 22:59:38',0.00,'[{\"ubication\":\"Chorrera\",\"link\":\"https:\\/\\/goo.gl\\/maps\\/meM52ed1Eo8nbcG56\"}]','',3),(51,'[\"https:\\/\\/res.cloudinary.com\\/phoenix-tech-sa\\/image\\/upload\\/v1683317123\\/tarjeta_joven\\/ahxtz1ahusfc5bq0lloh.jpg\"]',0.00,0.00,'-10% en piezas a bordar, sublimar, personalizar al detal\n20% en piezas a bordar sublimar e serigrafía al por mayor (12) piezas en adelante\nAl solicitar de (24) piezas en adelante para bordar, sublimar o serigrafía el arte es Gratis-','Creaciones BordaGrim','2023-05-05',1,209,'2023-05-05 23:05:25','2023-05-05 23:05:25',0.00,'[{\"ubication\":\"Panam\\u00e1\",\"link\":null}]','',7),(52,'[\"https:\\/\\/res.cloudinary.com\\/phoenix-tech-sa\\/image\\/upload\\/v1683317628\\/tarjeta_joven\\/ug7uzwqnzxq1n1jxivfw.jpg\"]',0.00,0.00,'-30% descuento en laboratorios-','MediLab','2024-07-10',1,208,'2023-05-05 23:13:49','2023-05-05 23:13:49',0.00,'[{\"ubication\":\"Chorrera\",\"link\":\"https:\\/\\/goo.gl\\/maps\\/Rf1Kh5rSWHtK3hDn7\"}]','',6);

--
-- Table structure for table `orders`
--

CREATE TABLE `orders` (
  `id` bigint(20) unsigned NOT NULL AUTO_INCREMENT,
  `created_at` timestamp NULL DEFAULT NULL,
  `updated_at` timestamp NULL DEFAULT NULL,
  PRIMARY KEY (`id`)
) ENGINE=InnoDB DEFAULT CHARSET=utf8mb4 COLLATE=utf8mb4_unicode_ci;

--
-- Dumping data for table `orders`
--


--
-- Table structure for table `payment_menbresias`
--

CREATE TABLE `payment_menbresias` (
  `id` bigint(20) unsigned NOT NULL AUTO_INCREMENT,
  `payment` double(30,2) NOT NULL DEFAULT 0.00,
  `user_id` bigint(20) unsigned DEFAULT NULL,
  `created_at` timestamp NULL DEFAULT NULL,
  `updated_at` timestamp NULL DEFAULT NULL,
  `referencia` varchar(250) DEFAULT NULL,
  `verificado` tinyint(1) NOT NULL DEFAULT 1,
  `membresia_id` bigint(20) unsigned DEFAULT NULL,
  `img_url` text DEFAULT NULL,
  PRIMARY KEY (`id`),
  KEY `payment_menbresias_user_id_foreign` (`user_id`),
  KEY `payment_menbresias_membresia_id_foreign` (`membresia_id`),
  CONSTRAINT `payment_menbresias_membresia_id_foreign` FOREIGN KEY (`membresia_id`) REFERENCES `membresias` (`id`),
  CONSTRAINT `payment_menbresias_user_id_foreign` FOREIGN KEY (`user_id`) REFERENCES `users` (`id`)
) ENGINE=InnoDB AUTO_INCREMENT=111 DEFAULT CHARSET=utf8mb4 COLLATE=utf8mb4_unicode_ci;

--
-- Dumping data for table `payment_menbresias`
--

INSERT INTO `payment_menbresias` VALUES (7,9.99,102,'2023-04-21 21:03:38','2023-04-21 21:03:38','yappy_success',0,6,NULL),(9,9.99,103,'2023-04-21 22:00:00','2023-04-21 22:00:00','yappy_success',1,6,NULL),(10,9.99,49,'2023-04-21 22:03:04','2023-04-21 22:03:04','yappy_success',1,6,NULL),(11,9.99,103,'2023-04-21 22:03:38','2023-04-21 22:03:38','yappy_success',1,6,NULL),(12,9.99,49,'2023-04-21 22:06:58','2023-04-22 00:34:11','yappy_success',1,6,NULL),(13,9.99,104,'2023-04-21 22:35:08','2023-04-21 22:35:08','yappy_success',1,6,NULL),(14,9.99,104,'2023-04-21 22:38:08','2023-04-21 22:38:08','yappy_success',1,6,NULL),(15,9.99,67,'2023-04-21 23:11:09','2023-04-21 23:11:09','yappy_success',1,6,NULL),(16,9.99,20,'2023-04-21 23:16:06','2023-04-21 23:16:06','yappy_success',1,6,NULL),(17,9.99,105,'2023-04-21 23:20:10','2023-04-21 23:20:10','yappy_success',1,6,NULL),(18,9.99,105,'2023-04-21 23:21:03','2023-04-21 23:21:03','yappy_success',1,6,NULL),(19,9.99,20,'2023-04-21 23:45:18','2023-04-21 23:45:18','yappy_success',1,6,NULL),(20,9.99,104,'2023-04-22 00:01:22','2023-04-22 00:01:22','yappy_success',1,6,NULL),(21,9.99,106,'2023-04-22 00:05:58','2023-04-22 00:05:58','yappy_success',1,6,NULL),(22,100.00,105,'2023-04-22 00:26:50','2023-04-22 00:26:50','xxxx-xxx-xxx',1,1,NULL),(23,100.00,108,'2023-04-22 00:27:30','2023-04-22 00:27:30','xxxx-xxx-xxx',1,1,NULL),(24,9.99,108,'2023-04-22 01:20:10','2023-04-22 01:20:10','yappy_success',0,6,NULL),(25,9.99,108,'2023-04-22 01:21:30','2023-04-22 01:21:30','yappy_success',0,6,NULL),(26,9.99,108,'2023-04-22 01:32:12','2023-04-22 01:32:12','yappy_success',0,6,NULL),(27,9.99,108,'2023-04-22 01:43:12','2023-04-22 01:43:12','yappy_success',0,6,NULL),(28,9.99,108,'2023-04-22 01:43:30','2023-04-22 01:43:30','yappy_success',0,6,NULL),(29,9.99,108,'2023-04-22 02:20:47','2023-04-22 02:20:47','yappy_success',0,6,NULL),(30,9.99,108,'2023-04-22 03:30:10','2023-04-22 03:30:10','yappy_success',0,6,NULL),(31,9.99,108,'2023-04-22 04:30:55','2023-04-22 04:30:55','yappy_success',0,6,NULL),(32,9.99,108,'2023-04-22 16:32:20','2023-04-22 16:32:20','yappy_success',0,6,NULL),(33,9.99,108,'2023-04-22 19:21:57','2023-04-22 19:21:57','yappy_success',0,6,NULL),(34,9.99,119,'2023-04-22 19:45:07','2023-04-22 19:45:07','xxxx-xxx-xxx',1,1,NULL),(35,9.99,108,'2023-04-22 19:49:30','2023-04-22 19:49:30','yappy_success',0,6,NULL),(36,9.99,108,'2023-04-22 19:49:34','2023-04-22 19:49:34','yappy_success',0,6,NULL),(37,9.99,108,'2023-04-22 19:51:20','2023-04-22 19:51:20','yappy_success',0,6,NULL),(38,9.99,108,'2023-04-22 19:52:33','2023-04-22 19:52:33','yappy_success',0,6,NULL),(39,9.99,108,'2023-04-22 19:55:22','2023-04-22 19:55:22','yappy_success',0,NULL,NULL),(40,9.99,20,'2023-04-22 19:58:57','2023-04-22 19:58:57','yappy_success',0,6,NULL),(41,9.99,121,'2023-04-22 20:07:49','2023-04-22 20:14:26','yappy_success',1,6,NULL),(42,9.99,124,'2023-04-22 20:21:34','2023-04-22 20:28:00','yappy_success',1,6,NULL),(43,9.99,125,'2023-04-22 20:40:43','2023-04-22 20:43:59','yappy_success',1,6,NULL),(44,9.99,128,'2023-04-22 20:58:44','2023-04-22 21:26:01','yappy_success',1,6,NULL),(45,9.99,127,'2023-04-22 22:05:27','2023-04-22 22:05:27','yappy_success',0,6,NULL),(46,9.99,127,'2023-04-22 22:09:43','2023-04-22 22:15:30','yappy_success',1,6,NULL),(47,9.99,134,'2023-04-22 22:20:12','2023-04-22 23:44:11','yappy_success',1,6,NULL),(48,9.99,130,'2023-04-22 22:21:21','2023-04-22 22:30:28','yappy_success',1,6,NULL),(49,9.99,131,'2023-04-22 22:23:51','2023-04-22 22:30:35','yappy_success',1,6,NULL),(50,9.99,131,'2023-04-22 22:28:50','2023-04-22 22:28:50','yappy_success',0,6,NULL),(51,9.99,83,'2023-04-23 03:24:51','2023-04-23 03:24:51','yappy_success',0,6,NULL),(52,9.99,137,'2023-04-23 22:04:50','2023-04-24 01:33:03','yappy_success',1,6,NULL),(53,9.99,139,'2023-04-24 01:05:18','2023-04-24 01:06:25','yappy_success',1,6,NULL),(54,9.99,140,'2023-04-24 01:20:12','2023-04-24 01:20:56','yappy_success',1,6,NULL),(55,9.99,141,'2023-04-24 01:27:30','2023-04-24 01:28:17','yappy_success',1,6,NULL),(56,9.99,142,'2023-04-24 01:34:12','2023-04-24 01:36:04','yappy_success',1,6,NULL),(57,9.99,145,'2023-04-24 21:33:29','2023-04-24 23:34:53','yappy_success',1,6,NULL),(58,9.99,145,'2023-04-24 22:07:49','2023-04-24 22:07:49','yappy_success',0,6,NULL),(59,9.99,49,'2023-04-25 02:14:53','2023-04-25 02:14:53','yappy_success',0,6,NULL),(60,9.99,154,'2023-04-26 02:55:52','2023-04-26 17:01:50','yappy_success',1,6,NULL),(61,9.99,155,'2023-04-26 16:19:53','2023-04-26 17:16:28','yappy_success',1,6,NULL),(62,9.99,86,'2023-04-26 16:41:48','2023-04-26 17:16:42','yappy_success',1,6,NULL),(63,9.99,86,'2023-04-26 16:41:52','2023-04-26 16:41:52','yappy_success',0,6,NULL),(64,9.99,163,'2023-04-26 20:15:40','2023-04-26 20:15:40','yappy_success',0,6,NULL),(65,9.99,166,'2023-04-27 01:08:35','2023-04-27 01:09:47','yappy_success',1,6,NULL),(66,9.99,169,'2023-04-27 06:20:54','2023-04-28 07:52:50','yappy_success',1,6,NULL),(67,9.99,171,'2023-04-27 23:29:07','2023-04-27 23:29:07','yappy_success',0,6,NULL),(68,9.99,175,'2023-04-28 04:00:52','2023-04-28 07:53:05','yappy_success',1,6,NULL),(69,9.99,176,'2023-04-28 18:12:04','2023-04-28 18:12:04','yappy_success',0,6,NULL),(70,9.99,176,'2023-04-28 18:14:25','2023-04-28 18:14:25','yappy_success',0,6,NULL),(71,9.99,176,'2023-04-28 18:16:47','2023-04-28 18:16:47','yappy_success',0,6,NULL),(72,9.99,176,'2023-04-28 18:18:25','2023-04-28 18:20:16','yappy_success',1,6,NULL),(73,9.99,101,'2023-04-28 21:07:09','2023-04-28 21:07:09','yappy_success',0,6,NULL),(74,9.99,179,'2023-04-29 02:51:28','2023-04-29 02:51:28','yappy_success',0,6,NULL),(75,9.99,179,'2023-04-29 02:55:27','2023-04-29 02:55:27','yappy_success',0,6,NULL),(76,9.99,180,'2023-04-29 02:55:59','2023-04-29 02:59:18','yappy_success',1,6,NULL),(77,9.99,179,'2023-04-29 03:17:28','2023-04-29 03:17:28','yappy_success',0,6,NULL),(78,9.99,179,'2023-04-29 03:56:40','2023-04-29 03:56:40','yappy_success',0,6,NULL),(79,9.99,181,'2023-04-29 04:56:27','2023-04-29 05:48:15','yappy_success',1,6,NULL),(80,9.99,20,'2023-04-29 14:29:10','2023-04-29 14:29:10','yappy_success',0,6,NULL),(81,9.99,183,'2023-04-30 00:56:54','2023-04-30 00:58:01','yappy_success',1,6,NULL),(82,9.99,187,'2023-04-30 01:30:52','2023-04-30 01:32:00','yappy_success',1,6,NULL),(83,9.99,143,'2023-04-30 05:19:51','2023-05-01 02:58:11','yappy_success',1,6,NULL),(84,9.99,191,'2023-04-30 05:39:06','2023-04-30 05:40:25','yappy_success',1,6,NULL),(85,9.99,44,'2023-05-03 00:51:04','2023-05-03 00:51:04','yappy_success',0,6,NULL),(86,9.99,196,'2023-05-04 04:17:12','2023-05-04 04:18:05','yappy_success',1,6,NULL),(87,9.99,49,'2023-05-04 05:32:18','2023-05-04 05:32:18','yappy_success',0,6,NULL),(88,9.99,197,'2023-05-04 05:42:16','2023-05-04 05:42:16','yappy_success',0,6,NULL),(89,9.99,197,'2023-05-04 14:12:55','2023-05-04 14:12:55','yappy_success',0,6,NULL),(90,9.99,197,'2023-05-04 16:06:18','2023-05-04 16:06:18','yappy_success',0,6,NULL),(91,9.99,197,'2023-05-04 16:09:53','2023-05-04 16:09:53','yappy_success',0,6,NULL),(92,9.99,44,'2023-05-04 18:56:56','2023-05-04 18:56:56','yappy_success',0,6,NULL),(93,9.99,20,'2023-05-05 02:38:27','2023-05-05 02:38:27','yappy_success',0,6,NULL),(94,9.99,20,'2023-05-05 19:52:43','2023-05-05 19:52:43','yappy_success',0,6,NULL),(95,9.99,210,'2023-05-06 04:39:36','2023-05-06 04:41:06','yappy_success',1,6,NULL),(96,9.99,150,'2023-05-08 04:43:44','2023-05-08 04:43:44','yappy_success',0,6,NULL),(97,9.99,89,'2023-05-08 15:57:14','2023-05-08 15:57:14','yappy_success',0,6,NULL),(98,9.99,89,'2023-05-08 16:00:35','2023-05-08 16:00:35','yappy_success',0,6,NULL),(99,9.99,49,'2023-05-08 16:16:27','2023-05-08 21:23:08','yappy_success',1,6,NULL),(100,9.99,212,'2023-05-08 16:43:30','2023-05-08 16:43:30','yappy_success',0,6,NULL),(101,9.99,89,'2023-05-08 16:43:40','2023-05-08 16:43:40','yappy_success',0,6,NULL),(102,9.99,89,'2023-05-08 16:43:47','2023-05-08 16:43:47','yappy_success',0,6,NULL),(103,9.99,89,'2023-05-08 16:44:20','2023-05-08 16:44:20','yappy_success',0,6,NULL),(104,9.99,212,'2023-05-08 16:47:50','2023-05-08 17:35:17','yappy_success',1,6,NULL),(105,9.99,212,'2023-05-08 16:51:43','2023-05-08 16:51:43','yappy_success',0,6,NULL),(106,9.99,212,'2023-05-08 16:54:35','2023-05-08 16:54:35','yappy_success',0,6,NULL),(107,9.99,214,'2023-05-08 21:25:02','2023-05-08 21:26:17','yappy_success',1,6,NULL),(108,9.99,215,'2023-05-08 21:27:49','2023-05-08 21:28:01','yappy_success',1,6,NULL),(109,9.99,216,'2023-05-08 21:29:50','2023-05-08 21:30:03','yappy_success',1,6,NULL),(110,9.99,217,'2023-05-08 21:30:49','2023-05-08 21:31:02','yappy_success',1,6,NULL);

--
-- Table structure for table `price_membresias`
--

CREATE TABLE `price_membresias` (
  `id` bigint(20) unsigned NOT NULL AUTO_INCREMENT,
  `price` double(30,2) NOT NULL DEFAULT 0.00,
  `name` varchar(100) NOT NULL,
  `created_at` timestamp NULL DEFAULT NULL,
  `updated_at` timestamp NULL DEFAULT NULL,
  `membresia_id` bigint(20) unsigned DEFAULT NULL,
  PRIMARY KEY (`id`),
  UNIQUE KEY `price_membresias_name_unique` (`name`),
  KEY `price_membresias_membresia_id_foreign` (`membresia_id`),
  CONSTRAINT `price_membresias_membresia_id_foreign` FOREIGN KEY (`membresia_id`) REFERENCES `membresias` (`id`)
) ENGINE=InnoDB AUTO_INCREMENT=9 DEFAULT CHARSET=utf8mb4 COLLATE=utf8mb4_unicode_ci;

--
-- Dumping data for table `price_membresias`
--

INSERT INTO `price_membresias` VALUES (1,0.00,'Membresia 5 Días','2023-02-14 20:58:14','2023-03-01 23:53:02',NULL),(6,9.99,'Membresia anual','2023-02-15 17:57:34','2023-04-20 20:34:20',NULL);

--
-- Table structure for table `provincias`
--

CREATE TABLE `provincias` (
  `id` bigint(20) unsigned NOT NULL AUTO_INCREMENT,
  `name` varchar(100) NOT NULL,
  `created_at` timestamp NULL DEFAULT NULL,
  `updated_at` timestamp NULL DEFAULT NULL,
  PRIMARY KEY (`id`),
  UNIQUE KEY `provincias_name_unique` (`name`)
) ENGINE=InnoDB AUTO_INCREMENT=14 DEFAULT CHARSET=utf8mb4 COLLATE=utf8mb4_unicode_ci;

--
-- Dumping data for table `provincias`
--

INSERT INTO `provincias` VALUES (2,'Colón','2023-05-04 04:48:42','2023-05-04 04:48:42'),(3,'Panamá','2023-05-04 04:51:52','2023-05-04 04:51:52'),(4,'Chiriquí','2023-05-04 04:52:01','2023-05-04 04:52:01'),(5,'Chorrera','2023-05-04 04:52:07','2023-05-04 04:52:07'),(6,'Los Santos','2023-05-04 04:52:28','2023-05-04 04:52:28'),(7,'Herrera','2023-05-04 04:52:35','2023-05-04 04:52:35'),(8,'Bocas del toro','2023-05-04 04:52:43','2023-05-04 04:52:43'),(9,'Darien','2023-05-04 04:52:50','2023-05-04 04:52:50'),(10,'Veraguas','2023-05-04 04:52:57','2023-05-04 04:52:57'),(11,'Coclé','2023-05-04 04:53:03','2023-05-04 04:53:03'),(13,'','2023-05-04 17:04:27','2023-05-04 17:04:27');

--
-- Table structure for table `roles`
--

CREATE TABLE `roles` (
  `id` bigint(20) unsigned NOT NULL AUTO_INCREMENT,
  `name` varchar(150) NOT NULL,
  `created_at` timestamp NULL DEFAULT NULL,
  `updated_at` timestamp NULL DEFAULT NULL,
  PRIMARY KEY (`id`),
  UNIQUE KEY `roles_name_unique` (`name`)
) ENGINE=InnoDB AUTO_INCREMENT=4 DEFAULT CHARSET=utf8mb4 COLLATE=utf8mb4_unicode_ci;

--
-- Dumping data for table `roles`
--

INSERT INTO `roles` VALUES (1,'admin','2023-01-17 20:00:50','2023-01-17 20:00:50'),(2,'empresa','2023-01-17 20:00:50','2023-01-17 20:00:50'),(3,'cliente','2023-01-17 20:00:50','2023-01-17 20:00:50');


