(1303,'{\"rating-2\":\"1\",\"dni_vendedor\":\"Vendedor #18\",\"Nombre\":\"Maryorie\",\"Apellido\":\"Herrera\",\"Cedula\":null,\"Telefono\":\"62433655\",\"Correo\":\"maryorienherrera@gmail.com\",\"edad\":\"18 o menos\",\"menbresia\":\"false\",\"concurso\":\"false\",\"recomendar\":\"false\",\"lugares_frecuentes\":\"Panama Este\",\"comentario\":\"No definido\",\"descuentos\":[]}','2023-04-06 11:50:15'),(1304,'{\"rating-2\":\"1\",\"dni_vendedor\":\"Vendedor #1\",\"Nombre\":\"Maryorie\",\"Apellido\":\"Herrera\",\"Cedula\":\"8-992-293\",\"Telefono\":\"62433655\",\"Correo\":\"nayu26@outlook.com\",\"edad\":\"26 a 35\",\"descuentos\":[\"turismo\",\"estudios\",\"gastronom\\u00eda\"],\"menbresia\":\"true\",\"concurso\":\"false\",\"recomendar\":\"true\",\"newsletter\":\"acepto\",\"lugares_frecuentes\":\"Panama Centro\",\"comentario\":\"No definido\"}','2023-04-06 11:54:39'),(1305,'{\"rating-2\":\"1\",\"dni_vendedor\":\"Vendedor #12\",\"Nombre\":\"Cristina\",\"Apellido\":\"Rivera\",\"Cedula\":null,\"Telefono\":\"68927867\",\"Correo\":\"cristinitarivera63@gmail.com\",\"edad\":\"26 a 35\",\"descuentos\":[\"turismo\",\"diversion\",\"gastronom\\u00eda\"],\"menbresia\":\"true\",\"concurso\":\"false\",\"recomendar\":\"true\",\"lugares_frecuentes\":\"Otros\",\"comentario\":\"No definido\"}','2023-04-06 14:59:01'),(1306,'{\"rating-2\":\"1\",\"dni_vendedor\":\"Vendedor #7\",\"Nombre\":\"Zeliderh\",\"Apellido\":\"De Grey\",\"Cedula\":null,\"Telefono\":\"68144127\",\"Correo\":\"zelidethmedina6@gmail.com\",\"edad\":\"36 o mas\",\"descuentos\":[\"turismo\",\"gastronom\\u00eda\",\"salud\"],\"menbresia\":\"true\",\"concurso\":\"false\",\"recomendar\":\"true\",\"lugares_frecuentes\":\"Panama Este\",\"comentario\":\"Supermercados, farmacias, almacenes\"}','2023-04-06 15:40:38'),(1307,'{\"rating-2\":\"1\",\"dni_vendedor\":\"Vendedor #7\",\"Nombre\":\"Jeronimo\",\"Apellido\":\"Gray\",\"Cedula\":null,\"Telefono\":\"68149278\",\"Correo\":\"jeronimogrey10@gmail.com\",\"edad\":\"36 o mas\",\"descuentos\":[\"turismo\",\"gastronom\\u00eda\",\"salud\"],\"menbresia\":\"true\",\"concurso\":\"false\",\"recomendar\":\"true\",\"lugares_frecuentes\":\"Panama Este\",\"comentario\":\"Supermercados, farmacias,\"}','2023-04-06 15:47:33'),(1308,'{\"rating-2\":\"1\",\"dni_vendedor\":\"Vendedor #7\",\"Nombre\":\"Yissel\",\"Apellido\":\"Gray\",\"Cedula\":null,\"Telefono\":\"63562137\",\"Correo\":\"yissel08@hotmail.es\",\"edad\":\"36 o mas\",\"descuentos\":[\"turismo\",\"gastronom\\u00eda\",\"salud\"],\"menbresia\":\"true\",\"concurso\":\"false\",\"recomendar\":\"true\",\"lugares_frecuentes\":\"Panama Este\",\"comentario\":\"Farmacia, supermercados\"}','2023-04-06 16:14:32'),(1309,'{\"rating-2\":\"1\",\"dni_vendedor\":\"Vendedor #20\",\"Nombre\":\"Yovana\",\"Apellido\":\"Rodriguez\",\"Cedula\":\"8-731-2059\",\"Telefono\":\"67329268\",\"Correo\":\"yrodriguez@49gmail.com\",\"edad\":\"36 o mas\",\"descuentos\":[\"turismo\"],\"menbresia\":\"true\",\"concurso\":\"false\",\"recomendar\":\"true\",\"newsletter\":\"acepto\",\"lugares_frecuentes\":\"Panama Este\",\"comentario\":\"Buena atencio\"}','2023-04-06 16:31:03'),(1310,'{\"rating-2\":\"1\",\"dni_vendedor\":\"Vendedor #7\",\"Nombre\":\"Jaime\",\"Apellido\":\"Quintero\",\"Cedula\":null,\"Telefono\":\"63431257\",\"Correo\":\"jaimeqs10a@gmail.com\",\"edad\":\"36 o mas\",\"descuentos\":[\"turismo\",\"diversion\",\"gastronom\\u00eda\"],\"menbresia\":\"true\",\"concurso\":\"false\",\"recomendar\":\"true\",\"lugares_frecuentes\":\"Panama Este\",\"comentario\":\"Supermercados, farmacias, almacenes\"}','2023-04-06 16:32:07'),(1311,'{\"rating-2\":\"1\",\"dni_vendedor\":\"Vendedor #7\",\"Nombre\":\"Emilu\",\"Apellido\":\"Quintero\",\"Cedula\":null,\"Telefono\":\"68816913\",\"Correo\":\"yaisi1825@gmail.com\",\"edad\":\"18 o menos\",\"descuentos\":[\"turismo\",\"gastronom\\u00eda\",\"salud\"],\"menbresia\":\"true\",\"concurso\":\"false\",\"recomendar\":\"true\",\"lugares_frecuentes\":\"Panama Este\",\"comentario\":\"Farmacias, supermercados, almacenes\"}','2023-04-06 16:45:10'),(1312,'{\"rating-2\":\"1\",\"dni_vendedor\":\"Vendedor #7\",\"Nombre\":\"Emilu\",\"Apellido\":\"Quintero\",\"Cedula\":null,\"Telefono\":\"68816913\",\"Correo\":\"yaisi1825@gmail.com\",\"edad\":\"18 o menos\",\"descuentos\":[\"turismo\",\"gastronom\\u00eda\",\"salud\"],\"menbresia\":\"true\",\"concurso\":\"false\",\"recomendar\":\"true\",\"lugares_frecuentes\":\"Panama Este\",\"comentario\":\"Farmacias, supermercados, almacenes\"}','2023-04-06 16:45:11'),(1313,'{\"rating-2\":\"1\",\"dni_vendedor\":\"Vendedor #7\",\"Nombre\":\"Darlena\",\"Apellido\":\"Gray\",\"Cedula\":null,\"Telefono\":\"66179734\",\"Correo\":\"darlyngray09@gmail.com\",\"edad\":\"36 o mas\",\"descuentos\":[\"turismo\",\"gastronom\\u00eda\",\"salud\"],\"menbresia\":\"true\",\"concurso\":\"false\",\"recomendar\":\"true\",\"lugares_frecuentes\":\"Panama Este\",\"comentario\":\"Supermercados, farmacias,\"}','2023-04-06 16:54:45'),(1314,'{\"rating-2\":\"1\",\"dni_vendedor\":\"Vendedor #7\",\"Nombre\":\"Elvira\",\"Apellido\":\"Perez\",\"Cedula\":null,\"Telefono\":\"61061547\",\"Correo\":\"srelviraperez31@gmail.com\",\"edad\":\"36 o mas\",\"descuentos\":[\"turismo\",\"gastronom\\u00eda\",\"salud\"],\"menbresia\":\"true\",\"concurso\":\"false\",\"recomendar\":\"false\",\"lugares_frecuentes\":\"Panama Este\",\"comentario\":\"Supermercados, farmacias, almacenes\"}','2023-04-06 17:14:26'),(1315,'{\"rating-2\":\"1\",\"dni_vendedor\":\"Vendedor #13\",\"Nombre\":\"Omar\",\"Apellido\":\"Guevara olivero\",\"Cedula\":\"8-787-1998\",\"Telefono\":\"6657-4783\",\"Correo\":\"Totopty@gmail.com\",\"edad\":\"36 o mas\",\"descuentos\":[\"turismo\",\"diversion\",\"gastronom\\u00eda\"],\"menbresia\":\"true\",\"concurso\":\"false\",\"recomendar\":\"true\",\"newsletter\":\"acepto\",\"lugares_frecuentes\":\"Panama Centro\",\"comentario\":\"No definido\"}','2023-04-06 17:55:29'),(1316,'{\"rating-2\":\"1\",\"dni_vendedor\":\"Vendedor #19\",\"Nombre\":\"Ameth\",\"Apellido\":\"Schaw\",\"Cedula\":\"7-707-2119\",\"Telefono\":\"65045049\",\"Correo\":\"Achurraschaw17@gmail.com\",\"edad\":\"26 a 35\",\"descuentos\":[\"diversion\",\"gastronom\\u00eda\",\"salud\"],\"menbresia\":\"false\",\"concurso\":\"false\",\"recomendar\":\"true\",\"lugares_frecuentes\":\"Panama Este\",\"comentario\":\"No definido\"}','2023-04-06 17:56:41'),(1317,'{\"rating-2\":\"1\",\"dni_vendedor\":\"Vendedor #18\",\"Nombre\":\"Leysi\",\"Apellido\":\"Caballero\",\"Cedula\":\"8-735-2012\",\"Telefono\":\"66946363\",\"Correo\":\"leycaballero@hotmail.com\",\"edad\":\"36 o mas\",\"descuentos\":[\"estudios\",\"gastronom\\u00eda\",\"salud\"],\"menbresia\":\"false\",\"concurso\":\"false\",\"recomendar\":\"true\",\"lugares_frecuentes\":\"Panama Centro\",\"comentario\":\"No definido\"}','2023-04-06 18:13:14'),(1318,'{\"rating-2\":\"1\",\"dni_vendedor\":\"Vendedor #13\",\"Nombre\":\"Yolanda\",\"Apellido\":\"Mu\\u00f1oz\",\"Cedula\":\"9-82-135\",\"Telefono\":\"68001627\",\"Correo\":\"pbarcenas@grupolefevre.com\",\"edad\":\"36 o mas\",\"descuentos\":[\"turismo\",\"gastronom\\u00eda\",\"salud\"],\"menbresia\":\"true\",\"concurso\":\"false\",\"recomendar\":\"true\",\"newsletter\":\"acepto\",\"lugares_frecuentes\":\"Panama Centro\",\"comentario\":\"No definido\"}','2023-04-06 18:26:57'),(1319,'{\"rating-2\":\"1\",\"dni_vendedor\":\"Vendedor #13\",\"Nombre\":\"Donovan\",\"Apellido\":\"Castillo Dutary\",\"Cedula\":\"8-398-126\",\"Telefono\":\"67630108\",\"Correo\":\"donovan1271@gmail.com\",\"edad\":\"36 o mas\",\"descuentos\":[\"turismo\",\"diversion\",\"gastronom\\u00eda\"],\"menbresia\":\"true\",\"concurso\":\"false\",\"recomendar\":\"true\",\"lugares_frecuentes\":\"Panama Centro\",\"comentario\":\"No definido\"}','2023-04-06 18:45:02'),(1320,'{\"rating-2\":\"1\",\"dni_vendedor\":\"Vendedor #12\",\"Nombre\":\"Vanessa\",\"Apellido\":\"Aviles\",\"Cedula\":null,\"Telefono\":\"62770885\",\"Correo\":\"Vanessa173@outlook.com\",\"edad\":\"26 a 35\",\"descuentos\":[\"turismo\",\"diversion\",\"salud\"],\"menbresia\":\"true\",\"concurso\":\"false\",\"recomendar\":\"true\",\"lugares_frecuentes\":\"Otros\",\"comentario\":\"Descuento en veterinarias\"}','2023-04-06 19:15:53'),(1321,'{\"rating-2\":\"1\",\"dni_vendedor\":\"Vendedor #12\",\"Nombre\":\"Mare\",\"Apellido\":\"Avlles\",\"Cedula\":null,\"Telefono\":\"62780531\",\"Correo\":\"Mare04@hotmail.com\",\"edad\":\"26 a 35\",\"descuentos\":[\"turismo\",\"estudios\",\"salud\"],\"menbresia\":\"true\",\"concurso\":\"false\",\"recomendar\":\"true\",\"lugares_frecuentes\":\"Otros\",\"comentario\":\"No definido\"}','2023-04-06 19:20:00'),(1322,'{\"rating-2\":\"1\",\"dni_vendedor\":\"Vendedor #12\",\"Nombre\":\"Karen\",\"Apellido\":\"Cardales\",\"Cedula\":null,\"Telefono\":\"62511648\",\"Correo\":\"karencardales032@gmail.com\",\"edad\":\"26 a 35\",\"descuentos\":[\"estudios\",\"diversion\",\"salud\"],\"menbresia\":\"true\",\"concurso\":\"false\",\"recomendar\":\"true\",\"lugares_frecuentes\":\"Otros\",\"comentario\":\"No definido\"}','2023-04-06 19:25:42'),(1323,'{\"rating-2\":\"1\",\"dni_vendedor\":\"Vendedor #12\",\"Nombre\":\"Karla\",\"Apellido\":\"Cardales\",\"Cedula\":null,\"Telefono\":\"62246259\",\"Correo\":\"karlacardales@gmail.com\",\"edad\":\"26 a 35\",\"descuentos\":[\"turismo\",\"diversion\",\"salud\"],\"menbresia\":\"true\",\"concurso\":\"false\",\"recomendar\":\"true\",\"lugares_frecuentes\":\"Otros\",\"comentario\":\"No definido\"}','2023-04-06 19:27:50'),(1324,'{\"rating-2\":\"1\",\"dni_vendedor\":\"Vendedor #12\",\"Nombre\":\"Adriano\",\"Apellido\":\"V\\u00e1squez\",\"Cedula\":null,\"Telefono\":\"63031528\",\"Correo\":\"avasquezogd@gmail.com\",\"edad\":\"36 o mas\",\"descuentos\":[\"turismo\",\"gastronom\\u00eda\",\"salud\"],\"menbresia\":\"true\",\"concurso\":\"false\",\"recomendar\":\"true\",\"lugares_frecuentes\":\"Otros\",\"comentario\":\"No definido\"}','2023-04-06 19:35:11'),(1325,'{\"rating-2\":\"1\",\"dni_vendedor\":\"Vendedor #12\",\"Nombre\":\"Adriana\",\"Apellido\":\"V\\u00e1squez\",\"Cedula\":null,\"Telefono\":\"65635704\",\"Correo\":\"adriavasquez@gmail.com\",\"edad\":\"18 o menos\",\"descuentos\":[\"turismo\",\"estudios\",\"gastronom\\u00eda\"],\"menbresia\":\"true\",\"concurso\":\"false\",\"recomendar\":\"false\",\"lugares_frecuentes\":\"Panama Este\",\"comentario\":\"No definido\"}','2023-04-06 19:37:40'),(1326,'{\"rating-2\":\"1\",\"dni_vendedor\":\"Vendedor #12\",\"Nombre\":\"Tiffany\",\"Apellido\":\"Vasquez\",\"Cedula\":null,\"Telefono\":\"63031528\",\"Correo\":\"tifvasquez@gmail.com\",\"edad\":\"18 o menos\",\"descuentos\":[\"turismo\",\"estudios\",\"gastronom\\u00eda\"],\"menbresia\":\"true\",\"concurso\":\"false\",\"recomendar\":\"false\",\"lugares_frecuentes\":\"Panama Este\",\"comentario\":\"No definido\"}','2023-04-06 19:39:20'),(1327,'{\"rating-2\":\"1\",\"dni_vendedor\":\"Vendedor #7\",\"Nombre\":\"Yohany\",\"Apellido\":\"De Reyes\",\"Cedula\":null,\"Telefono\":\"67126406\",\"Correo\":\"yojanys1717@gmail.com\",\"edad\":\"36 o mas\",\"descuentos\":[\"turismo\",\"gastronom\\u00eda\",\"salud\"],\"menbresia\":\"true\",\"concurso\":\"false\",\"recomendar\":\"true\",\"lugares_frecuentes\":\"Panama Este\",\"comentario\":\"Supermercados, farmacias, almacenes\"}','2023-04-06 19:41:35'),(1328,'{\"rating-2\":\"1\",\"dni_vendedor\":\"Vendedor #12\",\"Nombre\":\"Ashley\",\"Apellido\":\"Castillo\",\"Cedula\":null,\"Telefono\":\"64065363\",\"Correo\":\"ashleycastillo@gmail.com\",\"edad\":\"26 a 35\",\"descuentos\":[\"turismo\",\"estudios\",\"gastronom\\u00eda\"],\"menbresia\":\"true\",\"concurso\":\"false\",\"recomendar\":\"true\",\"lugares_frecuentes\":\"Otros\",\"comentario\":\"No definido\"}','2023-04-06 20:00:00'),(1329,'{\"rating-2\":\"1\",\"dni_vendedor\":\"Vendedor #18\",\"Nombre\":\"Yenisel\",\"Apellido\":\"Moreno\",\"Cedula\":\"8-110-2128\",\"Telefono\":\"6524-5861\",\"Correo\":\"yeniselmoreno5@gmail.com\",\"edad\":\"36 o mas\",\"descuentos\":[\"turismo\",\"gastronom\\u00eda\",\"salud\"],\"menbresia\":\"true\",\"concurso\":\"false\",\"recomendar\":\"true\",\"lugares_frecuentes\":\"Panama Este\",\"comentario\":\"No definido\"}','2023-04-06 20:22:55'),(1330,'{\"rating-2\":\"1\",\"dni_vendedor\":\"Vendedor #18\",\"Nombre\":\"Geisy\",\"Apellido\":\"Acosta\",\"Cedula\":\"8-936-18\",\"Telefono\":\"6235-7695\",\"Correo\":\"geicyacosta07@gmail.com\",\"edad\":\"26 a 35\",\"descuentos\":[\"turismo\",\"estudios\",\"salud\"],\"menbresia\":\"true\",\"concurso\":\"false\",\"recomendar\":\"true\",\"lugares_frecuentes\":\"Panama Este\",\"comentario\":\"No definido\"}','2023-04-06 20:29:19'),(1331,'{\"rating-2\":\"1\",\"dni_vendedor\":\"Vendedor #12\",\"Nombre\":\"Stheisy\",\"Apellido\":\"Renter\\u00eda\",\"Cedula\":null,\"Telefono\":\"65607644\",\"Correo\":\"stheisyrenteria@gmail.com\",\"edad\":\"26 a 35\",\"descuentos\":[\"turismo\",\"gastronom\\u00eda\",\"salud\"],\"menbresia\":\"true\",\"concurso\":\"false\",\"recomendar\":\"true\",\"lugares_frecuentes\":\"Panama Centro\",\"comentario\":\"No definido\"}','2023-04-06 21:32:46'),(1332,'{\"rating-2\":\"1\",\"dni_vendedor\":\"Vendedor #12\",\"Nombre\":\"Tamara Elizabeth\",\"Apellido\":\"Peart\",\"Cedula\":null,\"Telefono\":\"61138698\",\"Correo\":\"elizabethpeart80@gmail.com\",\"edad\":\"36 o mas\",\"descuentos\":[\"turismo\",\"gastronom\\u00eda\",\"salud\"],\"menbresia\":\"true\",\"concurso\":\"false\",\"recomendar\":\"true\",\"lugares_frecuentes\":\"Panama Centro\",\"comentario\":\"No definido\"}','2023-04-06 21:37:01'),(1333,'{\"rating-2\":\"1\",\"dni_vendedor\":\"Vendedor #12\",\"Nombre\":\"Ricardo\",\"Apellido\":\"Mart\\u00ednez\",\"Cedula\":null,\"Telefono\":\"61049358\",\"Correo\":\"martinez2530@gmail.com\",\"edad\":\"36 o mas\",\"descuentos\":[\"turismo\",\"gastronom\\u00eda\",\"salud\"],\"menbresia\":\"true\",\"concurso\":\"false\",\"recomendar\":\"true\",\"lugares_frecuentes\":\"Panama Centro\",\"comentario\":\"No definido\"}','2023-04-06 21:42:04'),(1334,'{\"rating-2\":\"1\",\"dni_vendedor\":\"Vendedor #18\",\"Nombre\":\"Rossana\",\"Apellido\":\"Hernandez\",\"Cedula\":null,\"Telefono\":\"61101395\",\"Correo\":\"rossana1093@hotmail.com\",\"edad\":\"26 a 35\",\"descuentos\":[\"turismo\",\"estudios\",\"salud\"],\"menbresia\":\"true\",\"concurso\":\"false\",\"recomendar\":\"true\",\"newsletter\":\"acepto\",\"lugares_frecuentes\":\"Panama Este\",\"comentario\":\"No definido\"}','2023-04-06 23:42:09'),(1335,'{\"rating-2\":\"1\",\"dni_vendedor\":\"Vendedor #7\",\"Nombre\":\"Mechaelle\",\"Apellido\":\"Peterkens\",\"Cedula\":null,\"Telefono\":\"66679933\",\"Correo\":\"orlanisk28@gmail.com\",\"edad\":\"36 o mas\",\"descuentos\":[\"turismo\",\"gastronom\\u00eda\",\"salud\"],\"menbresia\":\"true\",\"concurso\":\"false\",\"recomendar\":\"true\",\"lugares_frecuentes\":\"Panama Este\",\"comentario\":\"Farmacias, supermercados, almacenes\"}','2023-04-06 23:49:52'),(1336,'{\"rating-2\":\"1\",\"dni_vendedor\":\"Vendedor #7\",\"Nombre\":\"Joel\",\"Apellido\":\"Reyes\",\"Cedula\":null,\"Telefono\":\"67109389\",\"Correo\":\"joelherrarte02@gmail.com\",\"edad\":\"18 o menos\",\"descuentos\":[\"turismo\",\"gastronom\\u00eda\",\"salud\"],\"menbresia\":\"true\",\"concurso\":\"false\",\"recomendar\":\"true\",\"lugares_frecuentes\":\"Panama Este\",\"comentario\":\"Gasolinera, farmacias, supermercados\"}','2023-04-07 00:17:56'),(1337,'{\"rating-2\":\"1\",\"dni_vendedor\":\"Vendedor #1\",\"Nombre\":\"Natasha\",\"Apellido\":\"Serracin\",\"Cedula\":null,\"Telefono\":\"68433359\",\"Correo\":\"natashapamela90@gmail.com\",\"edad\":\"18 o menos\",\"descuentos\":[\"estudios\",\"diversion\",\"salud\"],\"menbresia\":\"true\",\"concurso\":\"false\",\"recomendar\":\"true\",\"lugares_frecuentes\":\"Panama Este\",\"comentario\":\"Supermercados, farmacias, almacenes\"}','2023-04-07 00:22:34'),(1338,'{\"rating-2\":\"1\",\"dni_vendedor\":\"Vendedor #18\",\"Nombre\":\"Yadira\",\"Apellido\":\"Cheng\",\"Cedula\":\"8-464-796\",\"Telefono\":\"6371-6014\",\"Correo\":\"chinacheng13@gmail.com\",\"edad\":\"36 o mas\",\"descuentos\":[\"estudios\",\"gastronom\\u00eda\",\"salud\"],\"menbresia\":\"true\",\"concurso\":\"false\",\"recomendar\":\"true\",\"lugares_frecuentes\":\"Panama Este\",\"comentario\":\"No definido\"}','2023-04-07 01:25:38'),(1339,'{\"rating-2\":\"1\",\"dni_vendedor\":\"Vendedor #18\",\"Nombre\":\"Hidekel\",\"Apellido\":\"Arthur\",\"Cedula\":\"8-1020-695\",\"Telefono\":\"6011-0964\",\"Correo\":\"hidekelarthur@gmail.com\",\"edad\":\"18 o menos\",\"descuentos\":[\"estudios\",\"gastronom\\u00eda\",\"salud\"],\"menbresia\":\"true\",\"concurso\":\"false\",\"recomendar\":\"true\",\"newsletter\":\"acepto\",\"lugares_frecuentes\":\"Panama Este\",\"comentario\":\"No definido\"}','2023-04-07 01:29:05'),(1340,'{\"rating-2\":\"1\",\"dni_vendedor\":\"Vendedor #19\",\"Nombre\":\"Lupi\",\"Apellido\":\"Guevara\",\"Cedula\":\"87581030\",\"Telefono\":\"62966541\",\"Correo\":\"lupidelrosario20@gmail.com\",\"edad\":\"36 o mas\",\"descuentos\":[\"turismo\",\"gastronom\\u00eda\",\"salud\"],\"menbresia\":\"true\",\"concurso\":\"false\",\"recomendar\":\"true\",\"lugares_frecuentes\":\"Panama Centro\",\"comentario\":\"Ser\\u00eda bueno q a medidas q ustedes vallan creciendo puedan dar m\\u00e1s beneficios\"}','2023-04-07 01:49:59'),(1341,'{\"rating-2\":\"1\",\"dni_vendedor\":\"Vendedor #1\",\"Nombre\":\"Yesenia\",\"Apellido\":\"Gonz\\u00e1lez\",\"Cedula\":\"8-949-773\",\"Telefono\":\"67883508\",\"Correo\":\"yisel03gon@gmail.com\",\"edad\":\"26 a 35\",\"descuentos\":[\"salud\"],\"menbresia\":\"true\",\"concurso\":\"false\",\"recomendar\":\"true\",\"lugares_frecuentes\":\"Panama Oeste\",\"comentario\":\"No definido\"}','2023-04-07 14:28:25'),(1342,'{\"rating-2\":\"1\",\"dni_vendedor\":\"Vendedor #7\",\"Nombre\":\"Yaira\",\"Apellido\":\"Herrarte\",\"Cedula\":null,\"Telefono\":\"67986687\",\"Correo\":\"yherrarte1010@gmail.com\",\"edad\":\"36 o mas\",\"descuentos\":[\"turismo\",\"gastronom\\u00eda\",\"salud\"],\"menbresia\":\"true\",\"concurso\":\"false\",\"recomendar\":\"true\",\"lugares_frecuentes\":\"Panama Este\",\"comentario\":\"Supermercados, farmacias, gasolineras\"}','2023-04-07 16:02:47'),(1343,'{\"rating-2\":\"1\",\"dni_vendedor\":\"Vendedor #7\",\"Nombre\":\"Edgar\",\"Apellido\":\"Arauz\",\"Cedula\":null,\"Telefono\":\"62333557\",\"Correo\":\"edgaryair06@gmail.com\",\"edad\":\"18 o menos\",\"descuentos\":[\"turismo\",\"gastronom\\u00eda\",\"salud\"],\"menbresia\":\"true\",\"concurso\":\"false\",\"recomendar\":\"true\",\"lugares_frecuentes\":\"Panama Este\",\"comentario\":\"Gasolinera, farmacias, supermacados\"}','2023-04-07 16:31:07'),(1344,'{\"rating-2\":\"1\",\"dni_vendedor\":\"Vendedor #19\",\"Nombre\":\"Elizabeth\",\"Apellido\":\"Gonz\\u00e1lez\",\"Cedula\":\"8-934-2230\",\"Telefono\":\"65103719\",\"Correo\":\"Lizelizabeth030@gmail.com\",\"edad\":\"26 a 35\",\"descuentos\":[\"estudios\"],\"menbresia\":\"false\",\"concurso\":\"false\",\"recomendar\":\"true\",\"newsletter\":\"acepto\",\"lugares_frecuentes\":\"Panama Este\",\"comentario\":\"No definido\"}','2023-04-07 16:46:55'),(1345,'{\"rating-2\":\"1\",\"dni_vendedor\":\"Vendedor #19\",\"Nombre\":\"Zoila\",\"Apellido\":\"Gonz\\u00e1lez\",\"Cedula\":\"8-704-1045\",\"Telefono\":\"60853958\",\"Correo\":\"zoigon1674@gmail.com\",\"edad\":\"36 o mas\",\"descuentos\":[\"salud\"],\"menbresia\":\"true\",\"concurso\":\"false\",\"recomendar\":\"true\",\"newsletter\":\"acepto\",\"lugares_frecuentes\":\"Panama Este\",\"comentario\":\"No definido\"}','2023-04-07 17:25:08'),(1346,'{\"rating-2\":\"1\",\"dni_vendedor\":\"Vendedor #19\",\"Nombre\":\"Nayelis\",\"Apellido\":\"Almanza\",\"Cedula\":\"8-1033-1981\",\"Telefono\":\"60853958\",\"Correo\":\"almanzanayelis50@gmail.com\",\"edad\":\"15 a 19\",\"descuentos\":[\"estudios\"],\"menbresia\":\"true\",\"concurso\":\"false\",\"recomendar\":\"true\",\"newsletter\":\"acepto\",\"lugares_frecuentes\":\"Panama Este\",\"comentario\":\"No definido\"}','2023-04-07 18:18:08'),(1347,'{\"rating-2\":\"1\",\"dni_vendedor\":\"Vendedor #19\",\"Nombre\":\"Yailett\",\"Apellido\":\"Ortiz\",\"Cedula\":\"3-741-2064\",\"Telefono\":\"60093081\",\"Correo\":\"yyiriani@gmail.com\",\"edad\":\"26 a 35\",\"descuentos\":[\"gastronom\\u00eda\"],\"menbresia\":\"false\",\"concurso\":\"false\",\"recomendar\":\"false\",\"lugares_frecuentes\":\"Otros\",\"comentario\":\"Ninguna\"}','2023-04-07 18:45:24'),(1348,'{\"rating-2\":\"1\",\"dni_vendedor\":\"Vendedor #7\",\"Nombre\":\"Gabino\",\"Apellido\":\"Dom\\u00ednguez\",\"Cedula\":null,\"Telefono\":\"63262537\",\"Correo\":\"dominguez.gabino@gmail.com\",\"edad\":\"36 o mas\",\"descuentos\":[\"turismo\",\"gastronom\\u00eda\",\"salud\"],\"menbresia\":\"true\",\"concurso\":\"false\",\"recomendar\":\"true\",\"lugares_frecuentes\":\"Panama Este\",\"comentario\":\"Supermercados, farmacias, gasolinera\"}','2023-04-07 18:55:06'),(1349,'{\"rating-2\":\"1\",\"dni_vendedor\":\"Vendedor #7\",\"Nombre\":\"Mateo\",\"Apellido\":\"Dom\\u00ednguez\",\"Cedula\":null,\"Telefono\":\"62333557\",\"Correo\":\"dominguezmateo19@gmail.com\",\"edad\":\"18 o menos\",\"descuentos\":[\"turismo\",\"gastronom\\u00eda\",\"salud\"],\"menbresia\":\"true\",\"concurso\":\"false\",\"recomendar\":\"true\",\"lugares_frecuentes\":\"Panama Este\",\"comentario\":\"Supermercados, farmacias, almacenes\"}','2023-04-07 19:02:53'),(1350,'{\"rating-2\":\"1\",\"dni_vendedor\":\"Vendedor #7\",\"Nombre\":\"Mateo\",\"Apellido\":\"Dom\\u00ednguez\",\"Cedula\":null,\"Telefono\":\"62333557\",\"Correo\":\"dominguezmateo19@gmail.com\",\"edad\":\"18 o menos\",\"descuentos\":[\"turismo\",\"gastronom\\u00eda\",\"salud\"],\"menbresia\":\"true\",\"concurso\":\"false\",\"recomendar\":\"true\",\"lugares_frecuentes\":\"Panama Este\",\"comentario\":\"Supermercados, farmacias, almacenes\"}','2023-04-07 19:02:53'),(1351,'{\"rating-2\":\"1\",\"dni_vendedor\":\"Vendedor #7\",\"Nombre\":\"Javier\",\"Apellido\":\"Gray\",\"Cedula\":null,\"Telefono\":\"60502003\",\"Correo\":\"javiergray13@gmail.com\",\"edad\":\"18 o menos\",\"descuentos\":[\"turismo\",\"gastronom\\u00eda\",\"salud\"],\"menbresia\":\"true\",\"concurso\":\"false\",\"recomendar\":\"true\",\"lugares_frecuentes\":\"Panama Este\",\"comentario\":\"Supermercados, farmacias gasolinera\"}','2023-04-07 19:32:00'),(1352,'{\"rating-2\":\"1\",\"dni_vendedor\":\"Vendedor #19\",\"Nombre\":\"Ana\",\"Apellido\":\"Morelot\",\"Cedula\":\"9-767-1084\",\"Telefono\":\"65033351\",\"Correo\":\"morelotana@gmail.col\",\"edad\":\"15 a 19\",\"descuentos\":[\"turismo\",\"estudios\",\"salud\"],\"menbresia\":\"false\",\"concurso\":\"false\",\"recomendar\":\"true\",\"lugares_frecuentes\":\"Panama Este\",\"comentario\":\"Katerin morelot 69190579\"}','2023-04-07 20:15:27'),(1353,'{\"rating-2\":\"1\",\"dni_vendedor\":\"Vendedor #7\",\"Nombre\":\"Modesta\",\"Apellido\":\"Vel\\u00e1zquez\",\"Cedula\":null,\"Telefono\":\"62520168\",\"Correo\":\"velasquezmodesta12@gmail.com\",\"edad\":\"36 o mas\",\"descuentos\":[\"turismo\",\"gastronom\\u00eda\",\"salud\"],\"menbresia\":\"true\",\"concurso\":\"false\",\"recomendar\":\"true\",\"lugares_frecuentes\":\"Panama Este\",\"comentario\":\"Supermercados, farmacias, almacenes\"}','2023-04-07 20:29:13'),(1354,'{\"rating-2\":\"1\",\"dni_vendedor\":\"Vendedor #7\",\"Nombre\":\"Migdalia\",\"Apellido\":\"De vanegas\",\"Cedula\":null,\"Telefono\":\"67053070\",\"Correo\":\"adevanega17@gmail.com\",\"edad\":\"36 o mas\",\"descuentos\":[\"salud\"],\"menbresia\":\"true\",\"concurso\":\"false\",\"recomendar\":\"true\",\"lugares_frecuentes\":\"Panama Este\",\"comentario\":\"Supermercados, farmacias, almacenes\"}','2023-04-07 20:52:17'),(1355,'{\"rating-2\":\"1\",\"dni_vendedor\":\"Vendedor #7\",\"Nombre\":\"Migdalia\",\"Apellido\":\"De vanegas\",\"Cedula\":null,\"Telefono\":\"67053070\",\"Correo\":\"adevanega17@gmail.com\",\"edad\":\"36 o mas\",\"descuentos\":[\"salud\"],\"menbresia\":\"true\",\"concurso\":\"false\",\"recomendar\":\"true\",\"lugares_frecuentes\":\"Panama Este\",\"comentario\":\"Supermercados, farmacias, almacenes\"}','2023-04-07 20:52:17'),(1356,'{\"rating-2\":\"1\",\"dni_vendedor\":\"Vendedor #7\",\"Nombre\":\"Maria\",\"Apellido\":\"Casta\\u00f1eda\",\"Cedula\":null,\"Telefono\":\"64539021\",\"Correo\":\"castanedamariaelena01@gmail.com\",\"edad\":\"36 o mas\",\"descuentos\":[\"turismo\",\"gastronom\\u00eda\",\"salud\"],\"menbresia\":\"true\",\"concurso\":\"false\",\"recomendar\":\"true\",\"lugares_frecuentes\":\"Panama Este\",\"comentario\":\"Supermercados, farmacias, almac\\u00e9n\"}','2023-04-07 21:52:58'),(1357,'{\"rating-2\":\"1\",\"dni_vendedor\":\"Vendedor #7\",\"Nombre\":\"Maria\",\"Apellido\":\"Casta\\u00f1eda\",\"Cedula\":null,\"Telefono\":\"64539021\",\"Correo\":\"castanedamariaelena01@gmail.com\",\"edad\":\"36 o mas\",\"descuentos\":[\"turismo\",\"gastronom\\u00eda\",\"salud\"],\"menbresia\":\"true\",\"concurso\":\"false\",\"recomendar\":\"true\",\"lugares_frecuentes\":\"Panama Este\",\"comentario\":\"Supermercados, farmacias, almac\\u00e9n\"}','2023-04-07 21:52:58'),(1358,'{\"rating-2\":\"1\",\"dni_vendedor\":\"Vendedor #7\",\"Nombre\":\"Israel\",\"Apellido\":\"Wilson\",\"Cedula\":null,\"Telefono\":\"67064097\",\"Correo\":\"israel13838@gmail.com\",\"edad\":\"18 o menos\",\"descuentos\":[\"turismo\",\"gastronom\\u00eda\",\"salud\"],\"menbresia\":\"true\",\"concurso\":\"false\",\"recomendar\":\"true\",\"lugares_frecuentes\":\"Panama Este\",\"comentario\":\"Gasolinera, farmacias, supermecardos\"}','2023-04-07 23:15:06'),(1359,'{\"rating-2\":\"1\",\"dni_vendedor\":\"Vendedor #7\",\"Nombre\":\"Israel\",\"Apellido\":\"Wilson\",\"Cedula\":null,\"Telefono\":\"67064097\",\"Correo\":\"israel13838@gmail.com\",\"edad\":\"18 o menos\",\"descuentos\":[\"turismo\",\"gastronom\\u00eda\",\"salud\"],\"menbresia\":\"true\",\"concurso\":\"false\",\"recomendar\":\"true\",\"lugares_frecuentes\":\"Panama Este\",\"comentario\":\"Gasolinera, farmacias, supermecardos\"}','2023-04-07 23:15:07'),(1360,'{\"rating-2\":\"1\",\"dni_vendedor\":\"Vendedor #1\",\"Nombre\":\"Graycy\",\"Apellido\":\"Zapata\",\"Cedula\":\"8-783-349\",\"Telefono\":\"62902684\",\"Correo\":\"Graycesantizo84@gmail.com\",\"edad\":\"36 o mas\",\"descuentos\":[\"estudios\",\"salud\"],\"menbresia\":\"false\",\"concurso\":\"false\",\"recomendar\":\"true\",\"lugares_frecuentes\":\"Panama Este\",\"comentario\":\"No definido\"}','2023-04-07 23:20:56'),(1361,'{\"rating-2\":\"1\",\"dni_vendedor\":\"Vendedor #19\",\"Nombre\":\"Jorge\",\"Apellido\":\"De Le\\u00f3n\",\"Cedula\":\"8-929-1755\",\"Telefono\":\"62670047\",\"Correo\":\"soldaserviciosdeleon@gmail.com\",\"edad\":\"26 a 35\",\"descuentos\":[\"estudios\"],\"menbresia\":\"false\",\"concurso\":\"false\",\"recomendar\":\"false\",\"lugares_frecuentes\":\"Panama Este\",\"comentario\":\"No definido\"}','2023-04-07 23:47:40'),(1362,'{\"rating-2\":\"1\",\"dni_vendedor\":\"Vendedor #1\",\"Nombre\":\"Karen\",\"Apellido\":\"Lozano\",\"Cedula\":\"E-8-148522\",\"Telefono\":\"64148522\",\"Correo\":\"lozano.karen@hotmail.com\",\"edad\":\"26 a 35\",\"descuentos\":[\"turismo\",\"gastronom\\u00eda\",\"salud\"],\"menbresia\":\"true\",\"concurso\":\"false\",\"recomendar\":\"false\",\"lugares_frecuentes\":\"Panama Centro\",\"comentario\":\"No definido\"}','2023-04-08 13:51:57'),(1363,'{\"rating-2\":\"1\",\"dni_vendedor\":\"Vendedor #7\",\"Nombre\":\"Margelis\",\"Apellido\":\"Acosta\",\"Cedula\":null,\"Telefono\":\"66903607\",\"Correo\":\"a15markgelis@gmail.com\",\"edad\":\"36 o mas\",\"descuentos\":[\"turismo\",\"gastronom\\u00eda\",\"salud\"],\"menbresia\":\"true\",\"concurso\":\"false\",\"recomendar\":\"true\",\"lugares_frecuentes\":\"Panama Este\",\"comentario\":\"Surpemercados, almacenes, farmacias\"}','2023-04-08 15:12:09'),(1364,'{\"rating-2\":\"1\",\"dni_vendedor\":\"Vendedor #7\",\"Nombre\":\"Margelis\",\"Apellido\":\"Acosta\",\"Cedula\":null,\"Telefono\":\"66903607\",\"Correo\":\"a15markgelis@gmail.com\",\"edad\":\"36 o mas\",\"descuentos\":[\"turismo\",\"gastronom\\u00eda\",\"salud\"],\"menbresia\":\"true\",\"concurso\":\"false\",\"recomendar\":\"true\",\"lugares_frecuentes\":\"Panama Este\",\"comentario\":\"Surpemercados, almacenes, farmacias\"}','2023-04-08 15:12:09'),(1365,'{\"rating-2\":\"1\",\"dni_vendedor\":\"Vendedor #8\",\"Nombre\":\"Yariela\",\"Apellido\":\"Castillo\",\"Cedula\":\"8-373-156\",\"Telefono\":\"64963500\",\"Correo\":\"yaruelacastillo.m@gmail.com\",\"edad\":\"36 o mas\",\"descuentos\":[\"turismo\"],\"menbresia\":\"false\",\"concurso\":\"false\",\"recomendar\":\"true\",\"lugares_frecuentes\":\"Panama Este\",\"comentario\":\"No definido\"}','2023-04-08 18:59:50'),(1366,'{\"rating-2\":\"1\",\"dni_vendedor\":\"Vendedor #7\",\"Nombre\":\"Moises\",\"Apellido\":\"Batista\",\"Cedula\":null,\"Telefono\":\"64348792\",\"Correo\":\"moisesbatista12@gmail.com\",\"edad\":\"18 o menos\",\"descuentos\":[\"estudios\",\"gastronom\\u00eda\",\"salud\"],\"menbresia\":\"true\",\"concurso\":\"false\",\"recomendar\":\"true\",\"lugares_frecuentes\":\"Panama Este\",\"comentario\":\"No definido\"}','2023-04-08 20:34:14'),(1367,'{\"rating-2\":\"1\",\"dni_vendedor\":\"Vendedor #1\",\"Nombre\":\"Jose\",\"Apellido\":\"Batista\",\"Cedula\":null,\"Telefono\":\"66358034\",\"Correo\":\"josebatista21@gmail.com\",\"edad\":\"36 o mas\",\"descuentos\":[\"turismo\",\"gastronom\\u00eda\",\"salud\"],\"menbresia\":\"true\",\"concurso\":\"false\",\"recomendar\":\"true\",\"lugares_frecuentes\":\"Panama Este\",\"comentario\":\"Gasolinera, supermercados, farmacias\"}','2023-04-08 20:36:52'),(1368,'{\"rating-2\":\"1\",\"dni_vendedor\":\"Vendedor #1\",\"Nombre\":\"Jose\",\"Apellido\":\"Batista\",\"Cedula\":null,\"Telefono\":\"66358034\",\"Correo\":\"josebatista21@gmail.com\",\"edad\":\"36 o mas\",\"descuentos\":[\"turismo\",\"gastronom\\u00eda\",\"salud\"],\"menbresia\":\"true\",\"concurso\":\"false\",\"recomendar\":\"true\",\"lugares_frecuentes\":\"Panama Este\",\"comentario\":\"Gasolinera, supermercados, farmacias\"}','2023-04-08 20:36:52'),(1369,'{\"rating-2\":\"1\",\"dni_vendedor\":\"Vendedor #7\",\"Nombre\":\"Liliana\",\"Apellido\":\"Alvarado\",\"Cedula\":null,\"Telefono\":\"63961833\",\"Correo\":\"lilydecalderon05@gmail.com\",\"edad\":\"36 o mas\",\"descuentos\":[\"estudios\",\"gastronom\\u00eda\",\"salud\"],\"menbresia\":\"true\",\"concurso\":\"false\",\"recomendar\":\"true\",\"lugares_frecuentes\":\"Panama Este\",\"comentario\":\"Farmacias, supermercados, almacenes\"}','2023-04-08 20:56:07'),(1370,'{\"rating-2\":\"1\",\"dni_vendedor\":\"Vendedor #1\",\"Nombre\":\"Nazareth\",\"Apellido\":\"Calder\\u00f3n\",\"Cedula\":null,\"Telefono\":\"66089646\",\"Correo\":\"nazarethcalderon@gmail.com\",\"edad\":\"18 o menos\",\"descuentos\":[\"estudios\",\"gastronom\\u00eda\",\"salud\"],\"menbresia\":\"true\",\"concurso\":\"false\",\"recomendar\":\"true\",\"lugares_frecuentes\":\"Panama Este\",\"comentario\":\"No definido\"}','2023-04-08 21:00:55'),(1371,'{\"rating-2\":\"1\",\"dni_vendedor\":\"Vendedor #1\",\"Nombre\":\"Nazareth\",\"Apellido\":\"Calder\\u00f3n\",\"Cedula\":null,\"Telefono\":\"66089646\",\"Correo\":\"nazarethcalderon@gmail.com\",\"edad\":\"18 o menos\",\"descuentos\":[\"estudios\",\"gastronom\\u00eda\",\"salud\"],\"menbresia\":\"true\",\"concurso\":\"false\",\"recomendar\":\"true\",\"lugares_frecuentes\":\"Panama Este\",\"comentario\":\"No definido\"}','2023-04-08 21:00:56'),(1372,'{\"rating-2\":\"1\",\"dni_vendedor\":\"Vendedor #7\",\"Nombre\":\"Analis\",\"Apellido\":\"Calder\\u00f3n\",\"Cedula\":null,\"Telefono\":\"64404903\",\"Correo\":\"analiscalderon@gmail.com\",\"edad\":\"18 o menos\",\"descuentos\":[\"estudios\",\"gastronom\\u00eda\",\"salud\"],\"menbresia\":\"true\",\"concurso\":\"false\",\"recomendar\":\"true\",\"lugares_frecuentes\":\"Panama Este\",\"comentario\":\"Supermercados, farmacias, almacenes\"}','2023-04-08 21:06:07'),(1373,'{\"rating-2\":\"1\",\"dni_vendedor\":\"Vendedor #7\",\"Nombre\":\"Loyda\",\"Apellido\":\"Guardia\",\"Cedula\":null,\"Telefono\":\"64143669\",\"Correo\":\"loydaguardia01@gmail.com\",\"edad\":\"36 o mas\",\"descuentos\":[\"turismo\",\"gastronom\\u00eda\",\"salud\"],\"menbresia\":\"true\",\"concurso\":\"false\",\"recomendar\":\"true\",\"lugares_frecuentes\":\"Panama Oeste\",\"comentario\":\"Supermercados, farmacia\"}','2023-04-08 22:40:36'),(1374,'{\"rating-2\":\"1\",\"dni_vendedor\":\"Vendedor #7\",\"Nombre\":\"Doris\",\"Apellido\":\"Lasso\",\"Cedula\":null,\"Telefono\":\"67676313\",\"Correo\":\"alvaradodoris760@gmail.com\",\"edad\":\"36 o mas\",\"descuentos\":[\"turismo\",\"gastronom\\u00eda\",\"salud\"],\"menbresia\":\"true\",\"concurso\":\"false\",\"recomendar\":\"true\",\"lugares_frecuentes\":\"Panama Este\",\"comentario\":\"Farmacias, supermercados, farmacias\"}','2023-04-09 00:16:15'),(1375,'{\"rating-2\":\"1\",\"dni_vendedor\":\"Vendedor #7\",\"Nombre\":\"Doris\",\"Apellido\":\"Lasso\",\"Cedula\":null,\"Telefono\":\"67676313\",\"Correo\":\"alvaradodoris760@gmail.com\",\"edad\":\"36 o mas\",\"descuentos\":[\"turismo\",\"gastronom\\u00eda\",\"salud\"],\"menbresia\":\"true\",\"concurso\":\"false\",\"recomendar\":\"true\",\"lugares_frecuentes\":\"Panama Este\",\"comentario\":\"Farmacias, supermercados, farmacias\"}','2023-04-09 00:16:15'),(1376,'{\"rating-2\":\"1\",\"dni_vendedor\":\"Vendedor #7\",\"Nombre\":\"Rodrigo\",\"Apellido\":\"Ort\\u00edz\",\"Cedula\":null,\"Telefono\":\"69627342\",\"Correo\":\"ortizrodrigo14@gmail.com\",\"edad\":\"36 o mas\",\"descuentos\":[\"turismo\",\"gastronom\\u00eda\",\"salud\"],\"menbresia\":\"true\",\"concurso\":\"false\",\"recomendar\":\"true\",\"lugares_frecuentes\":\"Panama Oeste\",\"comentario\":\"Farmacias, supermercados, almacenes\"}','2023-04-09 00:23:59'),(1377,'{\"rating-2\":\"1\",\"dni_vendedor\":\"Vendedor #7\",\"Nombre\":\"Rodrigo\",\"Apellido\":\"Ort\\u00edz\",\"Cedula\":null,\"Telefono\":\"69627342\",\"Correo\":\"ortizrodrigo14@gmail.com\",\"edad\":\"36 o mas\",\"descuentos\":[\"turismo\",\"gastronom\\u00eda\",\"salud\"],\"menbresia\":\"true\",\"concurso\":\"false\",\"recomendar\":\"true\",\"lugares_frecuentes\":\"Panama Oeste\",\"comentario\":\"Farmacias, supermercados, almacenes\"}','2023-04-09 00:23:59'),(1378,'{\"rating-2\":\"1\",\"dni_vendedor\":\"Vendedor #18\",\"Nombre\":\"Daniel\",\"Apellido\":\"Iturralde\",\"Cedula\":\"8-841-1315\",\"Telefono\":\"61299629\",\"Correo\":\"johand2431@gmail.com\",\"edad\":\"26 a 35\",\"descuentos\":[\"turismo\",\"diversion\",\"salud\"],\"menbresia\":\"true\",\"concurso\":\"false\",\"recomendar\":\"true\",\"newsletter\":\"acepto\",\"lugares_frecuentes\":\"Panama Este\",\"comentario\":\"No definido\"}','2023-04-09 01:36:18'),(1379,'{\"rating-2\":\"1\",\"dni_vendedor\":\"Vendedor #19\",\"Nombre\":\"Yuleydis\",\"Apellido\":\"Berrocal\",\"Cedula\":\"3-745-1710\",\"Telefono\":\"62227016\",\"Correo\":\"yuleydisberrocal@gmail.com\",\"edad\":\"18 o menos\",\"descuentos\":[\"turismo\"],\"menbresia\":\"true\",\"concurso\":\"false\",\"recomendar\":\"true\",\"newsletter\":\"acepto\",\"lugares_frecuentes\":\"Panama Oeste\",\"comentario\":\"No definido\"}','2023-04-09 02:06:14'),(1380,'{\"rating-2\":\"1\",\"dni_vendedor\":\"Vendedor #8\",\"Nombre\":\"Viviana\",\"Apellido\":\"Reina\",\"Cedula\":null,\"Telefono\":\"62779717\",\"Correo\":\"vivianareina@gmail.com\",\"edad\":\"26 a 35\",\"descuentos\":[\"turismo\",\"estudios\",\"salud\"],\"menbresia\":\"false\",\"concurso\":\"false\",\"recomendar\":\"false\",\"lugares_frecuentes\":\"Panama Oeste\",\"comentario\":\"No definido\"}','2023-04-09 02:17:10'),(1381,'{\"rating-2\":\"1\",\"dni_vendedor\":\"Vendedor #8\",\"Nombre\":\"Jos\\u00e9\",\"Apellido\":\"Martinez\",\"Cedula\":null,\"Telefono\":\"6066-5742\",\"Correo\":\"josedinomartinez@gmail.com\",\"edad\":\"36 o mas\",\"descuentos\":[\"turismo\",\"gastronom\\u00eda\"],\"menbresia\":\"false\",\"concurso\":\"false\",\"recomendar\":\"false\",\"lugares_frecuentes\":\"Panama Oeste\",\"comentario\":\"No definido\"}','2023-04-09 02:19:49'),(1382,'{\"rating-2\":\"1\",\"dni_vendedor\":\"Vendedor #1\",\"Nombre\":\"Ana\",\"Apellido\":\"Martin\",\"Cedula\":\"8-864-1880\",\"Telefono\":\"64136689\",\"Correo\":\"ana.martin.ana@hotmail.com\",\"edad\":\"26 a 35\",\"descuentos\":[\"turismo\",\"estudios\",\"diversion\"],\"menbresia\":\"false\",\"concurso\":\"false\",\"recomendar\":\"false\",\"lugares_frecuentes\":\"Panama Este\",\"comentario\":\"No definido\"}','2023-04-09 15:46:47'),(1383,'{\"rating-2\":\"1\",\"dni_vendedor\":\"Vendedor #19\",\"Nombre\":\"Shaniece\",\"Apellido\":\"Phillips\",\"Cedula\":\"8-883-738\",\"Telefono\":\"687522250\",\"Correo\":\"sphillips.1194@gmail.com\",\"edad\":\"26 a 35\",\"descuentos\":[\"turismo\",\"gastronom\\u00eda\",\"salud\"],\"menbresia\":\"false\",\"concurso\":\"false\",\"recomendar\":\"false\",\"lugares_frecuentes\":\"Panama Este\",\"comentario\":\"No definido\"}','2023-04-09 15:57:07'),(1384,'{\"rating-2\":\"1\",\"dni_vendedor\":\"Vendedor #19\",\"Nombre\":\"Leisy\",\"Apellido\":\"Espinosa\",\"Cedula\":null,\"Telefono\":\"63527091\",\"Correo\":\"leisy289344@gmail.com\",\"edad\":\"26 a 35\",\"descuentos\":[\"turismo\",\"diversion\",\"salud\"],\"menbresia\":\"true\",\"concurso\":\"false\",\"recomendar\":\"true\",\"newsletter\":\"acepto\",\"lugares_frecuentes\":\"Panama Este\",\"comentario\":\"No definido\"}','2023-04-09 16:09:06'),(1385,'{\"rating-2\":\"1\",\"dni_vendedor\":\"Vendedor #19\",\"Nombre\":\"Edwin\",\"Apellido\":\"Espinosa\",\"Cedula\":null,\"Telefono\":\"62855587\",\"Correo\":\"edwinees16@gmail.com\",\"edad\":\"26 a 35\",\"descuentos\":[\"salud\"],\"menbresia\":\"false\",\"concurso\":\"false\",\"recomendar\":\"false\",\"newsletter\":\"acepto\",\"lugares_frecuentes\":\"Panama Este\",\"comentario\":\"No definido\"}','2023-04-09 16:17:07'),(1386,'{\"rating-2\":\"1\",\"dni_vendedor\":\"Vendedor #7\",\"Nombre\":\"Dora\",\"Apellido\":\"Cerna\",\"Cedula\":null,\"Telefono\":\"64295541\",\"Correo\":\"doracerna589@gmail.com\",\"edad\":\"36 o mas\",\"descuentos\":[\"turismo\",\"gastronom\\u00eda\",\"salud\"],\"menbresia\":\"true\",\"concurso\":\"false\",\"recomendar\":\"true\",\"lugares_frecuentes\":\"Panama Este\",\"comentario\":\"Supermercados, farmacias, almacenes\"}','2023-04-09 19:18:37'),(1387,'{\"rating-2\":\"1\",\"dni_vendedor\":\"Vendedor #8\",\"Nombre\":\"Jorge\",\"Apellido\":\"Diaz\",\"Cedula\":null,\"Telefono\":\"6987-2858\",\"Correo\":\"jorged@gmail.com\",\"edad\":\"26 a 35\",\"descuentos\":[\"turismo\",\"diversion\",\"salud\"],\"menbresia\":\"false\",\"concurso\":\"false\",\"recomendar\":\"false\",\"lugares_frecuentes\":\"Panama Oeste\",\"comentario\":\"No definido\"}','2023-04-09 19:51:53'),(1388,'{\"rating-2\":\"1\",\"dni_vendedor\":\"Vendedor #7\",\"Nombre\":\"Serafin\",\"Apellido\":\"Sanchez\",\"Cedula\":null,\"Telefono\":\"67358130\",\"Correo\":\"serafinsanchez1988@gmail.com\",\"edad\":\"36 o mas\",\"descuentos\":[\"turismo\",\"gastronom\\u00eda\",\"salud\"],\"menbresia\":\"true\",\"concurso\":\"false\",\"recomendar\":\"true\",\"lugares_frecuentes\":\"Panama Este\",\"comentario\":\"Supermercados, farmacias, gasolineras, almacenes\"}','2023-04-09 19:54:48'),(1389,'{\"rating-2\":\"1\",\"dni_vendedor\":\"Vendedor #7\",\"Nombre\":\"Ana\",\"Apellido\":\"Correa\",\"Cedula\":null,\"Telefono\":\"65796939\",\"Correo\":\"annikelly07@gmail.com\",\"edad\":\"36 o mas\",\"descuentos\":[\"turismo\",\"diversion\",\"salud\"],\"menbresia\":\"true\",\"concurso\":\"false\",\"recomendar\":\"true\",\"lugares_frecuentes\":\"Panama Este\",\"comentario\":\"Supermercados, farmacias, almacenes\"}','2023-04-09 20:42:30'),(1390,'{\"rating-2\":\"1\",\"dni_vendedor\":\"Vendedor #7\",\"Nombre\":\"Keylih\",\"Apellido\":\"Manyoma\",\"Cedula\":null,\"Telefono\":\"65796939\",\"Correo\":\"annikelly07@gmail.es\",\"edad\":\"15 a 19\",\"descuentos\":[\"turismo\",\"diversion\",\"salud\"],\"menbresia\":\"true\",\"concurso\":\"false\",\"recomendar\":\"true\",\"lugares_frecuentes\":\"Panama Este\",\"comentario\":\"Supermercados, farmacias, almacenes\"}','2023-04-09 20:53:48'),(1391,'{\"rating-2\":\"1\",\"dni_vendedor\":\"Vendedor #7\",\"Nombre\":\"Keylih\",\"Apellido\":\"Manyoma\",\"Cedula\":null,\"Telefono\":\"65796939\",\"Correo\":\"annikelly07@gmail.es\",\"edad\":\"15 a 19\",\"descuentos\":[\"turismo\",\"diversion\",\"salud\"],\"menbresia\":\"true\",\"concurso\":\"false\",\"recomendar\":\"true\",\"lugares_frecuentes\":\"Panama Este\",\"comentario\":\"Supermercados, farmacias, almacenes\"}','2023-04-09 20:53:49'),(1392,'{\"rating-2\":\"1\",\"dni_vendedor\":\"Vendedor #19\",\"Nombre\":\"Luis\",\"Apellido\":\"Rios\",\"Cedula\":\"3-720-1850\",\"Telefono\":\"6627-1444\",\"Correo\":\"luisrios1410@gmail.com\",\"edad\":\"26 a 35\",\"descuentos\":[\"estudios\"],\"menbresia\":\"true\",\"concurso\":\"false\",\"recomendar\":\"true\",\"lugares_frecuentes\":\"Otros\",\"comentario\":\"No definido\"}','2023-04-09 20:55:07'),(1393,'{\"rating-2\":\"1\",\"dni_vendedor\":\"Vendedor #7\",\"Nombre\":\"Idania\",\"Apellido\":\"Rodriguez\",\"Cedula\":null,\"Telefono\":\"68981050\",\"Correo\":\"idaniarodriguez2015@gmail.com\",\"edad\":\"36 o mas\",\"descuentos\":[\"turismo\",\"gastronom\\u00eda\",\"salud\"],\"menbresia\":\"true\",\"concurso\":\"false\",\"recomendar\":\"true\",\"lugares_frecuentes\":\"Panama Este\",\"comentario\":\"Farmacias, supermercados, almacenes\"}','2023-04-09 21:30:41'),(1394,'{\"rating-2\":\"1\",\"dni_vendedor\":\"Vendedor #1\",\"Nombre\":\"Federico\",\"Apellido\":\"Vel\\u00e1squez\",\"Cedula\":null,\"Telefono\":\"60221531\",\"Correo\":\"fedevelasquez1130@gmail.com\",\"edad\":\"36 o mas\",\"descuentos\":[\"turismo\",\"gastronom\\u00eda\",\"salud\"],\"menbresia\":\"true\",\"concurso\":\"false\",\"recomendar\":\"true\",\"lugares_frecuentes\":\"Panama Este\",\"comentario\":\"Supermercados, farmacias, almacenes\"}','2023-04-09 21:34:54'),(1395,'{\"rating-2\":\"1\",\"dni_vendedor\":\"Vendedor #1\",\"Nombre\":\"Federico\",\"Apellido\":\"Vel\\u00e1squez\",\"Cedula\":null,\"Telefono\":\"60221531\",\"Correo\":\"fedevelasquez1130@gmail.com\",\"edad\":\"36 o mas\",\"descuentos\":[\"turismo\",\"gastronom\\u00eda\",\"salud\"],\"menbresia\":\"true\",\"concurso\":\"false\",\"recomendar\":\"true\",\"lugares_frecuentes\":\"Panama Este\",\"comentario\":\"Supermercados, farmacias, almacenes\"}','2023-04-09 21:34:55'),(1396,'{\"rating-2\":\"1\",\"dni_vendedor\":\"Vendedor #7\",\"Nombre\":\"Doris\",\"Apellido\":\"Hidalgo\",\"Cedula\":null,\"Telefono\":\"62842011\",\"Correo\":\"hidalgodoris13@gamil.com\",\"edad\":\"36 o mas\",\"descuentos\":[\"turismo\",\"estudios\",\"salud\"],\"menbresia\":\"true\",\"concurso\":\"false\",\"recomendar\":\"true\",\"lugares_frecuentes\":\"Panama Este\",\"comentario\":\"Supermercados, farmacias, almacenes\"}','2023-04-09 21:48:17'),(1397,'{\"rating-2\":\"1\",\"dni_vendedor\":\"Vendedor #8\",\"Nombre\":\"Edgar\",\"Apellido\":\"Gonzalez\",\"Cedula\":null,\"Telefono\":\"6218-7663\",\"Correo\":\"edgargonzalez@gmail.com\",\"edad\":\"26 a 35\",\"descuentos\":[\"turismo\",\"estudios\",\"salud\"],\"menbresia\":\"false\",\"concurso\":\"false\",\"recomendar\":\"false\",\"lugares_frecuentes\":\"Panama Oeste\",\"comentario\":\"No definido\"}','2023-04-09 22:18:31'),(1398,'{\"rating-2\":\"1\",\"dni_vendedor\":\"Vendedor #1\",\"Nombre\":\"Jonathan\",\"Apellido\":\"Villegas\",\"Cedula\":null,\"Telefono\":\"61697943\",\"Correo\":\"jonnyvillegas@gmail.com\",\"edad\":\"36 o mas\",\"descuentos\":[\"turismo\",\"salud\"],\"menbresia\":\"false\",\"concurso\":\"false\",\"recomendar\":\"false\",\"lugares_frecuentes\":\"Panama Oeste\",\"comentario\":\"No definido\"}','2023-04-09 22:19:46'),(1399,'{\"rating-2\":\"1\",\"dni_vendedor\":\"Vendedor #12\",\"Nombre\":\"Erick\",\"Apellido\":\"Suarez\",\"Cedula\":null,\"Telefono\":\"69807463\",\"Correo\":\"ericsuarez2624@gmail.com\",\"edad\":\"36 o mas\",\"descuentos\":[\"estudios\",\"gastronom\\u00eda\",\"salud\"],\"menbresia\":\"true\",\"concurso\":\"false\",\"recomendar\":\"true\",\"lugares_frecuentes\":\"Otros\",\"comentario\":\"Me gustar\\u00eda descuentos en gasolinera\"}','2023-04-09 23:52:18'),(1400,'{\"rating-2\":\"1\",\"dni_vendedor\":\"Vendedor #12\",\"Nombre\":\"Josue\",\"Apellido\":\"Suarez\",\"Cedula\":null,\"Telefono\":\"62586067\",\"Correo\":\"josuesuarez407@gmail.com\",\"edad\":\"26 a 35\",\"descuentos\":[\"turismo\",\"estudios\",\"diversion\"],\"menbresia\":\"true\",\"concurso\":\"false\",\"recomendar\":\"true\",\"lugares_frecuentes\":\"Otros\",\"comentario\":\"Tener descuento en gasolinera\"}','2023-04-09 23:55:32'),(1401,'{\"rating-2\":\"1\",\"dni_vendedor\":\"Vendedor #12\",\"Nombre\":\"Kelis\",\"Apellido\":\"Aizprua\",\"Cedula\":null,\"Telefono\":\"68764053\",\"Correo\":\"kelis_adri24@hotmail.com\",\"edad\":\"36 o mas\",\"descuentos\":[\"turismo\",\"diversion\",\"salud\"],\"menbresia\":\"false\",\"concurso\":\"false\",\"recomendar\":\"false\",\"lugares_frecuentes\":\"Otros\",\"comentario\":\"Descuento en gasolinera\"}','2023-04-10 00:00:55'),(1402,'{\"rating-2\":\"1\",\"dni_vendedor\":\"Vendedor #19\",\"Nombre\":\"Milagro\",\"Apellido\":\"Pe\\u00f1aloza\",\"Cedula\":\"8-919-2390\",\"Telefono\":\"64852375\",\"Correo\":\"milagrokati_29@hotmail.com\",\"edad\":\"26 a 35\",\"descuentos\":[\"turismo\",\"diversion\",\"gastronom\\u00eda\"],\"menbresia\":\"true\",\"concurso\":\"false\",\"recomendar\":\"true\",\"newsletter\":\"acepto\",\"lugares_frecuentes\":\"Panama Este\",\"comentario\":\"No definido\"}','2023-04-10 00:34:31'),(1403,'{\"rating-2\":\"1\",\"dni_vendedor\":\"Vendedor #19\",\"Nombre\":\"amedee\",\"Apellido\":\"medina\",\"Cedula\":\"8-877-330\",\"Telefono\":\"63261079\",\"Correo\":\"amethjaviermedina@gmail.com\",\"edad\":\"26 a 35\",\"descuentos\":[\"gastronom\\u00eda\"],\"menbresia\":\"false\",\"concurso\":\"false\",\"recomendar\":\"false\",\"lugares_frecuentes\":\"Panama Este\",\"comentario\":\"No definido\"}','2023-04-10 02:12:43'),(1404,'{\"rating-2\":\"1\",\"dni_vendedor\":\"Vendedor #7\",\"Nombre\":\"Sabina\",\"Apellido\":\"Mendoza\",\"Cedula\":null,\"Telefono\":\"68840309\",\"Correo\":\"sabinamendoza0018@gmail.com\",\"edad\":\"36 o mas\",\"descuentos\":[\"turismo\",\"gastronom\\u00eda\",\"salud\"],\"menbresia\":\"true\",\"concurso\":\"false\",\"recomendar\":\"true\",\"lugares_frecuentes\":\"Panama Este\",\"comentario\":\"Supermercados, farmacias, almacenes\"}','2023-04-10 12:12:11'),(1405,'{\"rating-2\":\"1\",\"dni_vendedor\":\"Vendedor #7\",\"Nombre\":\"Elisa\",\"Apellido\":\"Flores\",\"Cedula\":null,\"Telefono\":\"65152849\",\"Correo\":\"eli1898flores@gmail.com\",\"edad\":\"18 o menos\",\"descuentos\":[\"turismo\",\"gastronom\\u00eda\",\"salud\"],\"menbresia\":\"true\",\"concurso\":\"false\",\"recomendar\":\"true\",\"lugares_frecuentes\":\"Panama Oeste\",\"comentario\":\"Supermercados, farmacias, almacenes\"}','2023-04-10 12:22:36'),(1406,'{\"rating-2\":\"1\",\"dni_vendedor\":\"Vendedor #7\",\"Nombre\":\"Mabel\",\"Apellido\":\"Salas\",\"Cedula\":null,\"Telefono\":\"65531725\",\"Correo\":\"meryangwel232505@gmal.com\",\"edad\":\"36 o mas\",\"descuentos\":[\"turismo\",\"gastronom\\u00eda\",\"salud\"],\"menbresia\":\"true\",\"concurso\":\"false\",\"recomendar\":\"true\",\"lugares_frecuentes\":\"Panama Este\",\"comentario\":\"Supermercados, almacenes, farmacias\"}','2023-04-10 12:35:14'),(1407,'{\"rating-2\":\"1\",\"dni_vendedor\":\"Vendedor #7\",\"Nombre\":\"Meryangel\",\"Apellido\":\"Dixon\",\"Cedula\":null,\"Telefono\":\"67871718\",\"Correo\":\"meryangeldixon7@gmail.com\",\"edad\":\"18 o menos\",\"descuentos\":[\"turismo\",\"gastronom\\u00eda\",\"salud\"],\"menbresia\":\"true\",\"concurso\":\"false\",\"recomendar\":\"true\",\"lugares_frecuentes\":\"Panama Este\",\"comentario\":\"Supermercados, farmacias, almacenes\"}','2023-04-10 12:41:22'),(1408,'{\"rating-2\":\"1\",\"dni_vendedor\":\"Vendedor #8\",\"Nombre\":\"Lorena\",\"Apellido\":\"Vega\",\"Cedula\":null,\"Telefono\":\"6790-0465\",\"Correo\":\"lorecwga@gmail.com\",\"edad\":\"26 a 35\",\"descuentos\":[\"turismo\",\"estudios\",\"salud\"],\"menbresia\":\"false\",\"concurso\":\"false\",\"recomendar\":\"false\",\"lugares_frecuentes\":\"Panama Oeste\",\"comentario\":\"No definido\"}','2023-04-10 13:20:36'),(1409,'{\"rating-2\":\"1\",\"dni_vendedor\":\"Vendedor #1\",\"Nombre\":\"Lorena\",\"Apellido\":\"Vega\",\"Cedula\":null,\"Telefono\":\"6790-0465\",\"Correo\":\"lorevwga@gmail.com\",\"edad\":\"26 a 35\",\"descuentos\":[\"turismo\",\"estudios\",\"salud\"],\"menbresia\":\"false\",\"concurso\":\"false\",\"recomendar\":\"false\",\"lugares_frecuentes\":\"Panama Centro\",\"comentario\":\"No definido\"}','2023-04-10 13:21:44'),(1410,'{\"rating-2\":\"1\",\"dni_vendedor\":\"Vendedor #1\",\"Nombre\":\"Lorena\",\"Apellido\":\"Vega\",\"Cedula\":null,\"Telefono\":\"6790-0465\",\"Correo\":\"lorevwga@gmail.com\",\"edad\":\"26 a 35\",\"descuentos\":[\"turismo\",\"estudios\",\"salud\"],\"menbresia\":\"false\",\"concurso\":\"false\",\"recomendar\":\"false\",\"lugares_frecuentes\":\"Panama Centro\",\"comentario\":\"No definido\"}','2023-04-10 13:21:44'),(1411,'{\"rating-2\":\"1\",\"dni_vendedor\":\"Vendedor #7\",\"Nombre\":\"Giovanni\",\"Apellido\":\"Salas\",\"Cedula\":null,\"Telefono\":\"66922677\",\"Correo\":\"enriquegiovannie@gmail.com\",\"edad\":\"36 o mas\",\"descuentos\":[\"turismo\",\"gastronom\\u00eda\",\"salud\"],\"menbresia\":\"true\",\"concurso\":\"false\",\"recomendar\":\"true\",\"lugares_frecuentes\":\"Panama Este\",\"comentario\":\"Supermercados, farmacias, almacenes\"}','2023-04-10 14:46:34'),(1412,'{\"rating-2\":\"1\",\"dni_vendedor\":\"Vendedor #7\",\"Nombre\":\"Ariel\",\"Apellido\":\"Salas\",\"Cedula\":null,\"Telefono\":\"60516986\",\"Correo\":\"arielsalas19@gmail.com\",\"edad\":\"36 o mas\",\"descuentos\":[\"turismo\",\"gastronom\\u00eda\",\"salud\"],\"menbresia\":\"true\",\"concurso\":\"false\",\"recomendar\":\"true\",\"lugares_frecuentes\":\"Panama Este\",\"comentario\":\"Supermercados, gasolineras farmacias\"}','2023-04-10 15:14:38'),(1413,'{\"rating-2\":\"1\",\"dni_vendedor\":\"Vendedor #7\",\"Nombre\":\"Ariel\",\"Apellido\":\"Salas\",\"Cedula\":null,\"Telefono\":\"60516986\",\"Correo\":\"arielsalas19@gmail.com\",\"edad\":\"36 o mas\",\"descuentos\":[\"turismo\",\"gastronom\\u00eda\",\"salud\"],\"menbresia\":\"true\",\"concurso\":\"false\",\"recomendar\":\"true\",\"lugares_frecuentes\":\"Panama Este\",\"comentario\":\"Supermercados, gasolineras farmacias\"}','2023-04-10 15:14:38'),(1414,'{\"rating-2\":\"1\",\"dni_vendedor\":\"Vendedor #7\",\"Nombre\":\"Ariel\",\"Apellido\":\"Salas\",\"Cedula\":null,\"Telefono\":\"60516986\",\"Correo\":\"yandelorlando0903@gmail.com\",\"edad\":\"18 o menos\",\"descuentos\":[\"turismo\",\"gastronom\\u00eda\",\"salud\"],\"menbresia\":\"true\",\"concurso\":\"false\",\"recomendar\":\"true\",\"lugares_frecuentes\":\"Panama Este\",\"comentario\":\"Supermercados, farmacias, almacenes\"}','2023-04-10 15:21:21'),(1415,'{\"rating-2\":\"1\",\"dni_vendedor\":\"Vendedor #7\",\"Nombre\":\"Keysi\",\"Apellido\":\"Avila\",\"Cedula\":null,\"Telefono\":\"65775509\",\"Correo\":\"keyhel83@gmail.com\",\"edad\":\"36 o mas\",\"descuentos\":[\"turismo\",\"gastronom\\u00eda\",\"salud\"],\"menbresia\":\"true\",\"concurso\":\"false\",\"recomendar\":\"false\",\"lugares_frecuentes\":\"Panama Este\",\"comentario\":\"Supermercados, farmacias, almacenes\"}','2023-04-10 17:14:07'),(1416,'{\"rating-2\":\"1\",\"dni_vendedor\":\"Vendedor #7\",\"Nombre\":\"Yiskeira\",\"Apellido\":\"Mora\",\"Cedula\":null,\"Telefono\":\"65079191\",\"Correo\":\"myiskeira@gmail.com\",\"edad\":\"18 o menos\",\"descuentos\":[\"turismo\",\"gastronom\\u00eda\",\"salud\"],\"menbresia\":\"true\",\"concurso\":\"false\",\"recomendar\":\"true\",\"lugares_frecuentes\":\"Panama Este\",\"comentario\":\"Supermercados, farmacias, almacenes\"}','2023-04-10 17:22:13'),(1417,'{\"rating-2\":\"1\",\"dni_vendedor\":\"Vendedor #7\",\"Nombre\":\"Ydalith\",\"Apellido\":\"Rodriguez\",\"Cedula\":null,\"Telefono\":\"62125811\",\"Correo\":\"ydalithrodriguez8@gmal.com\",\"edad\":\"18 o menos\",\"descuentos\":[\"turismo\",\"gastronom\\u00eda\",\"salud\"],\"menbresia\":\"true\",\"concurso\":\"false\",\"recomendar\":\"true\",\"lugares_frecuentes\":\"Panama Este\",\"comentario\":\"Almacenes, farmacias, supermercados\"}','2023-04-10 17:33:53'),(1418,'{\"rating-2\":\"1\",\"dni_vendedor\":\"Vendedor #1\",\"Nombre\":\"Yaurisbell\",\"Apellido\":\"Perez\",\"Cedula\":null,\"Telefono\":\"68379069\",\"Correo\":\"perezacrisbel@gmail.com\",\"edad\":\"18 o menos\",\"descuentos\":[\"turismo\",\"gastronom\\u00eda\",\"salud\"],\"menbresia\":\"true\",\"concurso\":\"false\",\"recomendar\":\"true\",\"lugares_frecuentes\":\"Panama Este\",\"comentario\":\"Supermercados, almacenes, farmacias\"}','2023-04-10 17:37:54'),(1419,'{\"rating-2\":\"1\",\"dni_vendedor\":\"Vendedor #1\",\"Nombre\":\"Yaurisbell\",\"Apellido\":\"Perez\",\"Cedula\":null,\"Telefono\":\"68379069\",\"Correo\":\"perezacrisbel@gmail.com\",\"edad\":\"18 o menos\",\"descuentos\":[\"turismo\",\"gastronom\\u00eda\",\"salud\"],\"menbresia\":\"true\",\"concurso\":\"false\",\"recomendar\":\"true\",\"lugares_frecuentes\":\"Panama Este\",\"comentario\":\"Supermercados, almacenes, farmacias\"}','2023-04-10 17:37:54'),(1420,'{\"rating-2\":\"1\",\"dni_vendedor\":\"Vendedor #20\",\"Nombre\":\"Javier\",\"Apellido\":\"Gonzalez\",\"Cedula\":null,\"Telefono\":\"64435250\",\"Correo\":\"milo19299@hotmail.com\",\"edad\":\"26 a 35\",\"descuentos\":[\"turismo\",\"diversion\",\"gastronom\\u00eda\"],\"menbresia\":\"true\",\"concurso\":\"false\",\"recomendar\":\"true\",\"lugares_frecuentes\":\"Panama Centro\",\"comentario\":\"No definido\"}','2023-04-10 20:06:55'),(1421,'{\"rating-2\":\"1\",\"dni_vendedor\":\"Vendedor #12\",\"Nombre\":\"Kayra\",\"Apellido\":\"Herrarte\",\"Cedula\":null,\"Telefono\":\"66778566\",\"Correo\":\"kayra11@gmail.com\",\"edad\":\"36 o mas\",\"descuentos\":[\"turismo\",\"gastronom\\u00eda\",\"salud\"],\"menbresia\":\"true\",\"concurso\":\"false\",\"recomendar\":\"true\",\"lugares_frecuentes\":\"Otros\",\"comentario\":\"No definido\"}','2023-04-10 20:19:10'),(1422,'{\"rating-2\":\"1\",\"dni_vendedor\":\"Vendedor #12\",\"Nombre\":\"Alfredo\",\"Apellido\":\"Douglas\",\"Cedula\":null,\"Telefono\":\"63140310\",\"Correo\":\"douglasxacal29@gmail.com\",\"edad\":\"36 o mas\",\"descuentos\":[\"turismo\",\"estudios\",\"salud\"],\"menbresia\":\"true\",\"concurso\":\"false\",\"recomendar\":\"true\",\"lugares_frecuentes\":\"Panama Este\",\"comentario\":\"No definido\"}','2023-04-10 20:35:08'),(1423,'{\"rating-2\":\"1\",\"dni_vendedor\":\"Vendedor #12\",\"Nombre\":\"Angelica\",\"Apellido\":\"Agudelo\",\"Cedula\":null,\"Telefono\":\"62934790\",\"Correo\":\"angelica.agudelo0505@gmail.com\",\"edad\":\"36 o mas\",\"descuentos\":[\"turismo\",\"estudios\",\"diversion\"],\"menbresia\":\"true\",\"concurso\":\"false\",\"recomendar\":\"true\",\"lugares_frecuentes\":\"Panama Centro\",\"comentario\":\"No definido\"}','2023-04-10 20:42:26'),(1424,'{\"rating-2\":\"1\",\"dni_vendedor\":\"Vendedor #12\",\"Nombre\":\"Jorge\",\"Apellido\":\"Flores\",\"Cedula\":null,\"Telefono\":\"64590994\",\"Correo\":\"jorgejesus.flores0706@gmail.com\",\"edad\":\"36 o mas\",\"descuentos\":[\"turismo\",\"diversion\",\"salud\"],\"menbresia\":\"false\",\"concurso\":\"false\",\"recomendar\":\"true\",\"lugares_frecuentes\":\"Chiriqui\",\"comentario\":\"No definido\"}','2023-04-10 20:46:45'),(1425,'{\"rating-2\":\"1\",\"dni_vendedor\":\"Vendedor #12\",\"Nombre\":\"Angelica\",\"Apellido\":\"Do\\u00f1a\",\"Cedula\":null,\"Telefono\":\"62507869\",\"Correo\":\"anghidona@gmail.com\",\"edad\":\"36 o mas\",\"descuentos\":[\"turismo\",\"estudios\",\"salud\"],\"menbresia\":\"true\",\"concurso\":\"false\",\"recomendar\":\"true\",\"lugares_frecuentes\":\"Otros\",\"comentario\":\"No definido\"}','2023-04-10 20:54:27'),(1426,'{\"rating-2\":\"1\",\"dni_vendedor\":\"Vendedor #12\",\"Nombre\":\"Carlos\",\"Apellido\":\"Rodr\\u00edguez\",\"Cedula\":null,\"Telefono\":\"67280868\",\"Correo\":\"crcarlosrodriguez25@gmail.com\",\"edad\":\"36 o mas\",\"descuentos\":[\"turismo\",\"diversion\",\"gastronom\\u00eda\"],\"menbresia\":\"true\",\"concurso\":\"false\",\"recomendar\":\"true\",\"lugares_frecuentes\":\"Otros\",\"comentario\":\"No definido\"}','2023-04-10 21:14:38'),(1427,'{\"rating-2\":\"1\",\"dni_vendedor\":\"Vendedor #12\",\"Nombre\":\"Eyda\",\"Apellido\":\"De Herrarte\",\"Cedula\":null,\"Telefono\":\"66376280\",\"Correo\":\"eydarodriguez@gmail.com\",\"edad\":\"36 o mas\",\"descuentos\":[\"turismo\",\"gastronom\\u00eda\",\"salud\"],\"menbresia\":\"true\",\"concurso\":\"false\",\"recomendar\":\"true\",\"lugares_frecuentes\":\"Panama Centro\",\"comentario\":\"No definido\"}','2023-04-10 21:17:36'),(1428,'{\"rating-2\":\"1\",\"dni_vendedor\":\"Vendedor #12\",\"Nombre\":\"Daritza\",\"Apellido\":\"Bernal\",\"Cedula\":null,\"Telefono\":\"67450043\",\"Correo\":\"darybethphillips19@gmail.com\",\"edad\":\"36 o mas\",\"descuentos\":[\"turismo\",\"gastronom\\u00eda\",\"salud\"],\"menbresia\":\"true\",\"concurso\":\"false\",\"recomendar\":\"true\",\"lugares_frecuentes\":\"Otros\",\"comentario\":\"No definido\"}','2023-04-10 21:24:14'),(1429,'{\"rating-2\":\"1\",\"dni_vendedor\":\"Vendedor #20\",\"Nombre\":\"Jose\",\"Apellido\":\"Navarro\",\"Cedula\":\"8-760-1743\",\"Telefono\":\"61518827\",\"Correo\":\"navarrojose12@hotmail.ocm\",\"edad\":\"36 o mas\",\"descuentos\":[\"salud\"],\"menbresia\":\"false\",\"concurso\":\"false\",\"recomendar\":\"false\",\"lugares_frecuentes\":\"Panama Este\",\"comentario\":\"No definido\"}','2023-04-10 21:34:35'),(1430,'{\"rating-2\":\"1\",\"dni_vendedor\":\"Vendedor #13\",\"Nombre\":\"Karen\",\"Apellido\":\"Gonzalez\",\"Cedula\":\"8-1048-302\",\"Telefono\":\"69927260\",\"Correo\":\"karengonzalez0128@gmail.com\",\"edad\":\"18 o menos\",\"descuentos\":[\"turismo\",\"estudios\",\"salud\"],\"menbresia\":\"true\",\"concurso\":\"false\",\"recomendar\":\"true\",\"newsletter\":\"acepto\",\"lugares_frecuentes\":\"Panama Centro\",\"comentario\":\"No definido\"}','2023-04-10 23:37:11'),(1431,'{\"rating-2\":\"1\",\"dni_vendedor\":\"Vendedor #13\",\"Nombre\":\"Cenobia\",\"Apellido\":\"Pati\\u00f1o\",\"Cedula\":\"8-756-1103\",\"Telefono\":\"62171435\",\"Correo\":\"caridadpatino24@gmail.com\",\"edad\":\"36 o mas\",\"descuentos\":[\"estudios\",\"gastronom\\u00eda\",\"salud\"],\"menbresia\":\"true\",\"concurso\":\"false\",\"recomendar\":\"true\",\"newsletter\":\"acepto\",\"lugares_frecuentes\":\"Panama Centro\",\"comentario\":\"No definido\"}','2023-04-10 23:40:31'),(1432,'{\"rating-2\":\"1\",\"dni_vendedor\":\"Vendedor #7\",\"Nombre\":\"Brenda\",\"Apellido\":\"Perez\",\"Cedula\":null,\"Telefono\":\"67383422\",\"Correo\":\"brendaperez17@gmail.com\",\"edad\":\"36 o mas\",\"descuentos\":[\"turismo\",\"gastronom\\u00eda\",\"salud\"],\"menbresia\":\"true\",\"concurso\":\"false\",\"recomendar\":\"true\",\"lugares_frecuentes\":\"Panama Este\",\"comentario\":\"Supermercados, farmacias, almacemes\"}','2023-04-10 23:42:40'),(1433,'{\"rating-2\":\"1\",\"dni_vendedor\":\"Vendedor #7\",\"Nombre\":\"Miriam\",\"Apellido\":\"Mercado\",\"Cedula\":null,\"Telefono\":\"64207891\",\"Correo\":\"miriammercadoguardia@gmail.com\",\"edad\":\"36 o mas\",\"descuentos\":[\"turismo\",\"gastronom\\u00eda\",\"salud\"],\"menbresia\":\"true\",\"concurso\":\"false\",\"recomendar\":\"true\",\"lugares_frecuentes\":\"Panama Oeste\",\"comentario\":\"Supermercados, farmacias, almacenes\"}','2023-04-10 23:54:00'),(1434,'{\"rating-2\":\"1\",\"dni_vendedor\":\"Vendedor #7\",\"Nombre\":\"Fatima\",\"Apellido\":\"Flores\",\"Cedula\":null,\"Telefono\":\"62071047\",\"Correo\":\"faty164@outlook.com\",\"edad\":\"36 o mas\",\"descuentos\":[\"turismo\",\"gastronom\\u00eda\",\"salud\"],\"menbresia\":\"true\",\"concurso\":\"false\",\"recomendar\":\"true\",\"lugares_frecuentes\":\"Panama Centro\",\"comentario\":\"Supermercados, farmacias, almacenes\"}','2023-04-11 00:07:59'),(1435,'{\"rating-2\":\"1\",\"dni_vendedor\":\"Vendedor #13\",\"Nombre\":\"Jonny\",\"Apellido\":\"Pe\\u00f1a\",\"Cedula\":\"19 498 061\",\"Telefono\":\"65841492\",\"Correo\":\"jonnype62@gmail.com\",\"edad\":\"36 o mas\",\"descuentos\":[\"salud\"],\"menbresia\":\"true\",\"concurso\":\"false\",\"recomendar\":\"false\",\"lugares_frecuentes\":\"Panama Centro\",\"comentario\":\"Ninguna\"}','2023-04-11 01:06:13'),(1436,'{\"rating-2\":\"1\",\"dni_vendedor\":\"Vendedor #12\",\"Nombre\":\"Johana\",\"Apellido\":\"Castillo\",\"Cedula\":null,\"Telefono\":\"63768455\",\"Correo\":\"johyy526@gmail.com\",\"edad\":\"36 o mas\",\"descuentos\":[\"turismo\",\"diversion\",\"salud\"],\"menbresia\":\"true\",\"concurso\":\"false\",\"recomendar\":\"true\",\"lugares_frecuentes\":\"Otros\",\"comentario\":\"No definido\"}','2023-04-11 02:17:12'),(1437,'{\"rating-2\":\"1\",\"dni_vendedor\":\"Vendedor #12\",\"Nombre\":\"Joel\",\"Apellido\":\"Yepez\",\"Cedula\":null,\"Telefono\":\"67850873\",\"Correo\":\"angelyepez221@gmail.com\",\"edad\":\"26 a 35\",\"descuentos\":[\"diversion\",\"gastronom\\u00eda\",\"salud\"],\"menbresia\":\"true\",\"concurso\":\"false\",\"recomendar\":\"true\",\"newsletter\":\"acepto\",\"lugares_frecuentes\":\"Otros\",\"comentario\":\"Descuentos en supermercados\"}','2023-04-11 02:32:26'),(1438,'{\"rating-2\":\"1\",\"dni_vendedor\":\"Vendedor #12\",\"Nombre\":\"Jorge\",\"Apellido\":\"Yepez\",\"Cedula\":null,\"Telefono\":\"67362471\",\"Correo\":\"jy848772@gmail.com\",\"edad\":\"36 o mas\",\"descuentos\":[\"turismo\",\"gastronom\\u00eda\",\"salud\"],\"menbresia\":\"true\",\"concurso\":\"false\",\"recomendar\":\"true\",\"lugares_frecuentes\":\"Otros\",\"comentario\":\"No definido\"}','2023-04-11 03:00:04'),(1439,'{\"rating-2\":\"1\",\"dni_vendedor\":\"Vendedor #12\",\"Nombre\":\"Betzaida\",\"Apellido\":\"Cantoral\",\"Cedula\":null,\"Telefono\":\"67565515\",\"Correo\":\"betzykourany22@gmail.com\",\"edad\":\"36 o mas\",\"descuentos\":[\"turismo\",\"gastronom\\u00eda\",\"salud\"],\"menbresia\":\"true\",\"concurso\":\"false\",\"recomendar\":\"true\",\"lugares_frecuentes\":\"Otros\",\"comentario\":\"No definido\"}','2023-04-11 14:55:09'),(1440,'{\"rating-2\":\"1\",\"dni_vendedor\":\"Vendedor #12\",\"Nombre\":\"Virgilio\",\"Apellido\":\"Angulo\",\"Cedula\":null,\"Telefono\":\"60522336\",\"Correo\":\"virgilioangulo1@gmail.con\",\"edad\":\"36 o mas\",\"descuentos\":[\"turismo\",\"gastronom\\u00eda\",\"salud\"],\"menbresia\":\"true\",\"concurso\":\"false\",\"recomendar\":\"true\",\"lugares_frecuentes\":\"Otros\",\"comentario\":\"No definido\"}','2023-04-11 15:00:26'),(1441,'{\"rating-2\":\"1\",\"dni_vendedor\":\"Vendedor #12\",\"Nombre\":\"Genesis\",\"Apellido\":\"Parfait\",\"Cedula\":null,\"Telefono\":\"61705262\",\"Correo\":\"geparfait12@gmail.com\",\"edad\":\"26 a 35\",\"descuentos\":[\"turismo\",\"gastronom\\u00eda\",\"salud\"],\"menbresia\":\"true\",\"concurso\":\"false\",\"recomendar\":\"true\",\"lugares_frecuentes\":\"Otros\",\"comentario\":\"No definido\"}','2023-04-11 15:08:28'),(1442,'{\"rating-2\":\"1\",\"dni_vendedor\":\"Vendedor #12\",\"Nombre\":\"Maximo\",\"Apellido\":\"Herrarte\",\"Cedula\":null,\"Telefono\":\"68270517\",\"Correo\":\"colt28_4@hotmail.com\",\"edad\":\"18 o menos\",\"descuentos\":[\"turismo\",\"gastronom\\u00eda\",\"salud\"],\"menbresia\":\"true\",\"concurso\":\"false\",\"recomendar\":\"true\",\"lugares_frecuentes\":\"Otros\",\"comentario\":\"No definido\"}','2023-04-11 15:30:06'),(1443,'{\"rating-2\":\"1\",\"dni_vendedor\":\"Vendedor #12\",\"Nombre\":\"Miguel\",\"Apellido\":\"Herrarte\",\"Cedula\":null,\"Telefono\":\"67441419\",\"Correo\":\"miguel.herrarte08@gmail.com\",\"edad\":\"36 o mas\",\"descuentos\":[\"turismo\",\"gastronom\\u00eda\",\"salud\"],\"menbresia\":\"true\",\"concurso\":\"false\",\"recomendar\":\"true\",\"lugares_frecuentes\":\"Otros\",\"comentario\":\"No definido\"}','2023-04-11 15:51:42'),(1444,'{\"rating-2\":\"1\",\"dni_vendedor\":\"Vendedor #12\",\"Nombre\":\"Betzaida\",\"Apellido\":\"Hoo\",\"Cedula\":null,\"Telefono\":\"67424289\",\"Correo\":\"betzyhoo@gmail.com\",\"edad\":\"26 a 35\",\"descuentos\":[\"turismo\",\"diversion\",\"salud\"],\"menbresia\":\"true\",\"concurso\":\"false\",\"recomendar\":\"true\",\"lugares_frecuentes\":\"Otros\",\"comentario\":\"No definido\"}','2023-04-11 16:14:58'),(1445,'{\"rating-2\":\"1\",\"dni_vendedor\":\"Vendedor #19\",\"Nombre\":\"Irving\",\"Apellido\":\"Torres\",\"Cedula\":\"8-762-1786\",\"Telefono\":\"62059822\",\"Correo\":\"guadamuzheyler@gmail.com\",\"edad\":\"36 o mas\",\"descuentos\":[\"turismo\",\"estudios\",\"salud\"],\"menbresia\":\"false\",\"concurso\":\"false\",\"recomendar\":\"false\",\"lugares_frecuentes\":\"Panama Oeste\",\"comentario\":\"No definido\"}','2023-04-11 17:28:54'),(1446,'{\"rating-2\":\"1\",\"dni_vendedor\":\"Vendedor #19\",\"Nombre\":\"Nicole\",\"Apellido\":\"Dobreanu\",\"Cedula\":\"8-911-1946\",\"Telefono\":\"60298513\",\"Correo\":\"dobreanu19@gmail.com\",\"edad\":\"26 a 35\",\"descuentos\":[\"turismo\",\"gastronom\\u00eda\",\"salud\"],\"menbresia\":\"true\",\"concurso\":\"false\",\"recomendar\":\"false\",\"lugares_frecuentes\":\"Panama Este\",\"comentario\":\"No definido\"}','2023-04-11 17:48:38'),(1447,'{\"rating-2\":\"1\",\"dni_vendedor\":\"Vendedor #1\",\"Nombre\":\"Melannie\",\"Apellido\":\"Olivierre\",\"Cedula\":\"8-981-1788\",\"Telefono\":\"69660567\",\"Correo\":\"melannieolivierre726@gmail.com\",\"edad\":\"26 a 35\",\"descuentos\":[\"gastronom\\u00eda\",\"salud\"],\"menbresia\":\"true\",\"concurso\":\"false\",\"recomendar\":\"false\",\"newsletter\":\"acepto\",\"lugares_frecuentes\":\"Panama Este\",\"comentario\":\"No definido\"}','2023-04-11 18:03:16'),(1448,'{\"rating-2\":\"1\",\"dni_vendedor\":\"Vendedor #7\",\"Nombre\":\"Julissa\",\"Apellido\":\"Trejos\",\"Cedula\":null,\"Telefono\":\"63562322\",\"Correo\":\"julissa71@gmail.com\",\"edad\":\"36 o mas\",\"descuentos\":[\"turismo\",\"gastronom\\u00eda\",\"salud\"],\"menbresia\":\"true\",\"concurso\":\"false\",\"recomendar\":\"true\",\"lugares_frecuentes\":\"Panama Este\",\"comentario\":\"Supermercados, farmacias, almacenes\"}','2023-04-11 18:12:21'),(1449,'{\"rating-2\":\"1\",\"dni_vendedor\":\"Vendedor #7\",\"Nombre\":\"Julissa\",\"Apellido\":\"Trejos\",\"Cedula\":null,\"Telefono\":\"63562322\",\"Correo\":\"julissa71@gmail.com\",\"edad\":\"36 o mas\",\"descuentos\":[\"turismo\",\"gastronom\\u00eda\",\"salud\"],\"menbresia\":\"true\",\"concurso\":\"false\",\"recomendar\":\"true\",\"lugares_frecuentes\":\"Panama Este\",\"comentario\":\"Supermercados, farmacias, almacenes\"}','2023-04-11 18:12:21'),(1450,'{\"rating-2\":\"1\",\"dni_vendedor\":\"Vendedor #1\",\"Nombre\":\"Daineet\",\"Apellido\":\"Gonz\\u00e1lez\",\"Cedula\":null,\"Telefono\":\"63928374\",\"Correo\":\"daineetgonzalez@gmail.com\",\"edad\":\"36 o mas\",\"descuentos\":[\"turismo\",\"estudios\",\"diversion\"],\"menbresia\":\"true\",\"concurso\":\"false\",\"recomendar\":\"true\",\"newsletter\":\"acepto\",\"lugares_frecuentes\":\"Panama Este\",\"comentario\":\"No\"}','2023-04-11 18:21:59'),(1451,'{\"rating-2\":\"1\",\"dni_vendedor\":\"Vendedor #1\",\"Nombre\":\"Anahielis\",\"Apellido\":\"Leiva\",\"Cedula\":\"8-1042-1145\",\"Telefono\":\"69660567\",\"Correo\":\"olivierremelannie726@gmail.com\",\"edad\":\"15 a 19\",\"descuentos\":[\"gastronom\\u00eda\",\"salud\"],\"menbresia\":\"true\",\"concurso\":\"false\",\"recomendar\":\"true\",\"newsletter\":\"acepto\",\"lugares_frecuentes\":\"Panama Este\",\"comentario\":\"No definido\"}','2023-04-11 18:44:24'),(1452,'{\"rating-2\":\"1\",\"dni_vendedor\":\"Vendedor #19\",\"Nombre\":\"Sim\\u00f3n\",\"Apellido\":\"Alexander\",\"Cedula\":\"8-872-2098\",\"Telefono\":\"63245937\",\"Correo\":\"alexander_mr_17@hotmail.com\",\"edad\":\"26 a 35\",\"descuentos\":[\"turismo\",\"diversion\",\"salud\"],\"menbresia\":\"true\",\"concurso\":\"false\",\"recomendar\":\"true\",\"newsletter\":\"acepto\",\"lugares_frecuentes\":\"Panama Centro\",\"comentario\":\"No definido\"}','2023-04-11 19:23:27'),(1453,'{\"rating-2\":\"1\",\"dni_vendedor\":\"Vendedor #19\",\"Nombre\":\"Yanitza\",\"Apellido\":\"Palma\",\"Cedula\":\"8-815-902\",\"Telefono\":\"62326274\",\"Correo\":\"yanitzapalma@outlook.es\",\"edad\":\"26 a 35\",\"descuentos\":[\"turismo\",\"estudios\"],\"menbresia\":\"true\",\"concurso\":\"false\",\"recomendar\":\"true\",\"lugares_frecuentes\":\"Panama Centro\",\"comentario\":\"No definido\"}','2023-04-11 19:38:29'),(1454,'{\"rating-2\":\"1\",\"dni_vendedor\":\"Vendedor #12\",\"Nombre\":\"David\",\"Apellido\":\"Yau\",\"Cedula\":null,\"Telefono\":\"69834888\",\"Correo\":\"davidyau507@gmail.com\",\"edad\":\"36 o mas\",\"descuentos\":[\"turismo\",\"diversion\",\"gastronom\\u00eda\"],\"menbresia\":\"true\",\"concurso\":\"false\",\"recomendar\":\"true\",\"lugares_frecuentes\":\"Panama Este\",\"comentario\":\"No definido\"}','2023-04-11 21:38:02'),(1455,'{\"rating-2\":\"1\",\"dni_vendedor\":\"Vendedor #12\",\"Nombre\":\"Marcia\",\"Apellido\":\"Herrera\",\"Cedula\":null,\"Telefono\":\"66449432\",\"Correo\":\"marcia.herrarte09@gmsil.com\",\"edad\":\"36 o mas\",\"descuentos\":[\"turismo\",\"gastronom\\u00eda\",\"salud\"],\"menbresia\":\"true\",\"concurso\":\"false\",\"recomendar\":\"true\",\"lugares_frecuentes\":\"Otros\",\"comentario\":\"No definido\"}','2023-04-11 21:58:09'),(1456,'{\"rating-2\":\"1\",\"dni_vendedor\":\"Vendedor #12\",\"Nombre\":\"Sonia\",\"Apellido\":\"Parfait\",\"Cedula\":null,\"Telefono\":\"60982017\",\"Correo\":\"parfait1124@gmail.com\",\"edad\":\"26 a 35\",\"descuentos\":[\"turismo\",\"gastronom\\u00eda\",\"salud\"],\"menbresia\":\"true\",\"concurso\":\"false\",\"recomendar\":\"true\",\"lugares_frecuentes\":\"Otros\",\"comentario\":\"No definido\"}','2023-04-11 22:23:23'),(1457,'{\"rating-2\":\"1\",\"dni_vendedor\":\"Vendedor #12\",\"Nombre\":\"Johany\",\"Apellido\":\"Wyllchez\",\"Cedula\":null,\"Telefono\":\"66776679\",\"Correo\":\"jwyllchez@hotmail.com\",\"edad\":\"36 o mas\",\"descuentos\":[\"turismo\",\"estudios\",\"salud\"],\"menbresia\":\"true\",\"concurso\":\"false\",\"recomendar\":\"true\",\"lugares_frecuentes\":\"Otros\",\"comentario\":\"No definido\"}','2023-04-11 22:43:10'),(1458,'{\"rating-2\":\"1\",\"dni_vendedor\":\"Vendedor #18\",\"Nombre\":\"Carlos\",\"Apellido\":\"Solis\",\"Cedula\":null,\"Telefono\":\"6896-4459\",\"Correo\":\"Carlossolis21.cs@gmail.com\",\"edad\":\"26 a 35\",\"descuentos\":[\"turismo\",\"gastronom\\u00eda\",\"salud\"],\"menbresia\":\"true\",\"concurso\":\"false\",\"recomendar\":\"true\",\"lugares_frecuentes\":\"Panama Este\",\"comentario\":\"No definido\"}','2023-04-11 22:45:17'),(1459,'{\"rating-2\":\"1\",\"dni_vendedor\":\"Vendedor #12\",\"Nombre\":\"Erich\",\"Apellido\":\"Montilla\",\"Cedula\":null,\"Telefono\":\"66776679\",\"Correo\":\"erich.montilla.wyllchez@gmail.com\",\"edad\":\"18 o menos\",\"descuentos\":[\"turismo\",\"estudios\",\"salud\"],\"menbresia\":\"true\",\"concurso\":\"false\",\"recomendar\":\"true\",\"lugares_frecuentes\":\"Otros\",\"comentario\":\"No definido\"}','2023-04-11 22:45:24'),(1460,'{\"rating-2\":\"1\",\"dni_vendedor\":\"Vendedor #18\",\"Nombre\":\"Anel\",\"Apellido\":\"Algandona\",\"Cedula\":null,\"Telefono\":\"63017293\",\"Correo\":\"algandona77@gmail.com\",\"edad\":\"26 a 35\",\"descuentos\":[\"turismo\",\"gastronom\\u00eda\",\"salud\"],\"menbresia\":\"true\",\"concurso\":\"false\",\"recomendar\":\"false\",\"lugares_frecuentes\":\"Panama Este\",\"comentario\":\"No definido\"}','2023-04-12 00:17:26'),(1461,'{\"rating-2\":\"1\",\"dni_vendedor\":\"Vendedor #18\",\"Nombre\":\"Ashley\",\"Apellido\":\"Lezcano\",\"Cedula\":null,\"Telefono\":\"63673926\",\"Correo\":\"ash-dark@hotmail.com\",\"edad\":\"26 a 35\",\"descuentos\":[\"turismo\",\"gastronom\\u00eda\",\"salud\"],\"menbresia\":\"false\",\"concurso\":\"false\",\"recomendar\":\"false\",\"lugares_frecuentes\":\"Panama Este\",\"comentario\":\"No definido\"}','2023-04-12 00:49:58'),(1462,'{\"rating-2\":\"1\",\"dni_vendedor\":\"Vendedor #18\",\"Nombre\":\"Michael\",\"Apellido\":\"Jordan\",\"Cedula\":null,\"Telefono\":\"6653-6981\",\"Correo\":\"michael.jordan2107@hotmail.com\",\"edad\":\"36 o mas\",\"descuentos\":[\"turismo\",\"diversion\",\"salud\"],\"menbresia\":\"true\",\"concurso\":\"false\",\"recomendar\":\"true\",\"lugares_frecuentes\":\"Panama Este\",\"comentario\":\"No definido\"}','2023-04-12 01:21:27'),(1463,'{\"rating-2\":\"1\",\"dni_vendedor\":\"Vendedor #20\",\"Nombre\":\"Yves\",\"Apellido\":\"Torres\",\"Cedula\":\"8-735-1067\",\"Telefono\":\"66903818\",\"Correo\":\"yves.torres@dhl.com\",\"edad\":\"36 o mas\",\"descuentos\":[\"turismo\",\"gastronom\\u00eda\",\"salud\"],\"menbresia\":\"false\",\"concurso\":\"false\",\"recomendar\":\"true\",\"newsletter\":\"acepto\",\"lugares_frecuentes\":\"Panama Centro\",\"comentario\":\"No definido\"}','2023-04-12 01:27:05'),(1464,'{\"rating-2\":\"1\",\"dni_vendedor\":\"Vendedor #18\",\"Nombre\":\"Eric\",\"Apellido\":\"Gonz\\u00e1lez\",\"Cedula\":\"8-959-2439\",\"Telefono\":\"+50764832716\",\"Correo\":\"ericin-2307@hotmail.com\",\"edad\":\"26 a 35\",\"descuentos\":[\"turismo\",\"diversion\",\"salud\"],\"menbresia\":\"false\",\"concurso\":\"false\",\"recomendar\":\"true\",\"lugares_frecuentes\":\"Panama Este\",\"comentario\":\"No definido\"}','2023-04-12 01:55:33'),(1465,'{\"rating-2\":\"1\",\"dni_vendedor\":\"Vendedor #13\",\"Nombre\":\"Rodolfo\",\"Apellido\":\"Gonzalez\",\"Cedula\":\"8-980-2154\",\"Telefono\":\"+507 6878-5057\",\"Correo\":\"fitogonzales80@gmail.com\",\"edad\":\"36 o mas\",\"descuentos\":[\"turismo\",\"gastronom\\u00eda\",\"salud\"],\"menbresia\":\"true\",\"concurso\":\"false\",\"recomendar\":\"true\",\"newsletter\":\"acepto\",\"lugares_frecuentes\":\"Panama Centro\",\"comentario\":\"No definido\"}','2023-04-12 13:55:09'),(1466,'{\"rating-2\":\"1\",\"dni_vendedor\":\"Vendedor #13\",\"Nombre\":\"Reynaldo\",\"Apellido\":\"G\\u00f3mez\",\"Cedula\":\"8-287-199\",\"Telefono\":\"2677428\",\"Correo\":\"gomezreynaldo870@gmail.com\",\"edad\":\"36 o mas\",\"descuentos\":[\"turismo\",\"gastronom\\u00eda\",\"salud\"],\"menbresia\":\"true\",\"concurso\":\"false\",\"recomendar\":\"true\",\"newsletter\":\"acepto\",\"lugares_frecuentes\":\"Panama Centro\",\"comentario\":\"No definido\"}','2023-04-12 14:02:29'),(1467,'{\"rating-2\":\"1\",\"dni_vendedor\":\"Vendedor #18\",\"Nombre\":\"Mairett\",\"Apellido\":\"Musleh\",\"Cedula\":\"--\",\"Telefono\":\"63025139\",\"Correo\":\"muslehmairett@gmail.com\",\"edad\":\"26 a 35\",\"descuentos\":[\"turismo\",\"estudios\",\"salud\"],\"menbresia\":\"true\",\"concurso\":\"false\",\"recomendar\":\"true\",\"newsletter\":\"acepto\",\"lugares_frecuentes\":\"Panama Oeste\",\"comentario\":\"-\"}','2023-04-12 16:10:14'),(1468,'{\"rating-2\":\"1\",\"dni_vendedor\":\"Vendedor #6\",\"Nombre\":\"Edwin\",\"Apellido\":\"Martinez\",\"Cedula\":\"8-804-1804\",\"Telefono\":\"63866704\",\"Correo\":\"martiedwin91@gmail.com\",\"edad\":\"36 o mas\",\"descuentos\":[\"turismo\",\"gastronom\\u00eda\",\"salud\"],\"menbresia\":\"true\",\"concurso\":\"false\",\"recomendar\":\"true\",\"newsletter\":\"acepto\",\"lugares_frecuentes\":\"Panama Centro\",\"comentario\":\"No definido\"}','2023-04-12 16:42:34'),(1469,'{\"rating-2\":\"1\",\"dni_vendedor\":\"Vendedor #20\",\"Nombre\":\"Gladys\",\"Apellido\":\"Rios\",\"Cedula\":\"4-219-126\",\"Telefono\":\"64098261\",\"Correo\":\"gladysrios1121@outlook.es\",\"edad\":\"36 o mas\",\"descuentos\":[\"turismo\",\"gastronom\\u00eda\",\"salud\"],\"menbresia\":\"true\",\"concurso\":\"false\",\"recomendar\":\"false\",\"lugares_frecuentes\":\"Panama Centro\",\"comentario\":\"No definido\"}','2023-04-12 17:00:57'),(1470,'{\"rating-2\":\"1\",\"dni_vendedor\":\"Vendedor #7\",\"Nombre\":\"Jhoanna\",\"Apellido\":\"Aldana\",\"Cedula\":null,\"Telefono\":\"67707644\",\"Correo\":\"jhoanna192001@gmail.com\",\"edad\":\"36 o mas\",\"descuentos\":[\"turismo\",\"gastronom\\u00eda\",\"salud\"],\"menbresia\":\"true\",\"concurso\":\"false\",\"recomendar\":\"true\",\"lugares_frecuentes\":\"Panama Este\",\"comentario\":\"Supermercados, farmacias, almacenes\"}','2023-04-12 18:31:27'),(1471,'{\"rating-2\":\"1\",\"dni_vendedor\":\"Vendedor #7\",\"Nombre\":\"Jhoanna\",\"Apellido\":\"Aldana\",\"Cedula\":null,\"Telefono\":\"67707644\",\"Correo\":\"jhoanna192001@gmail.com\",\"edad\":\"36 o mas\",\"descuentos\":[\"turismo\",\"gastronom\\u00eda\",\"salud\"],\"menbresia\":\"true\",\"concurso\":\"false\",\"recomendar\":\"true\",\"lugares_frecuentes\":\"Panama Este\",\"comentario\":\"Supermercados, farmacias, almacenes\"}','2023-04-12 18:31:28'),(1472,'{\"rating-2\":\"1\",\"dni_vendedor\":\"Vendedor #7\",\"Nombre\":\"Ada\",\"Apellido\":\"Ortega\",\"Cedula\":null,\"Telefono\":\"67857263\",\"Correo\":\"adaisorte1362@gmail.com\",\"edad\":\"18 o menos\",\"descuentos\":[\"turismo\",\"gastronom\\u00eda\",\"salud\"],\"menbresia\":\"true\",\"concurso\":\"false\",\"recomendar\":\"true\",\"lugares_frecuentes\":\"Panama Este\",\"comentario\":\"Supermercados, farmacias, almacenes\"}','2023-04-12 19:35:35'),(1473,'{\"rating-2\":\"1\",\"dni_vendedor\":\"Vendedor #7\",\"Nombre\":\"Juliana\",\"Apellido\":\"Bejarano\",\"Cedula\":null,\"Telefono\":\"67166711\",\"Correo\":\"yulianaindira18@gmail.com\",\"edad\":\"36 o mas\",\"descuentos\":[\"turismo\",\"gastronom\\u00eda\",\"salud\"],\"menbresia\":\"true\",\"concurso\":\"false\",\"recomendar\":\"true\",\"lugares_frecuentes\":\"Panama Este\",\"comentario\":\"Supermercados, farmacias, almacenes\"}','2023-04-12 19:47:41'),(1474,'{\"rating-2\":\"1\",\"dni_vendedor\":\"Vendedor #7\",\"Nombre\":\"Aldhair\",\"Apellido\":\"Medina\",\"Cedula\":null,\"Telefono\":\"65419249\",\"Correo\":\"medinaaldahir2004@gmali.com\",\"edad\":\"15 a 19\",\"descuentos\":[\"estudios\",\"gastronom\\u00eda\",\"salud\"],\"menbresia\":\"true\",\"concurso\":\"false\",\"recomendar\":\"true\",\"lugares_frecuentes\":\"Panama Este\",\"comentario\":\"Supermercados, almacenes, farmacias\"}','2023-04-12 20:14:38'),(1475,'{\"rating-2\":\"1\",\"dni_vendedor\":\"Vendedor #7\",\"Nombre\":\"Alvis\",\"Apellido\":\"Villareal\",\"Cedula\":null,\"Telefono\":\"62177284\",\"Correo\":\"alvisvillarreal1479@gmail.com\",\"edad\":\"36 o mas\",\"descuentos\":[\"turismo\",\"gastronom\\u00eda\",\"salud\"],\"menbresia\":\"true\",\"concurso\":\"false\",\"recomendar\":\"true\",\"lugares_frecuentes\":\"Panama Este\",\"comentario\":\"Supermercados, farmacias, almacenes\"}','2023-04-12 23:29:27'),(1476,'{\"rating-2\":\"1\",\"dni_vendedor\":\"Vendedor #7\",\"Nombre\":\"Marlene\",\"Apellido\":\"Porte\",\"Cedula\":null,\"Telefono\":\"62975132\",\"Correo\":\"malenis1965@gmail.com\",\"edad\":\"36 o mas\",\"descuentos\":[\"turismo\",\"gastronom\\u00eda\",\"salud\"],\"menbresia\":\"true\",\"concurso\":\"false\",\"recomendar\":\"true\",\"lugares_frecuentes\":\"Panama Este\",\"comentario\":\"Farmacias, supermercados, almacenes\"}','2023-04-12 23:49:12'),(1477,'{\"rating-2\":\"1\",\"dni_vendedor\":\"Vendedor #7\",\"Nombre\":\"Emily\",\"Apellido\":\"Contreras\",\"Cedula\":null,\"Telefono\":\"68576825\",\"Correo\":\"emilycontreras1987@gmail.com\",\"edad\":\"36 o mas\",\"descuentos\":[\"estudios\",\"gastronom\\u00eda\",\"salud\"],\"menbresia\":\"true\",\"concurso\":\"false\",\"recomendar\":\"true\",\"lugares_frecuentes\":\"Panama Este\",\"comentario\":\"Supermercados, almacenes, farmacias\"}','2023-04-13 00:26:08'),(1478,'{\"rating-2\":\"1\",\"dni_vendedor\":\"Vendedor #7\",\"Nombre\":\"Emily\",\"Apellido\":\"Contreras\",\"Cedula\":null,\"Telefono\":\"68576825\",\"Correo\":\"emilycontreras1987@gmail.com\",\"edad\":\"36 o mas\",\"descuentos\":[\"estudios\",\"gastronom\\u00eda\",\"salud\"],\"menbresia\":\"true\",\"concurso\":\"false\",\"recomendar\":\"true\",\"lugares_frecuentes\":\"Panama Este\",\"comentario\":\"Supermercados, almacenes, farmacias\"}','2023-04-13 00:26:09'),(1479,'{\"rating-2\":\"1\",\"dni_vendedor\":\"Vendedor #7\",\"Nombre\":\"Daniel\",\"Apellido\":\"Samudio\",\"Cedula\":null,\"Telefono\":\"68955316\",\"Correo\":\"danielsamudio4231@gmail.com\",\"edad\":\"36 o mas\",\"descuentos\":[\"estudios\",\"gastronom\\u00eda\",\"salud\"],\"menbresia\":\"false\",\"concurso\":\"false\",\"recomendar\":\"false\",\"lugares_frecuentes\":\"Panama Este\",\"comentario\":\"Supermercados, farmacias, almacenes\"}','2023-04-13 00:28:39'),(1480,'{\"rating-2\":\"1\",\"dni_vendedor\":\"Vendedor #7\",\"Nombre\":\"Daniel\",\"Apellido\":\"Samudio\",\"Cedula\":null,\"Telefono\":\"68955316\",\"Correo\":\"danielsamudio4231@gmail.com\",\"edad\":\"36 o mas\",\"descuentos\":[\"estudios\",\"gastronom\\u00eda\",\"salud\"],\"menbresia\":\"false\",\"concurso\":\"false\",\"recomendar\":\"false\",\"lugares_frecuentes\":\"Panama Este\",\"comentario\":\"Supermercados, farmacias, almacenes\"}','2023-04-13 00:28:40'),(1481,'{\"rating-2\":\"1\",\"dni_vendedor\":\"Vendedor #7\",\"Nombre\":\"Roger\",\"Apellido\":\"Oroc\\u00fa\",\"Cedula\":null,\"Telefono\":\"61267704\",\"Correo\":\"orocuvelasquez@gmail.com\",\"edad\":\"36 o mas\",\"descuentos\":[\"turismo\",\"gastronom\\u00eda\",\"salud\"],\"menbresia\":\"true\",\"concurso\":\"false\",\"recomendar\":\"true\",\"lugares_frecuentes\":\"Panama Este\",\"comentario\":\"Supermercados farmacias almacenes\"}','2023-04-13 00:35:09'),(1482,'{\"rating-2\":\"1\",\"dni_vendedor\":\"Vendedor #20\",\"Nombre\":\"Luis Esteban\",\"Apellido\":\"Arosemena\",\"Cedula\":null,\"Telefono\":\"63799823\",\"Correo\":\"arosemenaluis6@gmail.com\",\"edad\":\"36 o mas\",\"descuentos\":[\"salud\"],\"menbresia\":\"false\",\"concurso\":\"false\",\"recomendar\":\"true\",\"lugares_frecuentes\":\"Otros\",\"comentario\":\"Por favor . No estar llamando para tratar de venderte algo\"}','2023-04-13 00:42:47'),(1483,'{\"rating-2\":\"1\",\"dni_vendedor\":\"Vendedor #7\",\"Nombre\":\"Gustavo\",\"Apellido\":\"Jordon\",\"Cedula\":null,\"Telefono\":\"62000001\",\"Correo\":\"gusjordan91@yahoo.com\",\"edad\":\"36 o mas\",\"descuentos\":[\"turismo\",\"estudios\",\"gastronom\\u00eda\"],\"menbresia\":\"true\",\"concurso\":\"false\",\"recomendar\":\"true\",\"lugares_frecuentes\":\"Panama Este\",\"comentario\":\"Supermercados, farmacias,\"}','2023-04-13 12:39:56'),(1484,'{\"rating-2\":\"1\",\"dni_vendedor\":\"Vendedor #7\",\"Nombre\":\"Gustavo\",\"Apellido\":\"Jordon\",\"Cedula\":null,\"Telefono\":\"62000001\",\"Correo\":\"gusjordan91@yahoo.com\",\"edad\":\"36 o mas\",\"descuentos\":[\"turismo\",\"estudios\",\"gastronom\\u00eda\"],\"menbresia\":\"true\",\"concurso\":\"false\",\"recomendar\":\"true\",\"lugares_frecuentes\":\"Panama Este\",\"comentario\":\"Supermercados, farmacias,\"}','2023-04-13 12:39:56'),(1485,'{\"rating-2\":\"1\",\"dni_vendedor\":\"Vendedor #7\",\"Nombre\":\"Nelsi\",\"Apellido\":\"Marin\",\"Cedula\":null,\"Telefono\":\"66356962\",\"Correo\":\"nelsianaismarinarmada@gmail.com\",\"edad\":\"36 o mas\",\"descuentos\":[\"estudios\",\"gastronom\\u00eda\",\"salud\"],\"menbresia\":\"true\",\"concurso\":\"false\",\"recomendar\":\"true\",\"lugares_frecuentes\":\"Panama Este\",\"comentario\":\"Supermercados, farmacia, almacenes\"}','2023-04-13 15:54:29'),(1486,'{\"rating-2\":\"1\",\"dni_vendedor\":\"Vendedor #7\",\"Nombre\":\"Nelsi\",\"Apellido\":\"Marin\",\"Cedula\":null,\"Telefono\":\"66356962\",\"Correo\":\"nelsianaismarinarmada@gmail.com\",\"edad\":\"36 o mas\",\"descuentos\":[\"estudios\",\"gastronom\\u00eda\",\"salud\"],\"menbresia\":\"true\",\"concurso\":\"false\",\"recomendar\":\"true\",\"lugares_frecuentes\":\"Panama Este\",\"comentario\":\"Supermercados, farmacia, almacenes\"}','2023-04-13 15:54:30'),(1487,'{\"rating-2\":\"1\",\"dni_vendedor\":\"Vendedor #7\",\"Nombre\":\"Luz\",\"Apellido\":\"Pardo\",\"Cedula\":null,\"Telefono\":\"65949618\",\"Correo\":\"pardoluz543@gmail.com\",\"edad\":\"36 o mas\",\"descuentos\":[\"turismo\",\"estudios\",\"gastronom\\u00eda\"],\"menbresia\":\"true\",\"concurso\":\"false\",\"recomendar\":\"true\",\"lugares_frecuentes\":\"Panama Este\",\"comentario\":\"Supermercados, farmacias, almacenes\"}','2023-04-13 16:45:06'),(1488,'{\"rating-2\":\"1\",\"dni_vendedor\":\"Vendedor #7\",\"Nombre\":\"Luz\",\"Apellido\":\"Pardo\",\"Cedula\":null,\"Telefono\":\"65949618\",\"Correo\":\"pardoluz543@gmail.com\",\"edad\":\"36 o mas\",\"descuentos\":[\"turismo\",\"estudios\",\"gastronom\\u00eda\"],\"menbresia\":\"true\",\"concurso\":\"false\",\"recomendar\":\"true\",\"lugares_frecuentes\":\"Panama Este\",\"comentario\":\"Supermercados, farmacias, almacenes\"}','2023-04-13 16:45:06'),(1489,'{\"rating-2\":\"1\",\"dni_vendedor\":\"Vendedor #19\",\"Nombre\":\"Celmy\",\"Apellido\":\"Hines\",\"Cedula\":\"3-73372247\",\"Telefono\":\"62233533\",\"Correo\":\"celmy0418@gmail.com\",\"edad\":\"26 a 35\",\"descuentos\":[\"turismo\",\"salud\"],\"menbresia\":\"true\",\"concurso\":\"false\",\"recomendar\":\"true\",\"lugares_frecuentes\":\"Otros\",\"comentario\":\"No definido\"}','2023-04-13 16:56:27'),(1490,'{\"rating-2\":\"1\",\"dni_vendedor\":\"Vendedor #19\",\"Nombre\":\"Celmy\",\"Apellido\":\"Hines\",\"Cedula\":\"3-73372247\",\"Telefono\":\"62233533\",\"Correo\":\"celmy0418@gmail.com\",\"edad\":\"26 a 35\",\"descuentos\":[\"turismo\",\"salud\"],\"menbresia\":\"true\",\"concurso\":\"false\",\"recomendar\":\"true\",\"lugares_frecuentes\":\"Otros\",\"comentario\":\"No definido\"}','2023-04-13 16:56:27'),(1491,'{\"rating-2\":\"1\",\"dni_vendedor\":\"Vendedor #19\",\"Nombre\":\"Dayamed\",\"Apellido\":\"Mclean\",\"Cedula\":\"3-750-485\",\"Telefono\":\"69191257\",\"Correo\":\"mcleandayamed@gmail.com\",\"edad\":\"15 a 19\",\"descuentos\":[\"estudios\",\"diversion\",\"salud\"],\"menbresia\":\"true\",\"concurso\":\"false\",\"recomendar\":\"true\",\"lugares_frecuentes\":\"Otros\",\"comentario\":\"No definido\"}','2023-04-13 16:59:41'),(1492,'{\"rating-2\":\"1\",\"dni_vendedor\":\"Vendedor #7\",\"Nombre\":\"Daysi\",\"Apellido\":\"Villegas\",\"Cedula\":null,\"Telefono\":\"66418095\",\"Correo\":\"daysin21@gamil.com\",\"edad\":\"36 o mas\",\"descuentos\":[\"turismo\",\"gastronom\\u00eda\",\"salud\"],\"menbresia\":\"true\",\"concurso\":\"false\",\"recomendar\":\"true\",\"lugares_frecuentes\":\"Panama Este\",\"comentario\":\"Supermercados, farmacias, almacenes\"}','2023-04-13 20:37:43'),(1493,'{\"rating-2\":\"1\",\"dni_vendedor\":\"Vendedor #7\",\"Nombre\":\"Daysi\",\"Apellido\":\"Villegas\",\"Cedula\":null,\"Telefono\":\"66418095\",\"Correo\":\"daysin21@gamil.com\",\"edad\":\"36 o mas\",\"descuentos\":[\"turismo\",\"gastronom\\u00eda\",\"salud\"],\"menbresia\":\"true\",\"concurso\":\"false\",\"recomendar\":\"true\",\"lugares_frecuentes\":\"Panama Este\",\"comentario\":\"Supermercados, farmacias, almacenes\"}','2023-04-13 20:37:44'),(1494,'{\"rating-2\":\"1\",\"dni_vendedor\":\"Vendedor #7\",\"Nombre\":\"Gladys\",\"Apellido\":\"Perez\",\"Cedula\":null,\"Telefono\":\"69657470\",\"Correo\":\"perezgladys25@gmail.com\",\"edad\":\"36 o mas\",\"descuentos\":[\"gastronom\\u00eda\",\"salud\"],\"menbresia\":\"true\",\"concurso\":\"false\",\"recomendar\":\"true\",\"lugares_frecuentes\":\"Panama Este\",\"comentario\":\"Supermercados alamanes veterinarias\"}','2023-04-13 20:52:35'),(1495,'{\"rating-2\":\"1\",\"dni_vendedor\":\"Vendedor #7\",\"Nombre\":\"Gladys\",\"Apellido\":\"Perez\",\"Cedula\":null,\"Telefono\":\"69657470\",\"Correo\":\"perezgladys25@gmail.com\",\"edad\":\"36 o mas\",\"descuentos\":[\"gastronom\\u00eda\",\"salud\"],\"menbresia\":\"true\",\"concurso\":\"false\",\"recomendar\":\"true\",\"lugares_frecuentes\":\"Panama Este\",\"comentario\":\"Supermercados alamanes veterinarias\"}','2023-04-13 20:52:36'),(1496,'{\"rating-2\":\"1\",\"dni_vendedor\":\"Vendedor #7\",\"Nombre\":\"Nathaly\",\"Apellido\":\"Garcia\",\"Cedula\":null,\"Telefono\":\"64461545\",\"Correo\":\"nathaliegarcia1897@gmail.com\",\"edad\":\"15 a 19\",\"descuentos\":[\"turismo\",\"estudios\",\"salud\"],\"menbresia\":\"true\",\"concurso\":\"false\",\"recomendar\":\"true\",\"lugares_frecuentes\":\"Panama Este\",\"comentario\":\"Vetererinarias, almacenes, superca\"}','2023-04-13 21:04:41'),(1497,'{\"rating-2\":\"1\",\"dni_vendedor\":\"Vendedor #7\",\"Nombre\":\"Nathaly\",\"Apellido\":\"Garcia\",\"Cedula\":null,\"Telefono\":\"64461545\",\"Correo\":\"nathaliegarcia1897@gmail.com\",\"edad\":\"15 a 19\",\"descuentos\":[\"turismo\",\"estudios\",\"salud\"],\"menbresia\":\"true\",\"concurso\":\"false\",\"recomendar\":\"true\",\"lugares_frecuentes\":\"Panama Este\",\"comentario\":\"Vetererinarias, almacenes, superca\"}','2023-04-13 21:04:41'),(1498,'{\"rating-2\":\"1\",\"dni_vendedor\":\"Vendedor #7\",\"Nombre\":\"Maria\",\"Apellido\":\"Asprilla\",\"Cedula\":null,\"Telefono\":\"68376769\",\"Correo\":\"mariblue2105@gmail.com\",\"edad\":\"36 o mas\",\"descuentos\":[\"turismo\",\"gastronom\\u00eda\",\"salud\"],\"menbresia\":\"true\",\"concurso\":\"false\",\"recomendar\":\"true\",\"lugares_frecuentes\":\"Panama Este\",\"comentario\":\"Supermercados, farmacias, veterinarias\"}','2023-04-13 21:16:01'),(1499,'{\"rating-2\":\"1\",\"dni_vendedor\":\"Vendedor #7\",\"Nombre\":\"Maria\",\"Apellido\":\"Asprilla\",\"Cedula\":null,\"Telefono\":\"68376769\",\"Correo\":\"mariblue2105@gmail.com\",\"edad\":\"36 o mas\",\"descuentos\":[\"turismo\",\"gastronom\\u00eda\",\"salud\"],\"menbresia\":\"true\",\"concurso\":\"false\",\"recomendar\":\"true\",\"lugares_frecuentes\":\"Panama Este\",\"comentario\":\"Supermercados, farmacias, veterinarias\"}','2023-04-13 21:16:01'),(1500,'{\"rating-2\":\"1\",\"dni_vendedor\":\"Vendedor #7\",\"Nombre\":\"Mariela\",\"Apellido\":\"Garcia\",\"Cedula\":null,\"Telefono\":\"68992800\",\"Correo\":\"ttasportevargasgarcia23@gmail.com\",\"edad\":\"36 o mas\",\"descuentos\":[\"turismo\",\"estudios\",\"salud\"],\"menbresia\":\"true\",\"concurso\":\"false\",\"recomendar\":\"true\",\"lugares_frecuentes\":\"Panama Este\",\"comentario\":\"Supermercados, farmacias, veteriarana\"}','2023-04-13 21:25:13'),(1501,'{\"rating-2\":\"1\",\"dni_vendedor\":\"Vendedor #12\",\"Nombre\":\"Ruben\",\"Apellido\":\"Lozada\",\"Cedula\":null,\"Telefono\":\"65789848\",\"Correo\":\"rjl454xd@gmail.com\",\"edad\":\"36 o mas\",\"descuentos\":[\"turismo\",\"estudios\",\"diversion\"],\"menbresia\":\"true\",\"concurso\":\"false\",\"recomendar\":\"true\",\"lugares_frecuentes\":\"Otros\",\"comentario\":\"No definido\"}','2023-04-13 21:36:40'),(1502,'{\"rating-2\":\"1\",\"dni_vendedor\":\"Vendedor #7\",\"Nombre\":\"Iris\",\"Apellido\":\"Cede\\u00f1o\",\"Cedula\":null,\"Telefono\":\"69873522\",\"Correo\":\"anacristinairis@hotmail.com\",\"edad\":\"36 o mas\",\"descuentos\":[\"gastronom\\u00eda\",\"salud\"],\"menbresia\":\"true\",\"concurso\":\"false\",\"recomendar\":\"true\",\"lugares_frecuentes\":\"Panama Este\",\"comentario\":\"Farmacias, supermercados, almacenes\"}','2023-04-13 21:40:26'),(1503,'{\"rating-2\":\"1\",\"dni_vendedor\":\"Vendedor #12\",\"Nombre\":\"Mar\\u00eda Nicole\",\"Apellido\":\"Segundo\",\"Cedula\":null,\"Telefono\":\"64219099\",\"Correo\":\"segundomaria00@gmail.com\",\"edad\":\"15 a 19\",\"descuentos\":[\"turismo\",\"estudios\",\"salud\"],\"menbresia\":\"true\",\"concurso\":\"false\",\"recomendar\":\"true\",\"lugares_frecuentes\":\"Otros\",\"comentario\":\"No definido\"}','2023-04-13 21:43:32'),(1504,'{\"rating-2\":\"1\",\"dni_vendedor\":\"Vendedor #12\",\"Nombre\":\"Alexis\",\"Apellido\":\"Morales\",\"Cedula\":null,\"Telefono\":\"62679138\",\"Correo\":\"ajmr157@gmail.com\",\"edad\":\"15 a 19\",\"descuentos\":[\"turismo\",\"gastronom\\u00eda\",\"salud\"],\"menbresia\":\"true\",\"concurso\":\"false\",\"recomendar\":\"true\",\"lugares_frecuentes\":\"Otros\",\"comentario\":\"No definido\"}','2023-04-13 22:22:08'),(1505,'{\"rating-2\":\"1\",\"dni_vendedor\":\"Vendedor #12\",\"Nombre\":\"Georgeth\",\"Apellido\":\"Parfait\",\"Cedula\":null,\"Telefono\":\"62431474\",\"Correo\":\"parfaitgeorgeth@gmail.com\",\"edad\":\"18 o menos\",\"descuentos\":[\"estudios\",\"gastronom\\u00eda\",\"salud\"],\"menbresia\":\"true\",\"concurso\":\"false\",\"recomendar\":\"true\",\"lugares_frecuentes\":\"Otros\",\"comentario\":\"No definido\"}','2023-04-13 22:39:57'),(1506,'{\"rating-2\":\"1\",\"dni_vendedor\":\"Vendedor #12\",\"Nombre\":\"Arquimedes\",\"Apellido\":\"Campos\",\"Cedula\":null,\"Telefono\":\"62799830\",\"Correo\":\"tcamposm24@gmail.com\",\"edad\":\"36 o mas\",\"descuentos\":[\"estudios\",\"gastronom\\u00eda\",\"salud\"],\"menbresia\":\"true\",\"concurso\":\"false\",\"recomendar\":\"true\",\"newsletter\":\"acepto\",\"lugares_frecuentes\":\"Otros\",\"comentario\":\"No definido\"}','2023-04-13 23:14:12');

--
-- Table structure for table `comercio_oferta_clientes`
--

CREATE TABLE `comercio_oferta_clientes` (
  `id` bigint(20) unsigned NOT NULL AUTO_INCREMENT,
  `comercio_id` bigint(20) unsigned DEFAULT NULL,
  `client_id` bigint(20) unsigned DEFAULT NULL,
  `total` double(30,2) NOT NULL DEFAULT 0.00,
  `total_descuento` double(30,2) NOT NULL DEFAULT 0.00,
  `ofertas` text DEFAULT NULL,
  `created_at` timestamp NULL DEFAULT NULL,
  `updated_at` timestamp NULL DEFAULT NULL,
  `status` varchar(100) NOT NULL DEFAULT 'entregado',
  PRIMARY KEY (`id`),
  KEY `comercio_oferta_clientes_comercio_id_foreign` (`comercio_id`),
  KEY `comercio_oferta_clientes_client_id_foreign` (`client_id`),
  CONSTRAINT `comercio_oferta_clientes_client_id_foreign` FOREIGN KEY (`client_id`) REFERENCES `users` (`id`),
  CONSTRAINT `comercio_oferta_clientes_comercio_id_foreign` FOREIGN KEY (`comercio_id`) REFERENCES `users` (`id`)
) ENGINE=InnoDB AUTO_INCREMENT=13 DEFAULT CHARSET=utf8mb4 COLLATE=utf8mb4_unicode_ci;

--
-- Dumping data for table `comercio_oferta_clientes`
--

INSERT INTO `comercio_oferta_clientes` VALUES (1,9,7,1.00,10.00,'[]','2023-02-16 01:19:33','2023-02-16 01:19:33','entregado'),(2,9,7,1.00,10.00,'[2,5]','2023-03-09 17:30:44','2023-03-09 17:30:44','entregado'),(3,9,7,1.00,10.00,'[{\"id\":2,\"cantidad\":10},{\"id\":5,\"cantidad\":12}]','2023-03-10 23:13:31','2023-03-10 23:13:31','entregado'),(4,9,25,1.00,10.00,'[{\"id\":2,\"cantidad\":10},{\"id\":5,\"cantidad\":12}]','2023-03-14 18:41:36','2023-03-14 18:41:36','entregado'),(5,23,20,90.00,10.00,'[{\"id\":8,\"cantidad\":\"1\"}]','2023-03-14 19:29:05','2023-03-14 19:29:05','entregado'),(6,23,15,160.00,20.00,'[{\"id\":9,\"cantidad\":\"1\"}]','2023-03-14 19:53:03','2023-03-14 19:53:03','entregado'),(7,23,15,180.00,10.00,'[{\"id\":8,\"cantidad\":\"2\"}]','2023-03-16 21:06:03','2023-03-16 21:06:03','entregado'),(8,23,15,1800.00,10.00,'[{\"id\":8,\"cantidad\":\"20\"}]','2023-03-16 22:41:41','2023-03-16 22:41:41','entregado'),(9,48,44,1.00,10.00,'[{\"id\":10,\"cantidad\":1},{\"id\":14,\"cantidad\":1}]','2023-04-13 07:55:29','2023-04-13 07:55:29','entregado'),(10,NULL,44,1.00,10.00,'[]','2023-04-13 23:50:26','2023-04-13 23:50:26','entregado'),(11,48,44,1012.00,10.12,'[{\"id\":15,\"cantidad\":1},{\"id\":16,\"cantidad\":1},{\"id\":14,\"cantidad\":1}]','2023-04-14 18:50:25','2023-04-14 18:50:25','entregado'),(12,48,44,1012.00,10.12,'[{\"id\":14,\"cantidad\":1},{\"id\":15,\"cantidad\":2},{\"id\":16,\"cantidad\":1}]','2023-04-14 18:52:48','2023-04-14 18:52:48','entregado');

--
-- Table structure for table `empresa_data`
--

CREATE TABLE `empresa_data` (
  `id` bigint(20) unsigned NOT NULL AUTO_INCREMENT,
  `created_at` timestamp NULL DEFAULT NULL,
  `updated_at` timestamp NULL DEFAULT NULL,
  PRIMARY KEY (`id`)
) ENGINE=InnoDB DEFAULT CHARSET=utf8mb4 COLLATE=utf8mb4_unicode_ci;

--
-- Dumping data for table `empresa_data`
--


--
-- Table structure for table `failed_jobs`
--

CREATE TABLE `failed_jobs` (
  `id` bigint(20) unsigned NOT NULL AUTO_INCREMENT,
  `uuid` varchar(255) NOT NULL,
  `connection` text NOT NULL,
  `queue` text NOT NULL,
  `payload` longtext NOT NULL,
  `exception` longtext NOT NULL,
  `failed_at` timestamp NOT NULL DEFAULT current_timestamp(),
  PRIMARY KEY (`id`),
  UNIQUE KEY `failed_jobs_uuid_unique` (`uuid`)
) ENGINE=InnoDB DEFAULT CHARSET=utf8mb4 COLLATE=utf8mb4_unicode_ci;

--
-- Dumping data for table `failed_jobs`
--


--
-- Table structure for table `membresias`
--

CREATE TABLE `membresias` (
  `id` bigint(20) unsigned NOT NULL AUTO_INCREMENT,
  `created_at` timestamp NULL DEFAULT NULL,
  `updated_at` timestamp NULL DEFAULT NULL,
  `fecha_cobro` date DEFAULT NULL,
  `user_id` bigint(20) unsigned DEFAULT NULL,
  `membresia_id` bigint(20) unsigned DEFAULT NULL,
  `type` varchar(200) DEFAULT 'Prueba',
  PRIMARY KEY (`id`),
  KEY `membresias_user_id_foreign` (`user_id`),
  KEY `membresias_membresia_id_foreign` (`membresia_id`),
  CONSTRAINT `membresias_membresia_id_foreign` FOREIGN KEY (`membresia_id`) REFERENCES `price_membresias` (`id`),
  CONSTRAINT `membresias_user_id_foreign` FOREIGN KEY (`user_id`) REFERENCES `users` (`id`)
) ENGINE=InnoDB AUTO_INCREMENT=166 DEFAULT CHARSET=utf8mb4 COLLATE=utf8mb4_unicode_ci;

--
-- Dumping data for table `membresias`
--

INSERT INTO `membresias` VALUES (1,'2023-02-14 16:57:47','2023-04-22 01:23:54','2027-05-04',15,6,'Comprada'),(2,'2023-02-16 18:13:42','2023-04-21 23:45:18','2025-03-16',20,6,'Comprada'),(3,'2023-03-14 18:30:16','2023-03-14 18:30:16','2023-03-14',24,NULL,'Prueba'),(4,'2023-03-14 18:30:54','2023-03-16 21:52:07','2023-03-19',25,NULL,'Prueba'),(5,'2023-03-21 19:10:57','2023-03-21 19:10:57','2023-03-21',28,NULL,'Prueba'),(6,'2023-03-22 17:07:01','2023-03-22 17:08:24','2023-03-27',29,NULL,'Prueba'),(7,'2023-03-22 18:12:51','2023-03-28 20:39:14','2023-06-25',30,NULL,'Prueba'),(8,'2023-03-23 05:54:30','2023-03-23 05:54:30','2023-03-23',31,NULL,'Prueba'),(9,'2023-03-23 06:58:39','2023-03-23 06:58:39','2023-03-23',32,NULL,'Prueba'),(10,'2023-03-23 23:21:13','2023-03-23 23:21:13','2023-03-23',33,NULL,'Prueba'),(11,'2023-03-23 23:45:30','2023-03-23 23:45:30','2023-03-23',34,NULL,'Prueba'),(12,'2023-03-24 18:50:08','2023-03-24 18:50:08','2023-03-24',35,NULL,'Prueba'),(13,'2023-03-24 18:56:53','2023-03-24 18:56:53','2023-03-24',36,NULL,'Prueba'),(14,'2023-03-24 18:58:28','2023-03-24 18:58:28','2023-03-24',37,NULL,'Prueba'),(15,'2023-03-24 19:04:43','2023-03-24 19:04:43','2023-03-24',38,NULL,'Prueba'),(16,'2023-03-24 22:10:04','2023-03-24 22:10:04','2023-03-24',39,NULL,'Prueba'),(17,'2023-03-24 22:10:35','2023-03-24 22:10:35','2023-03-24',40,NULL,'Prueba'),(18,'2023-03-24 22:13:44','2023-03-24 22:13:44','2023-03-24',41,NULL,'Prueba'),(19,'2023-03-24 22:14:55','2023-03-24 22:14:55','2023-03-24',42,NULL,'Prueba'),(20,'2023-03-24 22:15:32','2023-03-24 22:15:32','2023-03-24',43,NULL,'Prueba'),(21,'2023-03-28 17:41:30','2023-03-29 01:26:02','2023-04-02',44,NULL,'Prueba'),(22,'2023-03-30 23:16:37','2023-03-30 23:16:37','2023-03-30',45,NULL,'Prueba'),(23,'2023-03-31 22:30:14','2023-03-31 22:30:33','2023-04-05',46,NULL,'Prueba'),(24,'2023-04-01 04:37:29','2023-04-01 04:37:29','2023-04-01',47,NULL,'Prueba'),(25,'2023-04-06 17:50:24','2023-05-08 21:23:08','2027-04-11',49,6,'Comprada'),(26,'2023-04-13 04:30:59','2023-04-13 04:30:59','2023-04-13',51,NULL,'permitir_gratuita'),(27,'2023-04-16 21:08:57','2023-04-16 21:08:57','2023-04-16',52,NULL,'permitir_gratuita'),(28,'2023-04-16 21:10:06','2023-04-16 21:10:06','2023-04-16',53,NULL,'permitir_gratuita'),(29,'2023-04-16 21:36:19','2023-04-16 21:36:19','2023-04-16',54,NULL,'permitir_gratuita'),(30,'2023-04-17 21:56:00','2023-04-17 21:56:00','2023-04-17',55,NULL,'permitir_gratuita'),(31,'2023-04-17 23:39:56','2023-04-17 23:39:56','2023-04-17',56,NULL,'permitir_gratuita'),(32,'2023-04-17 23:42:54','2023-04-17 23:42:54','2023-04-17',57,NULL,'permitir_gratuita'),(35,'2023-04-17 23:45:03','2023-04-17 23:45:03','2023-04-17',60,NULL,'permitir_gratuita'),(38,'2023-04-17 23:53:26','2023-04-17 23:53:26','2023-04-17',63,NULL,'permitir_gratuita'),(39,'2023-04-17 23:55:15','2023-04-17 23:55:15','2023-04-17',64,NULL,'permitir_gratuita'),(40,'2023-04-17 23:56:48','2023-04-17 23:56:48','2023-04-17',65,NULL,'permitir_gratuita'),(41,'2023-04-18 19:20:50','2023-04-18 19:20:50','2023-04-18',66,NULL,'permitir_gratuita'),(42,'2023-04-18 19:55:52','2023-04-21 23:11:09','2024-04-18',67,6,'Comprada'),(43,'2023-04-18 23:30:56','2023-04-18 23:30:56','2023-04-18',68,NULL,'permitir_gratuita'),(44,'2023-04-18 23:51:36','2023-04-18 23:51:36','2023-04-18',69,NULL,'permitir_gratuita'),(45,'2023-04-19 16:48:51','2023-04-19 16:48:51','2023-04-19',70,NULL,'permitir_gratuita'),(46,'2023-04-19 19:23:47','2023-04-19 19:28:55','2023-04-24',71,1,'Prueba'),(47,'2023-04-19 22:41:12','2023-04-19 22:41:53','2023-04-24',72,1,'Prueba'),(48,'2023-04-19 23:39:45','2023-04-19 23:40:38','2023-04-24',73,1,'Prueba'),(49,'2023-04-20 00:08:43','2023-04-20 00:08:59','2023-04-24',74,1,'Prueba'),(50,'2023-04-20 00:50:23','2023-04-20 00:50:29','2023-04-24',75,1,'Prueba'),(51,'2023-04-20 01:00:02','2023-04-20 01:03:39','2023-04-24',76,1,'Prueba'),(52,'2023-04-20 04:18:41','2023-04-20 22:05:07','2023-04-23',77,1,'Prueba'),(53,'2023-04-20 19:24:04','2023-04-20 19:27:53','2023-04-25',78,1,'Prueba'),(54,'2023-04-20 19:24:50','2023-04-25 18:48:18','2023-04-23',79,1,'Prueba'),(55,'2023-04-20 19:24:59','2023-04-21 18:00:53','2023-04-23',80,1,'Prueba'),(56,'2023-04-20 19:25:06','2023-04-22 22:47:20','2023-04-23',81,1,'Prueba'),(57,'2023-04-20 19:25:17','2023-04-20 19:25:17','2023-04-20',82,NULL,'permitir_gratuita'),(58,'2023-04-20 19:25:29','2023-04-20 19:25:29','2023-04-20',83,NULL,'permitir_gratuita'),(59,'2023-04-20 19:26:16','2023-04-20 19:27:41','2023-04-25',84,1,'Prueba'),(60,'2023-04-20 19:29:07','2023-04-20 19:29:07','2023-04-20',85,NULL,'permitir_gratuita'),(61,'2023-04-20 19:30:11','2023-04-26 17:16:42','2024-04-23',86,6,'Comprada'),(62,'2023-04-20 19:30:15','2023-04-21 23:50:16','2023-04-23',87,1,'Prueba'),(63,'2023-04-20 19:31:33','2023-04-20 19:31:33','2023-04-20',88,NULL,'permitir_gratuita'),(64,'2023-04-20 19:31:42','2023-04-22 00:01:10','2023-04-23',89,1,'Prueba'),(65,'2023-04-20 20:26:33','2023-04-20 23:01:20','2023-04-23',90,1,'Prueba'),(66,'2023-04-20 20:42:00','2023-04-21 04:34:51','2023-04-23',91,1,'Prueba'),(67,'2023-04-20 21:30:57','2023-04-20 21:31:51','2023-04-23',92,1,'Prueba'),(68,'2023-04-21 00:59:53','2023-04-22 00:54:17','2023-04-23',99,1,'Prueba'),(69,'2023-04-21 02:14:12','2023-04-21 02:14:12','2023-04-20',100,NULL,'permitir_gratuita'),(70,'2023-04-21 05:25:16','2023-04-22 02:43:41','2023-04-24',101,1,'Prueba'),(71,'2023-04-21 20:45:37','2023-04-21 21:06:20','2024-04-21',102,6,'Comprada'),(72,'2023-04-21 21:59:45','2023-04-21 22:03:38','2025-04-21',103,6,'Comprada'),(73,'2023-04-21 22:34:54','2023-04-22 00:01:22','2026-04-21',104,6,'Comprada'),(74,'2023-04-21 23:11:38','2023-04-22 00:26:50','2026-04-21',105,6,'Comprada'),(75,'2023-04-22 00:05:43','2023-04-22 00:05:58','2024-04-21',106,6,'Comprada'),(76,'2023-04-22 00:24:41','2023-04-22 00:27:30','2024-04-21',108,6,'Comprada'),(77,'2023-04-22 00:58:56','2023-04-22 00:59:51','2023-04-24',109,1,'Prueba'),(78,'2023-04-22 01:43:01','2023-04-22 01:43:01','2023-04-21',110,NULL,'permitir_gratuita'),(79,'2023-04-22 01:58:25','2023-04-22 01:58:25','2023-04-21',111,NULL,'permitir_gratuita'),(80,'2023-04-22 02:19:46','2023-04-22 02:19:46','2023-04-21',112,NULL,'permitir_gratuita'),(81,'2023-04-22 04:00:21','2023-04-22 05:51:31','2023-04-25',113,1,'Prueba'),(82,'2023-04-22 04:35:28','2023-04-22 04:35:28','2023-04-22',114,NULL,'permitir_gratuita'),(83,'2023-04-22 09:43:50','2023-04-22 09:43:58','2023-04-25',115,1,'Prueba'),(84,'2023-04-22 17:41:42','2023-04-22 17:48:27','2023-04-25',116,1,'Prueba'),(85,'2023-04-22 17:56:37','2023-04-22 17:56:37','2023-04-22',117,NULL,'permitir_gratuita'),(86,'2023-04-22 19:17:03','2023-04-22 19:17:03','2023-04-22',118,NULL,'permitir_gratuita'),(87,'2023-04-22 19:21:11','2023-04-22 19:45:07','2024-04-22',119,6,'Comprada'),(88,'2023-04-22 20:07:37','2023-04-22 20:14:26','2024-04-22',121,6,'Comprada'),(89,'2023-04-22 20:18:01','2023-04-22 20:18:01','2023-04-22',122,NULL,'permitir_gratuita'),(90,'2023-04-22 20:20:20','2023-04-22 20:20:20','2023-04-22',123,NULL,'permitir_gratuita'),(91,'2023-04-22 20:21:26','2023-04-22 20:28:00','2024-04-22',124,6,'Comprada'),(92,'2023-04-22 20:40:35','2023-04-22 20:43:59','2025-04-22',125,6,'Comprada'),(93,'2023-04-22 20:50:44','2023-04-22 22:15:30','2024-04-22',127,6,'Comprada'),(94,'2023-04-22 20:58:25','2023-04-22 21:26:01','2024-04-22',128,6,'Comprada'),(95,'2023-04-22 21:04:52','2023-04-28 18:27:41','2023-04-25',129,1,'Prueba'),(96,'2023-04-22 21:18:24','2023-04-22 22:30:28','2024-04-22',130,6,'Comprada'),(97,'2023-04-22 21:24:11','2023-04-22 22:30:35','2024-04-22',131,6,'Comprada'),(98,'2023-04-22 21:50:31','2023-04-22 21:52:19','2023-04-25',133,1,'Prueba'),(99,'2023-04-22 22:19:54','2023-04-22 23:44:11','2024-04-22',134,6,'Comprada'),(100,'2023-04-23 19:31:18','2023-04-23 19:31:18','2023-04-23',136,NULL,'permitir_gratuita'),(101,'2023-04-23 22:04:04','2023-04-24 01:33:03','2025-04-23',137,6,'Comprada'),(102,'2023-04-23 22:11:43','2023-04-23 22:11:43','2023-04-23',138,NULL,'permitir_gratuita'),(103,'2023-04-24 01:04:36','2023-04-24 01:06:25','2024-04-23',139,6,'Comprada'),(104,'2023-04-24 01:19:49','2023-04-24 01:20:55','2024-04-23',140,6,'Comprada'),(105,'2023-04-24 01:27:03','2023-04-24 01:28:17','2024-04-23',141,6,'Comprada'),(106,'2023-04-24 01:30:47','2023-04-24 01:36:04','2024-04-23',142,6,'Comprada'),(107,'2023-04-24 01:47:54','2023-05-01 02:58:11','2024-04-26',143,6,'Comprada'),(108,'2023-04-24 03:47:03','2023-04-24 03:48:04','2023-04-27',144,1,'Prueba'),(109,'2023-04-24 21:29:47','2023-04-24 23:34:53','2024-04-27',145,6,'Comprada'),(110,'2023-04-24 22:17:47','2023-04-24 22:19:38','2023-04-27',146,1,'Prueba'),(111,'2023-04-24 22:37:22','2023-04-24 23:50:16','2023-04-27',147,1,'Prueba'),(112,'2023-04-24 22:56:30','2023-04-24 22:57:11','2023-04-27',148,1,'Prueba'),(113,'2023-04-25 04:06:16','2023-04-25 04:29:11','2023-04-28',149,1,'Prueba'),(114,'2023-04-25 05:00:32','2023-04-25 05:00:32','2023-04-25',150,NULL,'permitir_gratuita'),(115,'2023-04-25 05:07:21','2023-04-25 05:07:40','2023-04-28',151,1,'Prueba'),(116,'2023-04-25 23:23:36','2023-04-25 23:24:03','2023-04-28',153,1,'Prueba'),(117,'2023-04-26 02:55:34','2023-04-26 17:01:50','2025-04-25',154,6,'Comprada'),(118,'2023-04-26 16:19:33','2023-04-26 17:16:28','2024-04-29',155,6,'Comprada'),(119,'2023-04-26 17:21:50','2023-04-26 17:21:50','2023-04-26',156,NULL,'permitir_gratuita'),(120,'2023-04-26 17:23:00','2023-04-26 17:23:00','2023-04-26',157,NULL,'permitir_gratuita'),(121,'2023-04-26 17:24:26','2023-04-26 17:24:26','2023-04-26',158,NULL,'permitir_gratuita'),(122,'2023-04-26 17:27:21','2023-04-26 17:27:21','2023-04-26',159,NULL,'permitir_gratuita'),(123,'2023-04-26 17:29:43','2023-04-26 17:29:43','2023-04-26',160,NULL,'permitir_gratuita'),(124,'2023-04-26 17:50:16','2023-04-26 17:50:16','2023-04-26',161,NULL,'permitir_gratuita'),(125,'2023-04-26 17:58:58','2023-04-26 17:58:58','2023-04-26',162,NULL,'permitir_gratuita'),(126,'2023-04-26 20:15:31','2023-04-26 20:15:31','2023-04-26',163,NULL,'permitir_gratuita'),(127,'2023-04-27 00:18:19','2023-04-27 01:20:52','2023-04-29',164,1,'Prueba'),(128,'2023-04-27 00:33:09','2023-04-27 00:34:05','2023-04-29',165,1,'Prueba'),(129,'2023-04-27 01:08:15','2023-04-27 01:09:47','2024-04-26',166,6,'Comprada'),(130,'2023-04-27 01:13:32','2023-04-27 01:15:53','2023-04-29',167,1,'Prueba'),(131,'2023-04-27 01:14:17','2023-04-27 01:14:17','2023-04-26',168,NULL,'permitir_gratuita'),(132,'2023-04-27 06:20:24','2023-04-28 07:52:50','2025-04-27',169,6,'Comprada'),(133,'2023-04-27 21:53:52','2023-04-27 22:11:34','2023-04-30',170,1,'Prueba'),(134,'2023-04-27 23:28:21','2023-04-27 23:34:24','2023-04-30',171,1,'Prueba'),(135,'2023-04-28 01:38:48','2023-04-28 01:44:08','2023-04-30',172,1,'Prueba'),(136,'2023-04-28 02:06:23','2023-04-28 02:06:23','2023-04-27',173,NULL,'permitir_gratuita'),(137,'2023-04-28 02:59:39','2023-04-28 02:59:39','2023-04-27',174,NULL,'permitir_gratuita'),(138,'2023-04-28 04:00:34','2023-04-28 07:53:05','2025-04-28',175,6,'Comprada'),(139,'2023-04-28 18:10:37','2023-04-28 18:20:16','2024-04-28',176,6,'Comprada'),(140,'2023-04-28 22:59:07','2023-04-28 23:02:16','2023-05-01',177,1,'Prueba'),(141,'2023-04-28 23:55:12','2023-04-28 23:55:26','2023-05-01',178,1,'Prueba'),(142,'2023-04-29 02:51:14','2023-04-29 02:51:14','2023-04-28',179,NULL,'permitir_gratuita'),(143,'2023-04-29 02:55:33','2023-04-29 02:59:18','2024-04-28',180,6,'Comprada'),(144,'2023-04-29 04:56:11','2023-04-29 05:48:15','2024-04-29',181,6,'Comprada'),(145,'2023-04-29 21:25:13','2023-04-29 21:26:35','2023-05-02',182,1,'Prueba'),(146,'2023-04-30 00:56:09','2023-04-30 00:58:00','2024-04-29',183,6,'Comprada'),(147,'2023-04-30 01:30:40','2023-04-30 01:32:00','2024-04-29',187,6,'Comprada'),(148,'2023-04-30 05:38:52','2023-04-30 05:40:25','2024-04-30',191,6,'Comprada'),(149,'2023-05-03 02:14:08','2023-05-03 02:14:08','2023-05-02',192,NULL,'permitir_gratuita'),(150,'2023-05-03 02:18:33','2023-05-03 02:18:33','2023-05-02',193,NULL,'permitir_gratuita'),(151,'2023-05-03 19:13:54','2023-05-03 19:14:46','2023-05-06',194,1,'Prueba'),(152,'2023-05-04 01:18:55','2023-05-04 01:18:55','2023-05-03',195,NULL,'permitir_gratuita'),(153,'2023-05-04 04:16:49','2023-05-04 04:18:05','2024-05-04',196,6,'Comprada'),(154,'2023-05-04 05:42:00','2023-05-04 05:42:00','2023-05-04',197,NULL,'permitir_gratuita'),(155,'2023-05-04 22:57:26','2023-05-04 22:57:26','2023-05-04',199,NULL,'permitir_gratuita'),(156,'2023-05-04 23:12:43','2023-05-04 23:23:44','2023-05-07',200,1,'Prueba'),(157,'2023-05-06 04:38:09','2023-05-06 04:41:06','2024-05-06',210,6,'Comprada'),(158,'2023-05-06 06:46:46','2023-05-06 06:46:46','2023-05-06',211,NULL,'permitir_gratuita'),(159,'2023-05-08 16:42:33','2023-05-08 17:35:17','2024-05-08',212,6,'Comprada'),(160,'2023-05-08 20:32:06','2023-05-08 20:32:06','2023-05-08',213,NULL,'permitir_gratuita'),(161,'2023-05-08 21:24:44','2023-05-08 21:26:17','2024-05-08',214,6,'Comprada'),(162,'2023-05-08 21:27:27','2023-05-08 21:28:00','2024-05-08',215,6,'Comprada'),(163,'2023-05-08 21:29:14','2023-05-08 21:30:02','2024-05-08',216,6,'Comprada'),(164,'2023-05-08 21:30:32','2023-05-08 21:31:01','2024-05-08',217,6,'Comprada'),(165,'2023-05-08 23:54:15','2023-05-08 23:54:15','2023-05-08',218,NULL,'permitir_gratuita');

--
-- Table structure for table `migrations`
--

CREATE TABLE `migrations` (
  `id` int(10) unsigned NOT NULL AUTO_INCREMENT,
  `migration` varchar(255) NOT NULL,
  `batch` int(11) NOT NULL,
  PRIMARY KEY (`id`)
) ENGINE=InnoDB AUTO_INCREMENT=46 DEFAULT CHARSET=utf8mb4 COLLATE=utf8mb4_unicode_ci;

--
-- Dumping data for table `migrations`
--

INSERT INTO `migrations` VALUES (1,'2014_10_11_000000_create_roles_table',1),(2,'2014_10_12_000000_create_users_table',1),(3,'2014_10_12_100000_create_password_resets_table',1),(4,'2019_08_19_000000_create_failed_jobs_table',1),(5,'2019_12_14_000001_create_personal_access_tokens_table',1),(6,'2023_01_17_154207_create_empresa_data_table',1),(7,'2023_01_17_154224_create_cliente_data_table',1),(8,'2023_01_17_154234_create_orders_table',1),(9,'2023_01_17_154310_create_membresias_table',1),(10,'2023_01_17_154350_create_notifies_table',1),(11,'2023_01_23_203715_user_recovery',2),(12,'2023_01_26_164333_add_timestap',3),(13,'2023_01_26_200645_add_order_data',4),(14,'2023_02_13_220533_add_data_user',4),(15,'2023_02_14_001629_add_data_membresia',5),(16,'2023_02_14_003743_add_user_notifies',5),(17,'2023_02_14_003844_create_payment_menbresias_table',5),(18,'2023_02_14_173628_create_price_membresias_table',6),(19,'2023_02_14_181019_create_ofertas_comercios_table',7),(20,'2023_02_14_213742_add_referencia_price_membresias',7),(21,'2023_02_15_111342_delete_data_price_membresias',8),(22,'2023_02_15_111919_delete_data_price_membresias_part2',9),(23,'2023_02_15_183707_create_comercio_oferta_clientes_table',10),(24,'2023_02_17_163014_add_data_payment_membresia',11),(25,'2023_03_06_150026_add_membresia_id_payment_membresia',12),(26,'2023_03_14_151911_add_code_users',13),(27,'2023_03_15_161407_add_status',14),(28,'2023_04_03_182659_create_noticias_table',15),(29,'2023_04_03_191506_add_image_noticias',16),(30,'2023_04_04_193151_add_type_membresia',17),(31,'2023_04_05_163911_img_url_add_user',18),(32,'2023_04_11_204236_add_img_url',18),(33,'2023_04_13_174423_ofertas_comercios_add_stock',19),(34,'2023_04_17_150710_add_img_payment_menbresias',20),(35,'2023_04_23_000808_add_datos_in_user_fecha_poliza',21),(36,'2023_04_23_014326_add_user_vendedor',22),(37,'2023_04_26_151737_add_links_noticias',23),(38,'2023_04_28_121145_add_maps_in_ofertas',24),(39,'2023_05_04_003225_create_provincias_table',25),(40,'2023_05_04_131125_create_noticias_informativas_table',26),(41,'2023_05_04_133602_create_noticias_pachamas_table',26),(42,'2023_05_04_181354_add_prioridad',27),(43,'2023_05_04_181355_add_prioridad',28),(44,'2023_05_04_183842_add_prioridad_ofertas',29),(45,'2023_05_05_131405_add_user_provincia',30);

--
-- Table structure for table `noticias`
--

CREATE TABLE `noticias` (
  `id` bigint(20) unsigned NOT NULL AUTO_INCREMENT,
  `titulo` varchar(250) NOT NULL DEFAULT '',
  `descripcion` text DEFAULT NULL,
  `categoria` varchar(100) NOT NULL DEFAULT 'Nuevo producto',
  `created_at` timestamp NULL DEFAULT NULL,
  `updated_at` timestamp NULL DEFAULT NULL,
  `img_url` text DEFAULT NULL,
  `links` text DEFAULT NULL,
  `prioridad` int(11) DEFAULT NULL,
  PRIMARY KEY (`id`)
) ENGINE=InnoDB AUTO_INCREMENT=30 DEFAULT CHARSET=utf8mb4 COLLATE=utf8mb4_unicode_ci;

--
-- Dumping data for table `noticias`
--

INSERT INTO `noticias` VALUES (24,'Casa Baby','En casa baby puedes encontrar todo lo que necesitas para tu bebé, con la mejor calidad y atención que te mereces.','Moda','2023-04-24 18:42:44','2023-05-04 21:47:33','https://app.form.phoenixtechsa.com//storage/images/notocias/2023_04_24//IkuoavSPgGQRlbazNKXT3yBXEa3Vt7xdSHrkiaky.jpg','{\"facebook\":null,\"instagram\":null,\"youtube\":null,\"web\":null}',8),(25,'',NULL,'Otros','2023-04-24 18:45:40','2023-05-04 21:48:14','https://app.form.phoenixtechsa.com//storage/images/notocias/2023_04_24//JKJvLFPWr2PrQTYLzWEDN0MvWZy7MU6x1cyyNQDe.jpg','{\"facebook\":\"a\",\"instagram\":null,\"youtube\":null,\"web\":null}',1),(26,'Rticcoolers','RTIC Coolers Panamá\r\nPremium coolers & drinkware','Nuevo producto','2023-05-03 21:07:55','2023-05-04 21:48:48','https://app.form.phoenixtechsa.com//storage/images/notocias/2023_05_03//QHHEm7eG53XPgTOmecMuFddsu96m0rx0STl7VMff.png','{\"facebook\":null,\"instagram\":\"https:\\/\\/www.instagram.com\\/rticcoolerspanama\\/?hl=es-la\",\"youtube\":null,\"web\":null}',2);

--
-- Table structure for table `noticias_informativas`
--

CREATE TABLE `noticias_informativas` (
  `id` bigint(20) unsigned NOT NULL AUTO_INCREMENT,
  `titulo` varchar(250) NOT NULL,
  `descripcion` text DEFAULT NULL,
  `img_url` text DEFAULT NULL,
  `created_at` timestamp NULL DEFAULT NULL,
  `updated_at` timestamp NULL DEFAULT NULL,
  PRIMARY KEY (`id`),
  UNIQUE KEY `noticias_informativas_titulo_unique` (`titulo`)
) ENGINE=InnoDB AUTO_INCREMENT=4 DEFAULT CHARSET=utf8mb4 COLLATE=utf8mb4_unicode_ci;

--
-- Dumping data for table `noticias_informativas`
--


--
-- Table structure for table `noticias_pachamas`
--

CREATE TABLE `noticias_pachamas` (
  `id` bigint(20) unsigned NOT NULL AUTO_INCREMENT,
  `titulo` varchar(250) NOT NULL,
  `descripcion` text DEFAULT NULL,
  `img_url` text DEFAULT NULL,
  `created_at` timestamp NULL DEFAULT NULL,
  `updated_at` timestamp NULL DEFAULT NULL,
  PRIMARY KEY (`id`),
  UNIQUE KEY `noticias_pachamas_titulo_unique` (`titulo`)
) ENGINE=InnoDB AUTO_INCREMENT=4 DEFAULT CHARSET=utf8mb4 COLLATE=utf8mb4_unicode_ci;

--
-- Dumping data for table `noticias_pachamas`
--


--
-- Table structure for table `notifies`
--

CREATE TABLE `notifies` (
  `id` bigint(20) unsigned NOT NULL AUTO_INCREMENT,
  `titulo` varchar(250) NOT NULL,
  `body` text DEFAULT NULL,
  `data` text DEFAULT NULL,
  `created_at` timestamp NULL DEFAULT NULL,
  `updated_at` timestamp NULL DEFAULT NULL,
  `user_id` bigint(20) unsigned DEFAULT NULL,
  PRIMARY KEY (`id`),
  KEY `notifies_user_id_foreign` (`user_id`),
  CONSTRAINT `notifies_user_id_foreign` FOREIGN KEY (`user_id`) REFERENCES `users` (`id`)
) ENGINE=InnoDB DEFAULT CHARSET=utf8mb4 COLLATE=utf8mb4_unicode_ci;

--
-- Dumping data for table `notifies`
--


--
-- Table structure for table `ofertas_comercios`
--

CREATE TABLE `ofertas_comercios` (
  `id` bigint(20) unsigned NOT NULL AUTO_INCREMENT,
  `img_array_url` text DEFAULT NULL,
  `price_total` double(30,2) NOT NULL DEFAULT 0.00,
  `descuento` double(30,2) NOT NULL DEFAULT 0.00,
  `description` text DEFAULT NULL,
  `nombre` varchar(250) NOT NULL,
  `fecha_tope_descuento` date DEFAULT NULL,
  `active` tinyint(1) NOT NULL DEFAULT 1,
  `comercio_id` bigint(20) unsigned DEFAULT NULL,
  `created_at` timestamp NULL DEFAULT NULL,
  `updated_at` timestamp NULL DEFAULT NULL,
  `stock` double(30,2) NOT NULL DEFAULT 0.00,
  `link_map` text DEFAULT NULL,
  `dir` varchar(250) NOT NULL,
  `prioridad` int(10) unsigned NOT NULL DEFAULT 0,
  PRIMARY KEY (`id`),
  UNIQUE KEY `ofertas_comercios_nombre_unique` (`nombre`),
  KEY `ofertas_comercios_comercio_id_foreign` (`comercio_id`),
  CONSTRAINT `ofertas_comercios_comercio_id_foreign` FOREIGN KEY (`comercio_id`) REFERENCES `users` (`id`)
) ENGINE=InnoDB AUTO_INCREMENT=53 DEFAULT CHARSET=utf8mb4 COLLATE=utf8mb4_unicode_ci;

--
-- Dumping data for table `ofertas_comercios`
--

INSERT INTO `ofertas_comercios` VALUES (25,'[\"https:\\/\\/res.cloudinary.com\\/phoenix-tech-sa\\/image\\/upload\\/v1682021477\\/tarjeta_joven\\/no5e4sdkst1khtsrqstq.jpg\"]',0.00,0.00,'20% de descuento en toda la tienda','Ropa Americana','2031-09-20',1,93,'2023-04-20 23:03:34','2023-05-05 19:01:19',0.00,'[{\"ubication\":\"Panam\\u00e1\",\"link\":\"https:\\/\\/goo.gl\\/maps\\/Mc2zwtHXtki1xZqN8\"}]','',5),(26,'[\"https:\\/\\/res.cloudinary.com\\/phoenix-tech-sa\\/image\\/upload\\/v1682024307\\/tarjeta_joven\\/hddrkl1mor8hh5zmlooq.png\"]',0.00,0.00,'- Consulta de cortesía\n- 20% de descuento en confección de receta\n- 20% al 30% en aros de marca\n- Consulta de oftalmología 50.00\n- Confección en el segundo par de lentes 25% de descuento','Optimax','2032-10-19',1,94,'2023-04-20 23:58:28','2023-05-05 19:00:08',0.00,'[{\"ubication\":\"Panam\\u00e1\",\"link\":\"https:\\/\\/goo.gl\\/maps\\/RXnw3wBahf5d1cmB8\"}]','',2),(27,'[\"https:\\/\\/res.cloudinary.com\\/phoenix-tech-sa\\/image\\/upload\\/v1682024770\\/tarjeta_joven\\/wmcf9xrjssvkntcdf3nh.png\"]',0.00,0.00,'Recibe un desde un 15% a 30% de descuento cursos de ingles.','Natural English','2033-10-11',1,95,'2023-04-21 00:05:46','2023-04-30 02:12:37',0.00,'[{\"ubication\":\"Panam\\u00e1\",\"link\":\"https:\\/\\/goo.gl\\/maps\\/RSVeq1Bguzrd6yJ87\"}]','',0),(28,'[\"https:\\/\\/res.cloudinary.com\\/phoenix-tech-sa\\/image\\/upload\\/v1682025361\\/tarjeta_joven\\/x7ynpeqynlvcak3oirla.png\"]',0.00,0.00,'- Consulta 7.50\n- 20% de descuento en laboratorios\n- 20% de descuento en servicios de enfermería\n- Electrocardiograma 20.00','Centro médico Anel II','2032-06-15',1,96,'2023-04-21 00:16:02','2023-04-30 02:11:48',0.00,'[{\"ubication\":\"Panam\\u00e1\",\"link\":\"https:\\/\\/goo.gl\\/maps\\/gbZZr8gXkSoHKjXP6\"}]','',0),(29,'[\"https:\\/\\/res.cloudinary.com\\/phoenix-tech-sa\\/image\\/upload\\/v1682026539\\/tarjeta_joven\\/jvlsvhmdfcoxxxk8we3l.png\"]',0.00,0.00,'25% de descuento y evaluación de cortesía gratis','Óptica Ibarra','2029-09-20',1,97,'2023-04-21 00:30:14','2023-04-30 02:10:10',0.00,'[{\"ubication\":\"Panam\\u00e1\",\"link\":\"https:\\/\\/goo.gl\\/maps\\/og3onf3g5McUSE9P9\"}]','',0),(30,'[\"https:\\/\\/res.cloudinary.com\\/phoenix-tech-sa\\/image\\/upload\\/v1682026963\\/tarjeta_joven\\/d5pgddpjdsje6lthzzwh.png\"]',0.00,0.00,'20% de descuento en anillos de graduación - joyas personalizadas - reparaciones','Koko Jewerly desing','2028-09-20',1,98,'2023-04-21 00:42:45','2023-04-30 02:09:07',0.00,'[{\"ubication\":\"Panam\\u00e1\",\"link\":\"https:\\/\\/goo.gl\\/maps\\/yfGB1PDj82iHDNN76\"}]','',0),(31,'[\"https:\\/\\/res.cloudinary.com\\/phoenix-tech-sa\\/image\\/upload\\/v1682112136\\/tarjeta_joven\\/dkqvjq0zdwbai3tnjmgz.png\"]',0.00,0.00,'-10% de descuento en ginecología y obstétrica\n-10 % ultrasonido ginecología','Ginecología','2023-11-21',1,107,'2023-04-22 00:22:18','2023-05-06 00:00:28',0.00,'[{\"ubication\":\"Chiriqu\\u00ed\",\"link\":\"https:\\/\\/goo.gl\\/maps\\/NwSoW63Ph1HPXY948\"}]','',2),(32,'[\"https:\\/\\/res.cloudinary.com\\/phoenix-tech-sa\\/image\\/upload\\/v1682181507\\/tarjeta_joven\\/zsz5nxo03o6ce2ydp5gj.png\"]',0.00,0.00,'-Paquete de 3 sesiones con un 15% de descuento-','Sesión de terapia a domicilio','2023-10-28',1,120,'2023-04-22 19:38:29','2023-05-05 23:00:02',0.00,'[{\"ubication\":\"Chorrera\",\"link\":null}]','',1),(34,'[\"https:\\/\\/res.cloudinary.com\\/phoenix-tech-sa\\/image\\/upload\\/v1682195875\\/tarjeta_joven\\/d7g568vqefoyvbvl8qxk.jpg\"]',0.00,0.00,'-15% de descuento con tu membresía-','Funeraria','2023-11-23',1,132,'2023-04-22 23:37:56','2023-04-30 02:15:22',0.00,'[{\"ubication\":\"Col\\u00f3n\",\"link\":\"https:\\/\\/goo.gl\\/maps\\/3Cgv1aSUhtyVXpR19\"}]','',0),(35,'[\"https:\\/\\/res.cloudinary.com\\/phoenix-tech-sa\\/image\\/upload\\/v1682196134\\/tarjeta_joven\\/xdcy50meqrzthpchxhfu.png\"]',0.00,0.00,'-10% en laboratorios, -5% en ultrasonidos, 5% tele consultas, -5% consultas domiciliarias, -5% en Consultas de Medicina General','Clínica','2023-10-23',1,135,'2023-04-22 23:42:16','2023-04-30 02:14:44',0.00,'[{\"ubication\":\"Chiriqu\\u00ed\",\"link\":\"https:\\/\\/goo.gl\\/maps\\/yHJbgrdEyp5rQaZL9\"}]','',0),(36,'[\"https:\\/\\/res.cloudinary.com\\/phoenix-tech-sa\\/image\\/upload\\/v1682807091\\/tarjeta_joven\\/rtucjqvbv7aow4apfz7k.jpg\"]',0.00,0.00,'-20% de descuento-','Dentis','2029-10-23',1,186,'2023-04-30 01:24:52','2023-05-05 19:25:02',0.00,'[{\"ubication\":\"Chorrera\",\"link\":\"https:\\/\\/goo.gl\\/maps\\/YDuda91TztM1Tst27\"}]','',3),(37,'[\"https:\\/\\/res.cloudinary.com\\/phoenix-tech-sa\\/image\\/upload\\/v1682808750\\/tarjeta_joven\\/tiadjwhph9gksa6msz9u.jpg\"]',0.00,0.00,'10% servicio completo (corte, barba y masacrilma)\n10% compra de productos','R- Torres Barber Shop','2031-09-29',1,184,'2023-04-30 01:52:31','2023-04-30 01:52:31',0.00,'[{\"ubication\":\"Panam\\u00e1\",\"link\":\"https:\\/\\/goo.gl\\/maps\\/iE38Eva2f1hTGyJb8\"}]','',0),(38,'[\"https:\\/\\/res.cloudinary.com\\/phoenix-tech-sa\\/image\\/upload\\/v1682808829\\/tarjeta_joven\\/mqr71dx46yhyhbn7f3qd.png\"]',0.00,0.00,'-15% de descuento de accesorios de celular\n5% de descuento en equipo de celular-','Cell Android','2027-09-29',1,185,'2023-04-30 01:53:51','2023-05-05 19:22:48',0.00,'[{\"ubication\":\"Chorrera\",\"link\":\"https:\\/\\/goo.gl\\/maps\\/hK8283ji2ngFWs4x6\"}]','',4),(39,'[\"https:\\/\\/res.cloudinary.com\\/phoenix-tech-sa\\/image\\/upload\\/v1682809137\\/tarjeta_joven\\/ddzuzogvw2bzgmtyuhbw.png\"]',0.00,0.00,'Examen de vista gratis \n30% de descuento en Mayo\nHasta el 15 de mayo Aro y receta 2x1','Óptica city visión, S.A:','2028-09-29',1,189,'2023-04-30 01:58:58','2023-04-30 01:58:58',0.00,'[{\"ubication\":\"Col\\u00f3n\",\"link\":\"https:\\/\\/goo.gl\\/maps\\/XTgw8Me2iQFsY2YW8\"}]','',0),(40,'[\"https:\\/\\/res.cloudinary.com\\/phoenix-tech-sa\\/image\\/upload\\/v1682809436\\/tarjeta_joven\\/umzenjsetbvgw4igrdh5.jpg\"]',0.00,0.00,'10% de descuento en servicios\nAsociado que inicie un plan de tratamiento analgésico, relajante y reductor 15% de descuento','Centro Lem','2029-09-29',1,190,'2023-04-30 02:03:57','2023-04-30 02:03:57',0.00,'[{\"ubication\":\"Chiriqu\\u00ed\",\"link\":\"https:\\/\\/goo.gl\\/maps\\/4BPeARyyYV5tuTJE9\"}]','',0),(41,'[\"https:\\/\\/res.cloudinary.com\\/phoenix-tech-sa\\/image\\/upload\\/v1683301430\\/tarjeta_joven\\/tc1tig69dag7hfaatfcp.jpg\"]',0.00,0.00,'-10% de descuento en pruebas de laboratorio locales, no aplica para otras promociones, ni descuentos y tampoco en pruebas internacionales-','Laboratorio clínico Sel lab','2025-05-05',1,198,'2023-05-05 18:43:52','2023-05-05 18:43:52',0.00,'[{\"ubication\":\"Chiriqu\\u00ed\",\"link\":\"https:\\/\\/goo.gl\\/maps\\/RRZ1K86iLxn4pSyQ8\"}]','',2),(44,'[\"https:\\/\\/res.cloudinary.com\\/phoenix-tech-sa\\/image\\/upload\\/v1683303539\\/tarjeta_joven\\/humaqzidgbbomnljez3j.jpg\"]',0.00,0.00,'-20% de descuento en medicina \"Lunes, Martes, Jueves, Viernes y Domingo\" & 25% Miércoles y Sábado \n20% en nutrientes (vitaminas y minerales) todos los días-','PharmaYes','2025-05-05',1,206,'2023-05-05 19:19:01','2023-05-05 19:19:01',0.00,'[{\"ubication\":\"Chorrera\",\"link\":\"https:\\/\\/goo.gl\\/maps\\/2RJE7Z4kTQeXwF1ZA\"}]','',1),(45,'[\"https:\\/\\/res.cloudinary.com\\/phoenix-tech-sa\\/image\\/upload\\/v1683314043\\/tarjeta_joven\\/wxjenhtnzcon4rxaji8e.jpg\"]',0.00,0.00,'-5 % de descuento a la hora de pagar tu hospedaje-','Cabañas Money','2024-05-05',1,207,'2023-05-05 22:14:05','2023-05-05 22:14:05',0.00,'[{\"ubication\":\"Cocl\\u00e9\",\"link\":null}]','',3),(46,'[\"https:\\/\\/res.cloudinary.com\\/phoenix-tech-sa\\/image\\/upload\\/v1683314254\\/tarjeta_joven\\/v30xhmssk4837tmg2d3x.jpg\"]',0.00,0.00,'-10% de descuento-','Centro Médico Los Andes','2023-05-05',1,201,'2023-05-05 22:17:36','2023-05-05 22:17:36',0.00,'[{\"ubication\":\"Panam\\u00e1\",\"link\":\"https:\\/\\/goo.gl\\/maps\\/vociX6vT581UFWEP9\"}]','',3),(47,'[\"https:\\/\\/res.cloudinary.com\\/phoenix-tech-sa\\/image\\/upload\\/v1683314408\\/tarjeta_joven\\/z1seqe1sx9ab7mufdar7.jpg\"]',0.00,0.00,'-15 % de descuento-','Clínica Balmoral','2025-05-05',1,152,'2023-05-05 22:20:10','2023-05-05 22:21:33',0.00,'[{\"ubication\":\"Panam\\u00e1\",\"link\":\"https:\\/\\/goo.gl\\/maps\\/77wfRavKQe6238Ht5\"}]','',3),(48,'[\"https:\\/\\/res.cloudinary.com\\/phoenix-tech-sa\\/image\\/upload\\/v1683315253\\/tarjeta_joven\\/inkh07ght0it1guf2pnc.jpg\"]',0.00,0.00,'-20% de descuento en limpieza-','Dental Clinic NG','2023-05-05',1,204,'2023-05-05 22:34:15','2023-05-05 22:34:15',0.00,'[{\"ubication\":\"Chorrera\",\"link\":\"https:\\/\\/goo.gl\\/maps\\/5ckktg6wztu8YPHC9\"}]','',4),(49,'[\"https:\\/\\/res.cloudinary.com\\/phoenix-tech-sa\\/image\\/upload\\/v1683315586\\/tarjeta_joven\\/hwen9tcqyjbmllomfa4w.jpg\"]',0.00,0.00,'- 20% de descuento en compra de gafas y lentes de sol-','Clínica Óptica De La Hoz','2024-05-05',1,205,'2023-05-05 22:39:47','2023-05-06 00:02:06',0.00,'[{\"ubication\":\"Chorrera\",\"link\":\"https:\\/\\/goo.gl\\/maps\\/fsm1VQti9VQkTGfV6\"}]','',3),(50,'[\"https:\\/\\/res.cloudinary.com\\/phoenix-tech-sa\\/image\\/upload\\/v1683316776\\/tarjeta_joven\\/kpkwwhormbn0ftyjtvcf.jpg\"]',0.00,0.00,'- 20% de descuento-','La Feria del Lente','2024-05-05',1,203,'2023-05-05 22:59:38','2023-05-05 22:59:38',0.00,'[{\"ubication\":\"Chorrera\",\"link\":\"https:\\/\\/goo.gl\\/maps\\/meM52ed1Eo8nbcG56\"}]','',3),(51,'[\"https:\\/\\/res.cloudinary.com\\/phoenix-tech-sa\\/image\\/upload\\/v1683317123\\/tarjeta_joven\\/ahxtz1ahusfc5bq0lloh.jpg\"]',0.00,0.00,'-10% en piezas a bordar, sublimar, personalizar al detal\n20% en piezas a bordar sublimar e serigrafía al por mayor (12) piezas en adelante\nAl solicitar de (24) piezas en adelante para bordar, sublimar o serigrafía el arte es Gratis-','Creaciones BordaGrim','2023-05-05',1,209,'2023-05-05 23:05:25','2023-05-05 23:05:25',0.00,'[{\"ubication\":\"Panam\\u00e1\",\"link\":null}]','',7),(52,'[\"https:\\/\\/res.cloudinary.com\\/phoenix-tech-sa\\/image\\/upload\\/v1683317628\\/tarjeta_joven\\/ug7uzwqnzxq1n1jxivfw.jpg\"]',0.00,0.00,'-30% descuento en laboratorios-','MediLab','2024-07-10',1,208,'2023-05-05 23:13:49','2023-05-05 23:13:49',0.00,'[{\"ubication\":\"Chorrera\",\"link\":\"https:\\/\\/goo.gl\\/maps\\/Rf1Kh5rSWHtK3hDn7\"}]','',6);

--
-- Table structure for table `orders`
--

CREATE TABLE `orders` (
  `id` bigint(20) unsigned NOT NULL AUTO_INCREMENT,
  `created_at` timestamp NULL DEFAULT NULL,
  `updated_at` timestamp NULL DEFAULT NULL,
  PRIMARY KEY (`id`)
) ENGINE=InnoDB DEFAULT CHARSET=utf8mb4 COLLATE=utf8mb4_unicode_ci;

--
-- Dumping data for table `orders`
--


--
-- Table structure for table `password_resets`
--

CREATE TABLE `password_resets` (
  `email` varchar(255) NOT NULL,
  `token` varchar(255) NOT NULL,
  `created_at` timestamp NULL DEFAULT NULL,
  KEY `password_resets_email_index` (`email`)
) ENGINE=InnoDB DEFAULT CHARSET=utf8mb4 COLLATE=utf8mb4_unicode_ci;

--
-- Dumping data for table `password_resets`
--


--
-- Table structure for table `payment_menbresias`
--

CREATE TABLE `payment_menbresias` (
  `id` bigint(20) unsigned NOT NULL AUTO_INCREMENT,
  `payment` double(30,2) NOT NULL DEFAULT 0.00,
  `user_id` bigint(20) unsigned DEFAULT NULL,
  `created_at` timestamp NULL DEFAULT NULL,
  `updated_at` timestamp NULL DEFAULT NULL,
  `referencia` varchar(250) DEFAULT NULL,
  `verificado` tinyint(1) NOT NULL DEFAULT 1,
  `membresia_id` bigint(20) unsigned DEFAULT NULL,
  `img_url` text DEFAULT NULL,
  PRIMARY KEY (`id`),
  KEY `payment_menbresias_user_id_foreign` (`user_id`),
  KEY `payment_menbresias_membresia_id_foreign` (`membresia_id`),
  CONSTRAINT `payment_menbresias_membresia_id_foreign` FOREIGN KEY (`membresia_id`) REFERENCES `membresias` (`id`),
  CONSTRAINT `payment_menbresias_user_id_foreign` FOREIGN KEY (`user_id`) REFERENCES `users` (`id`)
) ENGINE=InnoDB AUTO_INCREMENT=111 DEFAULT CHARSET=utf8mb4 COLLATE=utf8mb4_unicode_ci;

--
-- Dumping data for table `payment_menbresias`
--

INSERT INTO `payment_menbresias` VALUES (7,9.99,102,'2023-04-21 21:03:38','2023-04-21 21:03:38','yappy_success',0,6,NULL),(9,9.99,103,'2023-04-21 22:00:00','2023-04-21 22:00:00','yappy_success',1,6,NULL),(10,9.99,49,'2023-04-21 22:03:04','2023-04-21 22:03:04','yappy_success',1,6,NULL),(11,9.99,103,'2023-04-21 22:03:38','2023-04-21 22:03:38','yappy_success',1,6,NULL),(12,9.99,49,'2023-04-21 22:06:58','2023-04-22 00:34:11','yappy_success',1,6,NULL),(13,9.99,104,'2023-04-21 22:35:08','2023-04-21 22:35:08','yappy_success',1,6,NULL),(14,9.99,104,'2023-04-21 22:38:08','2023-04-21 22:38:08','yappy_success',1,6,NULL),(15,9.99,67,'2023-04-21 23:11:09','2023-04-21 23:11:09','yappy_success',1,6,NULL),(16,9.99,20,'2023-04-21 23:16:06','2023-04-21 23:16:06','yappy_success',1,6,NULL),(17,9.99,105,'2023-04-21 23:20:10','2023-04-21 23:20:10','yappy_success',1,6,NULL),(18,9.99,105,'2023-04-21 23:21:03','2023-04-21 23:21:03','yappy_success',1,6,NULL),(19,9.99,20,'2023-04-21 23:45:18','2023-04-21 23:45:18','yappy_success',1,6,NULL),(20,9.99,104,'2023-04-22 00:01:22','2023-04-22 00:01:22','yappy_success',1,6,NULL),(21,9.99,106,'2023-04-22 00:05:58','2023-04-22 00:05:58','yappy_success',1,6,NULL),(22,100.00,105,'2023-04-22 00:26:50','2023-04-22 00:26:50','xxxx-xxx-xxx',1,1,NULL),(23,100.00,108,'2023-04-22 00:27:30','2023-04-22 00:27:30','xxxx-xxx-xxx',1,1,NULL),(24,9.99,108,'2023-04-22 01:20:10','2023-04-22 01:20:10','yappy_success',0,6,NULL),(25,9.99,108,'2023-04-22 01:21:30','2023-04-22 01:21:30','yappy_success',0,6,NULL),(26,9.99,108,'2023-04-22 01:32:12','2023-04-22 01:32:12','yappy_success',0,6,NULL),(27,9.99,108,'2023-04-22 01:43:12','2023-04-22 01:43:12','yappy_success',0,6,NULL),(28,9.99,108,'2023-04-22 01:43:30','2023-04-22 01:43:30','yappy_success',0,6,NULL),(29,9.99,108,'2023-04-22 02:20:47','2023-04-22 02:20:47','yappy_success',0,6,NULL),(30,9.99,108,'2023-04-22 03:30:10','2023-04-22 03:30:10','yappy_success',0,6,NULL),(31,9.99,108,'2023-04-22 04:30:55','2023-04-22 04:30:55','yappy_success',0,6,NULL),(32,9.99,108,'2023-04-22 16:32:20','2023-04-22 16:32:20','yappy_success',0,6,NULL),(33,9.99,108,'2023-04-22 19:21:57','2023-04-22 19:21:57','yappy_success',0,6,NULL),(34,9.99,119,'2023-04-22 19:45:07','2023-04-22 19:45:07','xxxx-xxx-xxx',1,1,NULL),(35,9.99,108,'2023-04-22 19:49:30','2023-04-22 19:49:30','yappy_success',0,6,NULL),(36,9.99,108,'2023-04-22 19:49:34','2023-04-22 19:49:34','yappy_success',0,6,NULL),(37,9.99,108,'2023-04-22 19:51:20','2023-04-22 19:51:20','yappy_success',0,6,NULL),(38,9.99,108,'2023-04-22 19:52:33','2023-04-22 19:52:33','yappy_success',0,6,NULL),(39,9.99,108,'2023-04-22 19:55:22','2023-04-22 19:55:22','yappy_success',0,NULL,NULL),(40,9.99,20,'2023-04-22 19:58:57','2023-04-22 19:58:57','yappy_success',0,6,NULL),(41,9.99,121,'2023-04-22 20:07:49','2023-04-22 20:14:26','yappy_success',1,6,NULL),(42,9.99,124,'2023-04-22 20:21:34','2023-04-22 20:28:00','yappy_success',1,6,NULL),(43,9.99,125,'2023-04-22 20:40:43','2023-04-22 20:43:59','yappy_success',1,6,NULL),(44,9.99,128,'2023-04-22 20:58:44','2023-04-22 21:26:01','yappy_success',1,6,NULL),(45,9.99,127,'2023-04-22 22:05:27','2023-04-22 22:05:27','yappy_success',0,6,NULL),(46,9.99,127,'2023-04-22 22:09:43','2023-04-22 22:15:30','yappy_success',1,6,NULL),(47,9.99,134,'2023-04-22 22:20:12','2023-04-22 23:44:11','yappy_success',1,6,NULL),(48,9.99,130,'2023-04-22 22:21:21','2023-04-22 22:30:28','yappy_success',1,6,NULL),(49,9.99,131,'2023-04-22 22:23:51','2023-04-22 22:30:35','yappy_success',1,6,NULL),(50,9.99,131,'2023-04-22 22:28:50','2023-04-22 22:28:50','yappy_success',0,6,NULL),(51,9.99,83,'2023-04-23 03:24:51','2023-04-23 03:24:51','yappy_success',0,6,NULL),(52,9.99,137,'2023-04-23 22:04:50','2023-04-24 01:33:03','yappy_success',1,6,NULL),(53,9.99,139,'2023-04-24 01:05:18','2023-04-24 01:06:25','yappy_success',1,6,NULL),(54,9.99,140,'2023-04-24 01:20:12','2023-04-24 01:20:56','yappy_success',1,6,NULL),(55,9.99,141,'2023-04-24 01:27:30','2023-04-24 01:28:17','yappy_success',1,6,NULL),(56,9.99,142,'2023-04-24 01:34:12','2023-04-24 01:36:04','yappy_success',1,6,NULL),(57,9.99,145,'2023-04-24 21:33:29','2023-04-24 23:34:53','yappy_success',1,6,NULL),(58,9.99,145,'2023-04-24 22:07:49','2023-04-24 22:07:49','yappy_success',0,6,NULL),(59,9.99,49,'2023-04-25 02:14:53','2023-04-25 02:14:53','yappy_success',0,6,NULL),(60,9.99,154,'2023-04-26 02:55:52','2023-04-26 17:01:50','yappy_success',1,6,NULL),(61,9.99,155,'2023-04-26 16:19:53','2023-04-26 17:16:28','yappy_success',1,6,NULL),(62,9.99,86,'2023-04-26 16:41:48','2023-04-26 17:16:42','yappy_success',1,6,NULL),(63,9.99,86,'2023-04-26 16:41:52','2023-04-26 16:41:52','yappy_success',0,6,NULL),(64,9.99,163,'2023-04-26 20:15:40','2023-04-26 20:15:40','yappy_success',0,6,NULL),(65,9.99,166,'2023-04-27 01:08:35','2023-04-27 01:09:47','yappy_success',1,6,NULL),(66,9.99,169,'2023-04-27 06:20:54','2023-04-28 07:52:50','yappy_success',1,6,NULL),(67,9.99,171,'2023-04-27 23:29:07','2023-04-27 23:29:07','yappy_success',0,6,NULL),(68,9.99,175,'2023-04-28 04:00:52','2023-04-28 07:53:05','yappy_success',1,6,NULL),(69,9.99,176,'2023-04-28 18:12:04','2023-04-28 18:12:04','yappy_success',0,6,NULL),(70,9.99,176,'2023-04-28 18:14:25','2023-04-28 18:14:25','yappy_success',0,6,NULL),(71,9.99,176,'2023-04-28 18:16:47','2023-04-28 18:16:47','yappy_success',0,6,NULL),(72,9.99,176,'2023-04-28 18:18:25','2023-04-28 18:20:16','yappy_success',1,6,NULL),(73,9.99,101,'2023-04-28 21:07:09','2023-04-28 21:07:09','yappy_success',0,6,NULL),(74,9.99,179,'2023-04-29 02:51:28','2023-04-29 02:51:28','yappy_success',0,6,NULL),(75,9.99,179,'2023-04-29 02:55:27','2023-04-29 02:55:27','yappy_success',0,6,NULL),(76,9.99,180,'2023-04-29 02:55:59','2023-04-29 02:59:18','yappy_success',1,6,NULL),(77,9.99,179,'2023-04-29 03:17:28','2023-04-29 03:17:28','yappy_success',0,6,NULL),(78,9.99,179,'2023-04-29 03:56:40','2023-04-29 03:56:40','yappy_success',0,6,NULL),(79,9.99,181,'2023-04-29 04:56:27','2023-04-29 05:48:15','yappy_success',1,6,NULL),(80,9.99,20,'2023-04-29 14:29:10','2023-04-29 14:29:10','yappy_success',0,6,NULL),(81,9.99,183,'2023-04-30 00:56:54','2023-04-30 00:58:01','yappy_success',1,6,NULL),(82,9.99,187,'2023-04-30 01:30:52','2023-04-30 01:32:00','yappy_success',1,6,NULL),(83,9.99,143,'2023-04-30 05:19:51','2023-05-01 02:58:11','yappy_success',1,6,NULL),(84,9.99,191,'2023-04-30 05:39:06','2023-04-30 05:40:25','yappy_success',1,6,NULL),(85,9.99,44,'2023-05-03 00:51:04','2023-05-03 00:51:04','yappy_success',0,6,NULL),(86,9.99,196,'2023-05-04 04:17:12','2023-05-04 04:18:05','yappy_success',1,6,NULL),(87,9.99,49,'2023-05-04 05:32:18','2023-05-04 05:32:18','yappy_success',0,6,NULL),(88,9.99,197,'2023-05-04 05:42:16','2023-05-04 05:42:16','yappy_success',0,6,NULL),(89,9.99,197,'2023-05-04 14:12:55','2023-05-04 14:12:55','yappy_success',0,6,NULL),(90,9.99,197,'2023-05-04 16:06:18','2023-05-04 16:06:18','yappy_success',0,6,NULL),(91,9.99,197,'2023-05-04 16:09:53','2023-05-04 16:09:53','yappy_success',0,6,NULL),(92,9.99,44,'2023-05-04 18:56:56','2023-05-04 18:56:56','yappy_success',0,6,NULL),(93,9.99,20,'2023-05-05 02:38:27','2023-05-05 02:38:27','yappy_success',0,6,NULL),(94,9.99,20,'2023-05-05 19:52:43','2023-05-05 19:52:43','yappy_success',0,6,NULL),(95,9.99,210,'2023-05-06 04:39:36','2023-05-06 04:41:06','yappy_success',1,6,NULL),(96,9.99,150,'2023-05-08 04:43:44','2023-05-08 04:43:44','yappy_success',0,6,NULL),(97,9.99,89,'2023-05-08 15:57:14','2023-05-08 15:57:14','yappy_success',0,6,NULL),(98,9.99,89,'2023-05-08 16:00:35','2023-05-08 16:00:35','yappy_success',0,6,NULL),(99,9.99,49,'2023-05-08 16:16:27','2023-05-08 21:23:08','yappy_success',1,6,NULL),(100,9.99,212,'2023-05-08 16:43:30','2023-05-08 16:43:30','yappy_success',0,6,NULL),(101,9.99,89,'2023-05-08 16:43:40','2023-05-08 16:43:40','yappy_success',0,6,NULL),(102,9.99,89,'2023-05-08 16:43:47','2023-05-08 16:43:47','yappy_success',0,6,NULL),(103,9.99,89,'2023-05-08 16:44:20','2023-05-08 16:44:20','yappy_success',0,6,NULL),(104,9.99,212,'2023-05-08 16:47:50','2023-05-08 17:35:17','yappy_success',1,6,NULL),(105,9.99,212,'2023-05-08 16:51:43','2023-05-08 16:51:43','yappy_success',0,6,NULL),(106,9.99,212,'2023-05-08 16:54:35','2023-05-08 16:54:35','yappy_success',0,6,NULL),(107,9.99,214,'2023-05-08 21:25:02','2023-05-08 21:26:17','yappy_success',1,6,NULL),(108,9.99,215,'2023-05-08 21:27:49','2023-05-08 21:28:01','yappy_success',1,6,NULL),(109,9.99,216,'2023-05-08 21:29:50','2023-05-08 21:30:03','yappy_success',1,6,NULL),(110,9.99,217,'2023-05-08 21:30:49','2023-05-08 21:31:02','yappy_success',1,6,NULL);

--
-- Table structure for table `personal_access_tokens`
--

CREATE TABLE `personal_access_tokens` (
  `id` bigint(20) unsigned NOT NULL AUTO_INCREMENT,
  `tokenable_type` varchar(255) NOT NULL,
  `tokenable_id` bigint(20) unsigned NOT NULL,
  `name` varchar(255) NOT NULL,
  `token` varchar(64) NOT NULL,
  `abilities` text DEFAULT NULL,
  `last_used_at` timestamp NULL DEFAULT NULL,
  `created_at` timestamp NULL DEFAULT NULL,
  `updated_at` timestamp NULL DEFAULT NULL,
  PRIMARY KEY (`id`),
  UNIQUE KEY `personal_access_tokens_token_unique` (`token`),
  KEY `personal_access_tokens_tokenable_type_tokenable_id_index` (`tokenable_type`,`tokenable_id`)
) ENGINE=InnoDB DEFAULT CHARSET=utf8mb4 COLLATE=utf8mb4_unicode_ci;

--
-- Dumping data for table `personal_access_tokens`
--


--
-- Table structure for table `price_membresias`
--

CREATE TABLE `price_membresias` (
  `id` bigint(20) unsigned NOT NULL AUTO_INCREMENT,
  `price` double(30,2) NOT NULL DEFAULT 0.00,
  `name` varchar(100) NOT NULL,
  `created_at` timestamp NULL DEFAULT NULL,
  `updated_at` timestamp NULL DEFAULT NULL,
  `membresia_id` bigint(20) unsigned DEFAULT NULL,
  PRIMARY KEY (`id`),
  UNIQUE KEY `price_membresias_name_unique` (`name`),
  KEY `price_membresias_membresia_id_foreign` (`membresia_id`),
  CONSTRAINT `price_membresias_membresia_id_foreign` FOREIGN KEY (`membresia_id`) REFERENCES `membresias` (`id`)
) ENGINE=InnoDB AUTO_INCREMENT=9 DEFAULT CHARSET=utf8mb4 COLLATE=utf8mb4_unicode_ci;

--
-- Dumping data for table `price_membresias`
--

INSERT INTO `price_membresias` VALUES (1,0.00,'Membresia 5 Días','2023-02-14 20:58:14','2023-03-01 23:53:02',NULL),(6,9.99,'Membresia anual','2023-02-15 17:57:34','2023-04-20 20:34:20',NULL);

--
-- Table structure for table `provincias`
--

CREATE TABLE `provincias` (
  `id` bigint(20) unsigned NOT NULL AUTO_INCREMENT,
  `name` varchar(100) NOT NULL,
  `created_at` timestamp NULL DEFAULT NULL,
  `updated_at` timestamp NULL DEFAULT NULL,
  PRIMARY KEY (`id`),
  UNIQUE KEY `provincias_name_unique` (`name`)
) ENGINE=InnoDB AUTO_INCREMENT=14 DEFAULT CHARSET=utf8mb4 COLLATE=utf8mb4_unicode_ci;

--
-- Dumping data for table `provincias`
--

INSERT INTO `provincias` VALUES (2,'Colón','2023-05-04 04:48:42','2023-05-04 04:48:42'),(3,'Panamá','2023-05-04 04:51:52','2023-05-04 04:51:52'),(4,'Chiriquí','2023-05-04 04:52:01','2023-05-04 04:52:01'),(5,'Chorrera','2023-05-04 04:52:07','2023-05-04 04:52:07'),(6,'Los Santos','2023-05-04 04:52:28','2023-05-04 04:52:28'),(7,'Herrera','2023-05-04 04:52:35','2023-05-04 04:52:35'),(8,'Bocas del toro','2023-05-04 04:52:43','2023-05-04 04:52:43'),(9,'Darien','2023-05-04 04:52:50','2023-05-04 04:52:50'),(10,'Veraguas','2023-05-04 04:52:57','2023-05-04 04:52:57'),(11,'Coclé','2023-05-04 04:53:03','2023-05-04 04:53:03'),(13,'','2023-05-04 17:04:27','2023-05-04 17:04:27');

--
-- Table structure for table `roles`
--

CREATE TABLE `roles` (
  `id` bigint(20) unsigned NOT NULL AUTO_INCREMENT,
  `name` varchar(150) NOT NULL,
  `created_at` timestamp NULL DEFAULT NULL,
  `updated_at` timestamp NULL DEFAULT NULL,
  PRIMARY KEY (`id`),
  UNIQUE KEY `roles_name_unique` (`name`)
) ENGINE=InnoDB AUTO_INCREMENT=4 DEFAULT CHARSET=utf8mb4 COLLATE=utf8mb4_unicode_ci;

--
-- Dumping data for table `roles`
--

INSERT INTO `roles` VALUES (1,'admin','2023-01-17 20:00:50','2023-01-17 20:00:50'),(2,'empresa','2023-01-17 20:00:50','2023-01-17 20:00:50'),(3,'cliente','2023-01-17 20:00:50','2023-01-17 20:00:50');

--
-- Table structure for table `users`
--

CREATE TABLE `users` (
  `id` bigint(20) unsigned NOT NULL AUTO_INCREMENT,
  `name` varchar(255) NOT NULL,
  `email` varchar(255) NOT NULL,
  `email_verified_at` timestamp NULL DEFAULT NULL,
  `password` varchar(255) NOT NULL,
  `active` tinyint(1) NOT NULL DEFAULT 0,
  `role_id` bigint(20) unsigned DEFAULT NULL,
  `remember_token` varchar(100) DEFAULT NULL,
  `created_at` timestamp NULL DEFAULT NULL,
  `updated_at` timestamp NULL DEFAULT NULL,
  `recovery_cod` varchar(10) DEFAULT NULL,
  `phone` varchar(30) DEFAULT NULL,
  `last_name` varchar(100) DEFAULT NULL,
  `sex` tinyint(1) NOT NULL DEFAULT 0,
  `address` varchar(250) DEFAULT NULL,
  `code` varchar(100) DEFAULT NULL,
  `img_url` text DEFAULT NULL,
  `dni` varchar(100) DEFAULT NULL,
  `fecha_nacimiento` date DEFAULT NULL,
  `beneficiario_poliza_name` varchar(200) DEFAULT NULL,
  `beneficiario_poliza_cedula` varchar(200) DEFAULT NULL,
  `vendedor` varchar(100) DEFAULT NULL,
  `provincia` varchar(250) DEFAULT NULL,
  PRIMARY KEY (`id`),
  UNIQUE KEY `users_email_unique` (`email`),
  KEY `users_role_id_foreign` (`role_id`),
  CONSTRAINT `users_role_id_foreign` FOREIGN KEY (`role_id`) REFERENCES `roles` (`id`)
) ENGINE=InnoDB AUTO_INCREMENT=219 DEFAULT CHARSET=utf8mb4 COLLATE=utf8mb4_unicode_ci;

--
-- Dumping data for table `users`
--

INSERT INTO `users` VALUES (2,'admin124','admin@gmail.com',NULL,'$2y$10$v.DLXeRcAxVAuLRTiZiRcuoxhZPZjTl8Z4.aM4q1m6bVqOCt4Ie.C',0,1,NULL,'2023-01-17 20:14:09','2023-04-26 02:54:05','717263',NULL,'asas',2,NULL,'2-9472','https://app.form.phoenixtechsa.com//storage/images/users/2023_04_25//kRd3uYv8NtkcR6Z01Dwvw3QtUdilsJxC8yEmLpuK.png',NULL,NULL,NULL,NULL,NULL,NULL),(4,'mau2','correo@gmail.com',NULL,'$2y$10$OvtB9RDT/6jF9SwgHkHVCe08EBVssdzb2qchIls7WLSrbhVsD7i32',0,1,NULL,'2023-01-18 00:42:22','2023-03-14 18:50:41',NULL,NULL,NULL,0,NULL,'4-5970',NULL,NULL,NULL,NULL,NULL,NULL,NULL),(6,'oscar','desarrollalllldormau2@gmail.com',NULL,'$2y$10$/EtWJ4ojO.U2M5Nrc6ldcenDlomBf/pv.8Y72SljgxX5/A4ffqaQe',1,1,NULL,'2023-01-19 21:21:09','2023-04-13 04:45:02',NULL,'04145394567','reyes',1,'example','6-2942',NULL,NULL,NULL,NULL,NULL,NULL,NULL),(7,'Cliente','cliente@gmail.com',NULL,'$2y$10$IRYf7Md/ms.24coJ69.9ceFEM/eo4tEB./y1Oz.Xb/HPjj/DuGjlW',0,3,NULL,'2023-01-23 19:02:59','2023-04-04 18:08:49',NULL,NULL,'test',0,NULL,'7-2839',NULL,NULL,NULL,NULL,NULL,NULL,NULL),(9,'Cliente test uno','client@yopmail.com',NULL,'$2y$10$MRs7VHJAgBsGBbVYGZODXO.uC1FUcT0gzLv8r1RfJAy8d3zO8yEsK',0,2,NULL,'2023-02-11 07:37:52','2023-03-14 18:50:41','3459954',NULL,'Test',0,NULL,'9-8523',NULL,NULL,NULL,NULL,NULL,NULL,NULL),(13,'oscar','desarrolladormau2@gmail.com',NULL,'$2y$10$5JSM/rrAG1RR0KWWE.fI3emNUtaaVlhvKvN9jiK6cib2fq3ctUnnu',0,1,NULL,'2023-02-14 02:14:43','2023-03-14 18:50:41',NULL,'04145394567','reyes',1,'example','13-3008',NULL,NULL,NULL,NULL,NULL,NULL,NULL),(15,'Carlos','correotest@gmail.com',NULL,'$2y$10$F7aORBlez8NTH/O..Zq9Eu8YhiS4m1tvZf6BAg/pURITIAktKhROC',0,3,NULL,'2023-02-14 16:57:47','2023-03-16 18:06:06','5749100','+581231231','Torres',1,'Calle luna, avenida quinta','15-4916',NULL,NULL,NULL,NULL,NULL,NULL,NULL),(19,'asdasd','asda@gmail.com',NULL,'$2y$10$PmXSr7qTt36.uBtNiX1kO.mNv9E7yy9MotNt8XWAlht.dDEEkJL4u',0,1,NULL,'2023-02-16 17:18:51','2023-03-14 18:50:41',NULL,NULL,'asdasdsa',1,NULL,'19-5879',NULL,NULL,NULL,NULL,NULL,NULL,NULL),(20,'clientemau','clientemau@gmail.com',NULL,'$2y$10$exXi.CIEEm9L2B8.pjbuw.Xn.ToN00KG0wi7t5EE/nvVX.a/Z/c5.',0,3,NULL,'2023-02-16 18:13:42','2023-04-26 03:18:25',NULL,'04145394567','reyes',1,'example','20-9174','https://app.form.phoenixtechsa.com//storage/images/users/2023_04_26//3nXfu6g4oPgmSAHTFcUQ8upInYSD5cgI3VdNVSbx.png','asaasasasassasas','1212-12-12','asasasas','asasasasas',NULL,NULL),(23,'MAX','ccerero1612@gmail.com',NULL,'$2y$10$XI0dB3gJ265WoFmik7/WB.pN4QHTeYzzkU7W7IMKjguLZUd28QfWO',0,2,NULL,'2023-03-02 20:35:33','2023-03-14 18:50:41','','123123','empresa',1,'asdasdas','23-1656',NULL,NULL,NULL,NULL,NULL,NULL,NULL),(24,'clientemau','clientema12u@gmail.com',NULL,'$2y$10$iaXJEiwc21mU7ynGiTD.CeeOXVexd6L1aY5mwJCombezMmryMMgt6',0,3,NULL,'2023-03-14 18:30:16','2023-03-14 18:50:41',NULL,'04145394567','reyes',1,'example','24-7116',NULL,NULL,NULL,NULL,NULL,NULL,NULL),(25,'clientemau','clientema112u@gmail.com',NULL,'$2y$10$vOpx4YM3RTmEh20yutrY3.ygHFYvPyRJ1Wb4xrXtgyAjwzD.BCEy6',0,3,NULL,'2023-03-14 18:30:54','2023-03-14 18:50:41',NULL,'04145394567','reyes',1,'example','25-4958',NULL,NULL,NULL,NULL,NULL,NULL,NULL),(28,'mario jose','mariotorre@gmail.com',NULL,'$2y$10$C5K4dkaMa1CRg1Gm7KAFV.knIqICfdM/z8Wuow0/8jtbcJbPp2DLa',0,3,NULL,'2023-03-21 19:10:57','2023-03-21 19:10:57',NULL,'2323232','torre',0,NULL,'28-1054',NULL,NULL,NULL,NULL,NULL,NULL,NULL),(29,'Leo','leonardojosehe+11@gmail.com',NULL,'$2y$10$0lW1xvR4Yp06TcmrOmCbe.vnnFAlmChE5UhPdonfUz.zwjS/sK8Ke',0,3,NULL,'2023-03-22 17:07:01','2023-03-22 17:07:01',NULL,'1515151515','Tes',0,'Dieccion','29-9748',NULL,NULL,NULL,NULL,NULL,NULL,NULL),(30,'maria','maria@gmail.com',NULL,'$2y$10$tqx2EFoq3SoKe7JD7JS.Gerg.rztT.4T4dKNzarZh8Tt0Q8jcOcwG',0,3,NULL,'2023-03-22 18:12:51','2023-05-03 22:20:31',NULL,'02020202','bracho',0,'lara','30-3439','https://app.form.phoenixtechsa.com//storage/images/users/2023_05_03//Fcta5e7T5PEn0czHlkQE5kOGHaabGtc7JbaGwQm9.png',NULL,NULL,NULL,NULL,NULL,NULL),(31,'Luis','luis@gmail.com',NULL,'$2y$10$bqzGRZrX0H2AJLJ4ymjKYuc36Rb584GZ0p6AqMDoGrrh4z03aTO6S',0,3,NULL,'2023-03-23 05:54:30','2023-03-23 05:54:30',NULL,'123456','torre',0,NULL,'31-9315',NULL,NULL,NULL,NULL,NULL,NULL,NULL),(32,'luis','luitorre@gmail.com',NULL,'$2y$10$ZNtJUIGO3QzOdUQtCIN2Zu5InMABRCC1mHJbVXCFFbVtSXPzee4oq',0,3,NULL,'2023-03-23 06:58:39','2023-03-23 06:58:39',NULL,'343434','torre',0,NULL,'32-4259',NULL,NULL,NULL,NULL,NULL,NULL,NULL),(33,'Pedro','pedro@gmail.com',NULL,'$2y$10$hgBsmnvUZfHZUKQL5KyjJ.Rl0Cq7a7lVttzUjcVGB0CRcGDiNTCoK',0,3,NULL,'2023-03-23 23:21:13','2023-03-23 23:21:13',NULL,'1234097644','muñoz',0,NULL,'33-1694',NULL,NULL,NULL,NULL,NULL,NULL,NULL),(34,'luis','luisma@gmail.com',NULL,'$2y$10$6Ns7QxNubVY5EiMhhRRyter8er1Mp1U/n4yaP0pN8fPyPMTsom9Va',0,3,NULL,'2023-03-23 23:45:30','2023-03-23 23:45:30',NULL,'3434','coro',0,NULL,'34-1579',NULL,NULL,NULL,NULL,NULL,NULL,NULL),(35,'luis','torre@gmail.com',NULL,'$2y$10$CGoWMIlNH74lOecAIeklheWzg/SmCAqgXF.JM7bayKbtSiNfYU9vu',0,3,NULL,'2023-03-24 18:50:08','2023-03-24 18:50:08',NULL,'2343354','torre',0,NULL,'35-2764',NULL,NULL,NULL,NULL,NULL,NULL,NULL),(36,'maria','maria@gmial.com',NULL,'$2y$10$e3C9wAk8NKa4uBfM.ghGauV2yzaO/E8bvBprCbOXjKV/1mChVBj3i',0,3,NULL,'2023-03-24 18:56:53','2023-03-24 18:56:53',NULL,'2323','bracho',0,NULL,'36-9715',NULL,NULL,NULL,NULL,NULL,NULL,NULL),(37,'mariale','mariale@gmail.com',NULL,'$2y$10$WJifWl82Oe.d8nMEtpX0wuyag0bn/vqtq7MNC2T8q7vSPaHK24wp.',0,3,NULL,'2023-03-24 18:58:28','2023-03-24 18:58:28',NULL,'23232','bracho',0,NULL,'37-9365',NULL,NULL,NULL,NULL,NULL,NULL,NULL),(38,'maria jose','mariajose@gmail.com',NULL,'$2y$10$RxoE.N26I4sHdceog.3ra.eJzqWMVFHo0owUukVLVdkLcP2Y6o0y2',0,3,NULL,'2023-03-24 19:04:43','2023-03-24 19:04:43',NULL,'223','bracho',0,NULL,'38-8435',NULL,NULL,NULL,NULL,NULL,NULL,NULL),(39,'tomas','tomas@gmail.com',NULL,'$2y$10$LoZh7oJYxNMNxFmTU0ZoauTt9E1kjfLXX1ZGnOSzlhUicDafsU7/C',0,3,NULL,'2023-03-24 22:10:04','2023-03-24 22:10:04',NULL,'23232','perez',0,NULL,'39-8552',NULL,NULL,NULL,NULL,NULL,NULL,NULL),(40,'tomas','tomasperez@gmail.com',NULL,'$2y$10$krEtoptdywFP9KEw6yHMSey11lXBeKxjKKEtEPDqDD93WCGD5igMm',0,3,NULL,'2023-03-24 22:10:35','2023-03-24 22:10:35',NULL,'23232','perez',0,NULL,'40-6536',NULL,NULL,NULL,NULL,NULL,NULL,NULL),(41,'manuel','manuel@gmail.com',NULL,'$2y$10$WtNw9hIocD3.m6vqYLYBauSZAe5xrjiGkL22t.inyv26MrR3Bp8sC',0,3,NULL,'2023-03-24 22:13:44','2023-03-24 22:13:44',NULL,'23232','perez',0,NULL,'41-7834',NULL,NULL,NULL,NULL,NULL,NULL,NULL),(42,'manuel','manuelle@gmail.com',NULL,'$2y$10$PG6NwYzenQibe.gvNdp.QuNgBF5Ilv/RF.iSpRMoW3vXTPmBg850K',0,3,NULL,'2023-03-24 22:14:55','2023-03-24 22:14:55',NULL,'23232','perez',0,NULL,'42-4573',NULL,NULL,NULL,NULL,NULL,NULL,NULL),(43,'manolo','manolo@gmail.com',NULL,'$2y$10$JgpQUpbCwlixXxDwyZatr.oacrayEx.iuj5sB36O4fO2pXx4q6UAS',0,3,NULL,'2023-03-24 22:15:32','2023-03-24 22:15:32',NULL,'3232','perez',0,NULL,'43-4114',NULL,NULL,NULL,NULL,NULL,NULL,NULL),(44,'Maria  daniela','mariabrachovillanueva@gmail.com',NULL,'$2y$10$IBlgatV6rCUfXFR500kd7ewBFuIHOFAXKJ8mdEkZe6pjlfnQaWFuK',0,3,NULL,'2023-03-28 17:41:30','2023-05-04 00:28:01','','0412085297','Bracho',0,'Coro','44-7211','https://app.form.phoenixtechsa.com//storage/images/users/2023_05_03//qBlanJUqi9KTy6WODWYfbbJZx1lo6uie00cb2j1C.jpg','345765','1995-07-02','nombre','566767',NULL,NULL),(45,'fdf','dfdf@gmail',NULL,'$2y$10$b1SxKHEiaDwryspcy1woTOtJrDRRnT2MaNU5GD7/RUq3q0zFgDvjm',0,3,NULL,'2023-03-30 23:16:37','2023-03-30 23:16:37',NULL,'dfdf','dfdf',0,NULL,'45-6862',NULL,NULL,NULL,NULL,NULL,NULL,NULL),(46,'Laura','laura4vrr@gmail.com',NULL,'$2y$10$YdwePLjt8SCyKYixQaMOSeNDow4cW9JpV1B2rAvKqxqYy5xAkYWVa',0,3,NULL,'2023-03-31 22:30:14','2023-03-31 22:30:14',NULL,'04126452222','Rodríguez',0,NULL,'46-7213',NULL,NULL,NULL,NULL,NULL,NULL,NULL),(47,'clientemau','maur28363429rd@gmail.com',NULL,'$2y$10$CxmAXmsR5akKxwRfIHSfq.SydZoL.ugnFqMDdO3hVl3Oit.LhVQI.',0,3,NULL,'2023-04-01 04:37:29','2023-04-03 18:45:48','','04145394567','reyes',1,'example','47-5644',NULL,NULL,NULL,NULL,NULL,NULL,NULL),(48,'comerciomau','comerciomau@gmail.com',NULL,'$2y$10$KFCbg3RuqryvYCQMyD5Vi.7NsI9iuRPfC1i.fiCCdcF2gRskNuJby',0,2,NULL,'2023-04-04 23:21:24','2023-04-27 09:35:20',NULL,'04145394567','reyes',0,'lara','48-3751','https://app.form.phoenixtechsa.com//storage/images/users/2023_04_27//3A3kPEoCiRMGyO6tEzbcO564rpDNcXLYnhMXeFOK.jpg',NULL,NULL,NULL,NULL,NULL,NULL),(49,'Pedro','Pedrointlife@gmail.com',NULL,'$2y$10$ytuueZs0NPwEcupe.ur8/.ReQmZTp2plvqeU7NM9piBFyO8stMCOu',0,3,NULL,'2023-04-06 17:50:24','2023-04-29 03:44:02','','62088987','Munoz',1,'null','49-8004','https://app.form.phoenixtechsa.com//storage/images/users/2023_04_28//ssepcsLE35KW8dd5qHgH9FMvtcXSk1ROr8HBoX7j.jpg','Test',NULL,'Test','Test',NULL,NULL),(50,'Tarjeta Joven Diamante','comercio123@gmail.com',NULL,'$2y$10$rHHOo.9P4wak5iaCplnOxe1eVR.OJNtgNoMw.kZQxe0gJIN/YUuk.',0,2,NULL,'2023-04-13 03:29:11','2023-04-21 00:52:59',NULL,'041453945677','asas',1,'asas','50-9455','https://app.form.phoenixtechsa.com//storage/images/users/2023_04_13//n7edMSGJPnqHQiZ4FoZGfORhoZ78qOxCX99QcpoO.jpg',NULL,NULL,NULL,NULL,NULL,NULL),(51,'ejemplo','sasasasasas@gmail.com',NULL,'$2y$10$BPkhh92/ta92kao4SQ/ygOPYAur6rJwTwx00cXRyzNV7gx3EjeACK',0,3,NULL,'2023-04-13 04:30:59','2023-04-13 04:30:59',NULL,'+584145394567','asas',1,'Español','51-4567','https://app.form.phoenixtechsa.com//storage/images/users/2023_04_13//9OPWGnwSTJCowAHMAFZcb1oDtZoaG5pxhue1Cz5V.jpg',NULL,NULL,NULL,NULL,NULL,NULL),(52,'example','example@gmail.com',NULL,'$2y$10$FMBffXwH9PX4BXmSZqlj1O1Cl2fKb.kdc9x5OG9ZGCfPV8y6PJeFC',0,3,NULL,'2023-04-16 21:08:57','2023-04-16 21:08:57',NULL,'04145394567','perez',0,NULL,'52-8788',NULL,NULL,NULL,NULL,NULL,NULL,NULL),(53,'mau123','mau123@gmail.com',NULL,'$2y$10$yEbBJWw7NVl0c4hpuQ23QOroBYNDIjl9XowEGzjI50ATGfAGbcFx6',0,3,NULL,'2023-04-16 21:10:06','2023-04-16 21:10:06',NULL,'04145394567','mau123',0,NULL,'53-2800',NULL,NULL,NULL,NULL,NULL,NULL,NULL),(54,'luis123@gmail.com','luis123@gmail.com',NULL,'$2y$10$mSIjFrywGdtJXqSyKY1pP.96TByOmjqdGSMCn2gG9uAdzpCpzQHbK',0,3,NULL,'2023-04-16 21:36:19','2023-04-16 21:36:19',NULL,'04145394567','luis123',0,NULL,'54-9648',NULL,NULL,NULL,NULL,NULL,NULL,NULL),(55,'juan','juan@gmail.com',NULL,'$2y$10$MVfvw5VNdkVSkXr1XNbx.uet.IIul5blxlSBVztdfc4xyF06TEFVO',0,3,NULL,'2023-04-17 21:56:00','2023-04-17 21:56:00',NULL,'2323232','perez',0,NULL,'55-3305',NULL,NULL,NULL,NULL,NULL,NULL,NULL),(56,'comasaserciomau','comerciomasasaau@gmail.com',NULL,'$2y$10$TAEGY29wtu.zQiQK2x9pUOvqd.nSK6HHhdJnhUxMzHLMn4yzpexs.',0,3,NULL,'2023-04-17 23:39:56','2023-04-17 23:39:56',NULL,'04145394567','reyes',1,'example','56-3024',NULL,NULL,NULL,NULL,NULL,NULL,NULL),(57,'comasaasasserciomau','comerciomasasasasaau@gmail.com',NULL,'$2y$10$VJ4/CkrJczk0/qXg.m65ueELP/6wNWSTBdD.hAFTWPtxaetkD4UpG',0,3,NULL,'2023-04-17 23:42:54','2023-04-17 23:42:54',NULL,'04145394567','reyes',1,'example','57-2105',NULL,NULL,NULL,NULL,NULL,NULL,NULL),(60,'comasaasasser1ciomau','comercioma1sasasasaau@gmail.com',NULL,'$2y$10$hHe68DNOIsQ8yF0rmX71DeIB3CF6FtM.8ZcscbMdUvSlVtZXWjxgS',0,3,NULL,'2023-04-17 23:45:03','2023-04-17 23:45:03',NULL,'04145394567','reyes',1,'example','60-1599',NULL,NULL,NULL,NULL,NULL,NULL,NULL),(63,'comasaqwqasasser1ciomau','comerciowqwma1sasasasaau@gmail.com',NULL,'$2y$10$m911Mf2/TvlJxBCDSpWyGemrvOJt2BA9/tkweePhF4UKhQf14rWu2',0,3,NULL,'2023-04-17 23:53:26','2023-04-17 23:53:26',NULL,'04145394567','reyes',1,'example','63-8315',NULL,NULL,NULL,NULL,NULL,NULL,NULL),(64,'comasaqwqasasser991ciomau','comerciowqwma1sasasas99aau@gmail.com',NULL,'$2y$10$WwmUCReEuKd1UeOrzKJ4o.Gzcn3Ss7k6dQI/1JFfAgUgHMRuZuiEC',0,3,NULL,'2023-04-17 23:55:15','2023-04-17 23:55:15',NULL,'04145394567','reyes',1,'example','64-4265',NULL,NULL,NULL,NULL,NULL,NULL,NULL),(65,'comasaqwqa12sasser991ciomau','comerciowqw121ma1sasasas99aau@gmail.com',NULL,'$2y$10$c1b1E4ffCIBmXCXIBRX3Del4j/au2gyedAr0F3hBNi4fywFEbydFi',0,3,NULL,'2023-04-17 23:56:48','2023-04-17 23:56:48',NULL,'04145394567','reyes',1,'example','65-4680',NULL,NULL,NULL,NULL,NULL,NULL,NULL),(66,'Mua','mua@gmail.com',NULL,'$2y$10$W51BSyRBotCfHrzqK2QE6uMzeU6mBRM81vuMkGWHSIwXLOUdQl56q',0,3,NULL,'2023-04-18 19:20:50','2023-04-18 19:20:50',NULL,'04145394567','Mua',0,NULL,'66-1548',NULL,NULL,NULL,NULL,NULL,NULL,NULL),(67,'jose','jose@gmail.com',NULL,'$2y$10$3q/0x9gTcqo820M2M0BtPuSpVccsuYpVsJGZRKrsA.V1gDigK/ZDS',0,3,NULL,'2023-04-18 19:55:52','2023-04-18 19:55:52',NULL,'04145394567','jose',0,NULL,'67-1389',NULL,NULL,NULL,NULL,NULL,NULL,NULL),(68,'Edu','Edu@gmail.com',NULL,'$2y$10$tt.Zy//lCdKHvJVUxRNTpOZJiQBMr3lxTYo3SDRPiXcJ38PQYCWOG',0,3,NULL,'2023-04-18 23:30:56','2023-04-18 23:30:56',NULL,'548767','Edu',0,NULL,'68-8163',NULL,NULL,NULL,NULL,NULL,NULL,NULL),(69,'José oaoa','O@gmail.com',NULL,'$2y$10$MnIYwgMnhoqmyCMOmtU8HOrZJsxwM4FAYe77O.qv11q0UcC80UxAe',0,3,NULL,'2023-04-18 23:51:36','2023-04-18 23:51:36',NULL,'646464','Ksisls',0,NULL,'69-9187',NULL,NULL,NULL,NULL,NULL,NULL,NULL),(70,'Bayes','Bayes@gmail.com',NULL,'$2y$10$QUzvzDmLjDWfsCpvEz3pKuOTRQoxe6bl1O5eoetKdeGWHk.aU0Fhq',0,3,NULL,'2023-04-19 16:48:51','2023-04-19 16:48:51',NULL,'94649774','Bayes',0,NULL,'70-1706',NULL,NULL,NULL,NULL,NULL,NULL,NULL),(71,'Diego','Diegorobertis2000@gmail.com',NULL,'$2y$10$3IXTqJDTIqSMH0Cp9yl9XOOWcYu6HkwxY.0vMkXBDZVKOnzlghwjS',0,3,NULL,'2023-04-19 19:23:47','2023-04-19 19:23:47',NULL,'04246415321','Robertis',0,NULL,'71-4546',NULL,NULL,NULL,NULL,NULL,NULL,NULL),(72,'Jean','Jtunonp@gmail.com',NULL,'$2y$10$PfHL0I2K2Kd1cXboqh72H.M6OWlTIVywmmihZ5RC8RfDo0gKkXNly',0,3,NULL,'2023-04-19 22:41:12','2023-04-21 22:39:49','9779209','66135460','Tunon',1,NULL,'72-5643','https://app.form.phoenixtechsa.com//storage/images/users/2023_04_20//nmME6lkWiozxAKrSyM5W7UtEMNge45PkHb8hGfbi.png',NULL,NULL,NULL,NULL,NULL,NULL),(73,'Yekatherina','yekatherinaquinonez@gmail.com',NULL,'$2y$10$N00pq3.Lh01TSVkh1VzEu.QkJbLZtEcl.edbF6BosJbzVeZlFkM5m',0,3,NULL,'2023-04-19 23:39:45','2023-04-19 23:39:45',NULL,'66566237','Quiñonez',0,NULL,'73-2168',NULL,NULL,NULL,NULL,NULL,NULL,NULL),(74,'Emily','munozaemily@gmail.com',NULL,'$2y$10$2KXis11an7U12e6FL42q5uW2.Mr.h9YAPWAX7roteChCgB5bZ42gS',0,3,NULL,'2023-04-20 00:08:43','2023-04-20 00:08:43',NULL,'63700134','Muñoz',0,NULL,'74-9874',NULL,NULL,NULL,NULL,NULL,NULL,NULL),(75,'Test','Torry_11@hotmail.com',NULL,'$2y$10$F5s0I/Jpkk2b3UOPBmXjyei.HuBRBMT5Zv02EtWnvnwFZKPVtNWva',0,3,NULL,'2023-04-20 00:50:23','2023-04-20 00:50:23',NULL,'646464664','Test',0,NULL,'75-9649',NULL,NULL,NULL,NULL,NULL,NULL,NULL),(76,'Elvia','elvia_26_melida@hotmail.com',NULL,'$2y$10$Dd40cpaSlycjKMrmopK0Ue4aMFOOyJCmBwdSchannFzbt7U4GpK4W',0,3,NULL,'2023-04-20 01:00:02','2023-04-20 01:00:02',NULL,'3915887','Abrego',0,NULL,'76-6291',NULL,NULL,NULL,NULL,NULL,NULL,NULL),(77,'Carlos E.','Itinc@Hotmail.com',NULL,'$2y$10$Jtd6G.J2x385IVxv.fYEg.tQX.ifPtROmHd5EbqZvILMwzhikr8r6',0,3,NULL,'2023-04-20 04:18:41','2023-04-20 04:18:41',NULL,'66197879','Tuñon',0,NULL,'77-1191',NULL,NULL,NULL,NULL,NULL,NULL,NULL),(78,'Moises','Moisesjunier45@gmail.com',NULL,'$2y$10$To3igb0bgCFegJTvUKSLYeuIhFQROToNPjPFvpg.RB9QQ0Dl1Z/HK',0,3,NULL,'2023-04-20 19:24:04','2023-05-05 19:02:54',NULL,'62688347','Urriola',1,'null','78-9591','https://app.form.phoenixtechsa.com//storage/images/users/2023_05_05//cHoCUK8pFBWzAavRTQXYASATHJ6CFGLyl51ZzVsC.jpg',NULL,NULL,NULL,NULL,NULL,NULL),(79,'Karina','karina.sebastyan@gmail.com',NULL,'$2y$10$CWR/kyK6JlH7rdkTelZDhuglv3xhctUL.mZKYfhbY0mzRfzW7iiyW',0,3,NULL,'2023-04-20 19:24:50','2023-04-20 19:24:50',NULL,'67616542','Robles',0,NULL,'79-5611',NULL,NULL,NULL,NULL,NULL,NULL,NULL),(80,'Charlotte','charlotteguadalupe05@gmail.com',NULL,'$2y$10$MHMJ41YafAubiksKx7.3PuQVKRFNWuqfgR.x.gshsJi13V/XWCgEy',0,3,NULL,'2023-04-20 19:24:59','2023-04-20 19:24:59',NULL,'69524226','Pinzón',0,NULL,'80-2202',NULL,NULL,NULL,NULL,NULL,NULL,NULL),(81,'Brithany','blandonbrithany72@gmail.com',NULL,'$2y$10$nj5c6aYz9ihGxGCSQxZmKuu03Vowv0h9nCM7nSZG2/6WAU6KQGgM.',0,3,NULL,'2023-04-20 19:25:06','2023-04-20 19:25:06',NULL,'65983947','Blandon',0,NULL,'81-4980',NULL,NULL,NULL,NULL,NULL,NULL,NULL),(82,'Yarissell','yarissell18@gmail.com',NULL,'$2y$10$p5sqKUwnA6qpBeuvtifFJ.Y/lgL.ivO29o3r.tn/CK4pIvoMlWI0e',0,3,NULL,'2023-04-20 19:25:17','2023-04-20 19:25:17',NULL,'61098600','Herrarte de Pérez',0,NULL,'82-1964',NULL,NULL,NULL,NULL,NULL,NULL,NULL),(83,'Ruth','ruthyr0386@gmail.com',NULL,'$2y$10$dVbkSJGl.9f1IiR2mgH5ueEodkLiXERX7nPB.mCOBRH8XUMNFRCNS',0,3,NULL,'2023-04-20 19:25:29','2023-04-20 19:25:29',NULL,'65934193','Robles',0,NULL,'83-7109',NULL,NULL,NULL,NULL,NULL,NULL,NULL),(84,'Jorge','Jorgeeleazar29@gmail.com',NULL,'$2y$10$w5t6kaU5KtzRyMxndrUK5.tDJsxEkn/mIi3vGRWSK39LTFXNBve1W',0,3,NULL,'2023-04-20 19:26:16','2023-04-20 19:26:16',NULL,'69539628','Mendoza',0,NULL,'84-1302',NULL,NULL,NULL,NULL,NULL,NULL,NULL),(85,'Johana','castillojohana221@gmail.com',NULL,'$2y$10$hecG.UHNGD.1FO/DnqH83ulsaHeR1FvjSOD72uNHiqoN3ThfFbN/y',0,3,NULL,'2023-04-20 19:29:07','2023-04-20 19:29:07',NULL,'61846802','Castillo',0,NULL,'85-6755',NULL,NULL,NULL,NULL,NULL,NULL,NULL),(86,'Siria','siriak0556@gmail.com',NULL,'$2y$10$a7SzE8VE5RLza2.JvuGzDeg2NIq54WhWXnI.8xUQlvY7bZqsjxEqq',0,3,NULL,'2023-04-20 19:30:11','2023-04-20 19:30:11',NULL,'61584670','Pérez',0,NULL,'86-6875',NULL,NULL,NULL,NULL,NULL,NULL,NULL),(87,'Yarissell','Kariellys052625@gmail.com',NULL,'$2y$10$ypscrxzu0dDuJUCjv8ds7eP0fN7050IysllDkdaKcP7.lJ.yoTEcG',0,3,NULL,'2023-04-20 19:30:15','2023-04-20 19:30:15',NULL,'60993898','Perez',0,NULL,'87-9000',NULL,NULL,NULL,NULL,NULL,NULL,NULL),(88,'Leidy Jhoanna','jhoanna192001@gmail.com',NULL,'$2y$10$PU1YQ4OXbihB.Lm3KHHuSORABue5eVD6HHqVEceZs0tgyZs1WPu.u',0,3,NULL,'2023-04-20 19:31:33','2023-04-20 19:31:33',NULL,'67707644','Aldana',0,NULL,'88-2221',NULL,NULL,NULL,NULL,NULL,NULL,NULL),(89,'Ruth','Rutidiaz2219@gmail.com',NULL,'$2y$10$bKHklQRoaPNWhxaIOHkDDOA1kYMF6JH50xmb8Zw6vO61hL7pmymni',0,3,NULL,'2023-04-20 19:31:42','2023-04-20 19:31:42',NULL,'69157761','Diaz',0,NULL,'89-9182',NULL,NULL,NULL,NULL,NULL,NULL,NULL),(90,'Test','Pedromunozherrera24@gmail.com',NULL,'$2y$10$Bi9EQ7ooa0HwSlAcUTFT8eJPwNL0l8nTR2wFXk922G8VzoBTMfP1m',0,3,NULL,'2023-04-20 20:26:33','2023-04-20 20:26:33',NULL,'64646464','Test',0,NULL,'90-6256',NULL,NULL,NULL,NULL,NULL,NULL,NULL),(91,'Luis','Juniermoises1@gmail.com',NULL,'$2y$10$U8uhN93DuXX5.Hn..ntUFecjuSZvvcw0F9yVeR8syBVZQ/sDL3k0y',0,3,NULL,'2023-04-20 20:42:00','2023-04-20 20:42:00',NULL,'62871116','Perez',0,NULL,'91-2200',NULL,NULL,NULL,NULL,NULL,NULL,NULL),(92,'Claudia','clabara83@gmail.com',NULL,'$2y$10$p0MqXA0k8yPzFqB35r5rSOYXEfRKGx5uaXrDmHdZeErCrioIyN5Fm',0,3,NULL,'2023-04-20 21:30:57','2023-04-20 21:30:57',NULL,'69049487','Barahona',0,NULL,'92-3640',NULL,NULL,NULL,NULL,NULL,NULL,NULL),(93,'For Less','cubilla03@gmail.com',NULL,'$2y$10$5p1aXAuQwIlRl16NXWwGlu1FJWp31gGXCdPsRE1rgKriThnYN6T16',0,2,NULL,'2023-04-20 23:01:08','2023-04-30 02:35:11',NULL,'62612139','.',1,'Los Andes Mall','93-3246','https://app.form.phoenixtechsa.com//storage/images/users/2023_04_20//xhvOevxZR8bKUdCtR4WIBPprjztx7hVlrsCIYhQ8.jpg',NULL,NULL,NULL,NULL,NULL,NULL),(94,'Optimax','optimaxpty@gmail.com',NULL,'$2y$10$0qGKYFhA.CwYcfpkS5s1IOdvtCr5y2lOAoDSIt40S0BA75jplnSOC',0,2,NULL,'2023-04-20 23:18:16','2023-05-02 18:51:34',NULL,'6977-9500','.',1,'Marbella - La Doña - Chorrera - Albrook Mall','94-3210','https://app.form.phoenixtechsa.com//storage/images/users/2023_04_20//6XPrpsrvLHTopxE4uaxm4wZkQrrq7gBfOrebkAXs.png',NULL,NULL,NULL,NULL,NULL,NULL),(95,'Natural','prueba1@gmail.com',NULL,'$2y$10$0VIUakpC7EQOfaMPerZNHugRniZCDjUzv7daKt0MkARGwsRliuBSu',0,2,NULL,'2023-04-21 00:03:58','2023-04-21 00:03:58',NULL,'62866342','English',1,'desconocida','95-6528',NULL,NULL,NULL,NULL,NULL,NULL,NULL),(96,'Centro medico Anel','centromedicoanel@gmail.com',NULL,'$2y$10$ZbgfmhJH3LWt286ghkSyVec/lijml1SeROKZQa77pRyxZ81M6Pd7K',0,2,NULL,'2023-04-21 00:10:23','2023-04-30 02:37:59',NULL,'6402-4026','Centro medico',1,'Las cumbres','96-1722',NULL,NULL,NULL,NULL,NULL,NULL,NULL),(97,'Óptica','jennesy-ibarra@hotmail.com',NULL,'$2y$10$Bz6Rhk5OkKqEXqAUYZN9NurPMSpy8D6o1E5gmtTapzZFodpY1/SN.',0,2,NULL,'2023-04-21 00:24:02','2023-04-30 02:38:29',NULL,'6562-4060','Ibarra',1,'12 de octubre - Santa librada - Crystal plaza','97-4218','https://app.form.phoenixtechsa.com//storage/images/users/2023_04_20//d7jgdvSZU9f11BIDS27uWo6EGqAheNlmiPiy6Mgy.png',NULL,NULL,NULL,NULL,NULL,NULL),(98,'KOKO jewerly desing','prueba5@gmail.com',NULL,'$2y$10$HEHHVDexpKg9OV3knktkMOhU1OovjfY49q5W6AZfx8eqP1UbyKwr2',0,2,NULL,'2023-04-21 00:41:18','2023-04-21 00:41:18',NULL,'6595-0701','koko',1,'albrook mall','98-9877','https://app.form.phoenixtechsa.com//storage/images/users/2023_04_20//gKxlBkHBGWDaodt7nwtSqKkLUy4KGiq1kFcm5qB5.png',NULL,NULL,NULL,NULL,NULL,NULL),(99,'Marta','martafidelis08@gmail.com',NULL,'$2y$10$xG7Gse9odDcFlWPuAv3RQOFAFHzuELCTV0bNlAHaK1buVDJNClyJ.',0,3,NULL,'2023-04-21 00:59:53','2023-04-22 00:57:50',NULL,'61491150','Barcenas',0,NULL,'99-8581',NULL,NULL,NULL,NULL,NULL,NULL,NULL),(100,'Test','Test@gmail.com',NULL,'$2y$10$0R8FmhTkppAq/UoNET8iD.OgHoicQi7TI/SaX4JBkCadngnwLS.Qa',0,3,NULL,'2023-04-21 02:14:12','2023-04-21 02:14:12',NULL,'6767676','Test',0,NULL,'100-6374',NULL,NULL,NULL,NULL,NULL,NULL,NULL),(101,'Anayansi','anymorgan0104@gmail.com',NULL,'$2y$10$gfvMKvCYBnjWCzkTdsrgE.67Z34RfzZ0YrIu8tNpaaQaWp4cgzvca',0,3,NULL,'2023-04-21 05:25:16','2023-04-21 05:25:16',NULL,'66967232','Ortega',0,NULL,'101-4723',NULL,NULL,NULL,NULL,NULL,NULL,NULL),(102,'El','el@gmail.com',NULL,'$2y$10$p7KMVLWokyvbq7QYLeqcW.RCKgNQv333D4HCp/j/YyYyDOP/82Jmi',0,3,NULL,'2023-04-21 20:45:37','2023-04-21 20:45:37',NULL,'646776794','El',0,NULL,'102-6045',NULL,NULL,NULL,NULL,NULL,NULL,NULL),(103,'Juan','elcorreo@hotmail.com',NULL,'$2y$10$XZpUJnmRoQxBwdEB4gmO7O08oDNDSrm.fjfVwP5uedDyKLEIx8Oza',0,3,NULL,'2023-04-21 21:59:45','2023-04-21 22:32:20',NULL,'66123345','Perez',0,NULL,'103-7532',NULL,NULL,NULL,NULL,NULL,NULL,NULL),(104,'Juan','elcorreo02@gmail.com',NULL,'$2y$10$iCyP.4sEorRW.hWCM2Ah1eAQQaU4HMPJsQvdTcdAtj0O0oAJQ1/Z.',0,3,NULL,'2023-04-21 22:34:54','2023-04-22 00:04:56',NULL,'66135477','Torres',0,NULL,'104-2645',NULL,NULL,NULL,NULL,NULL,NULL,NULL),(105,'Patricia','barcenaspatricia60@gmail.com',NULL,'$2y$10$ycBZ1lGRCf3dJyh9gma2jePRSZBeBTipF1N0.yqzA9.F3mHXFxR5.',0,3,NULL,'2023-04-21 23:11:38','2023-04-21 23:11:38',NULL,'61471076','Bárcenas',0,NULL,'105-4966',NULL,NULL,NULL,NULL,NULL,NULL,NULL),(106,'Juan','Talingo02@gmail.com',NULL,'$2y$10$Sf66IMFxqzUQ/l19sfIdsugeWP/HKC4YO99bMm8N58D.HS/IMbuRW',0,3,NULL,'2023-04-22 00:05:43','2023-04-22 00:05:43',NULL,'66134522','Torres',0,NULL,'106-7165',NULL,NULL,NULL,NULL,NULL,NULL,NULL),(107,'Dr. David Vargas Jurado','david.vargas.jurado@hotmail.com',NULL,'$2y$10$PebpdhR1Ynl99lNxMjpw3.vY1O9CinJsnneGIrumt.ymtOQamoWVy',0,2,NULL,'2023-04-22 00:16:54','2023-04-30 02:38:59',NULL,'69196989','-',1,'Chiriqui','107-2711',NULL,NULL,NULL,NULL,NULL,NULL,NULL),(108,'Margareth','marggie159@hotmail.com',NULL,'$2y$10$YJHjjJ9.x4JsDlBONEDq2.TyCkVzrFSudsq8HcqqkaDX2YwZm47L.',0,3,NULL,'2023-04-22 00:24:41','2023-05-06 08:32:54',NULL,'66014740','Aldana',0,NULL,'108-1117',NULL,'E-8-106685',NULL,'Fernando Calderón','8-769-992',NULL,NULL),(109,'Marta','Martafidelis09@Gmail.Com',NULL,'$2y$10$/y7M8aX2ukPDoiwaaW6bquWCstdmmA29LifffVI5JioNh3789hjO.',0,3,NULL,'2023-04-22 00:58:56','2023-04-27 01:20:22','','61491150','Barcenas',2,'-','109-7294',NULL,NULL,NULL,NULL,NULL,NULL,NULL),(110,'Joel','Joeleduardo.228@gmail.com',NULL,'$2y$10$xm6mOQ3fjWRTMG.kpC84P.e8vK8DahZE0Q3W/q9WB2gmAT/kQcsl6',0,3,NULL,'2023-04-22 01:43:01','2023-04-22 01:43:01',NULL,'62709427','Rodriguez',0,NULL,'110-9340',NULL,NULL,NULL,NULL,NULL,NULL,NULL),(111,'desa','desarrolladormau@gmail.com',NULL,'$2y$10$78kO3Ky3JsO2LVmc.2YcauIfshLSoaTgIVZZjYlhHvwl5KhHO2Z7O',0,3,NULL,'2023-04-22 01:58:25','2023-04-26 15:12:59','4670825','asasa','desa',0,NULL,'111-2061',NULL,NULL,NULL,NULL,NULL,NULL,NULL),(112,'Rachel','rachelpimentel33@gmail.com',NULL,'$2y$10$0rD6dYcHrwdq/evXjd3t7u.IXaqB1ckfs0wi3De/HHy/F/ySFP8kW',0,3,NULL,'2023-04-22 02:19:46','2023-04-22 02:19:46',NULL,'66376260','Aldana',0,NULL,'112-3684',NULL,NULL,NULL,NULL,NULL,NULL,NULL),(113,'Cecilia','ivonneguerra918@gmail.com',NULL,'$2y$10$6knHHfj2lA43CECPDgcmZODR08KYF.NlAg52xlF5Ey7AENyBZkUxC',0,3,NULL,'2023-04-22 04:00:21','2023-04-22 04:00:21',NULL,'65923847','Guerra',0,NULL,'113-8088',NULL,NULL,NULL,NULL,NULL,NULL,NULL),(114,'Anthony','Anthonydiazz122712@icloud.com',NULL,'$2y$10$SRVpujzUViB8FG..uo8Ik.r5Geve3JdDYpHzamAl9FHewAwKrY5i2',0,3,NULL,'2023-04-22 04:35:28','2023-04-22 04:35:28',NULL,'66681158','Diaz',0,NULL,'114-4076',NULL,NULL,NULL,NULL,NULL,NULL,NULL),(115,'Test','Test1@gmail.com',NULL,'$2y$10$EsFgtIzsPSWrsJrqQDevYuAq/icQZHtbysX/HSerzuLGVEZaEECCK',0,3,NULL,'2023-04-22 09:43:50','2023-04-22 09:43:50',NULL,'68895412','Test',0,NULL,'115-7655',NULL,NULL,NULL,NULL,NULL,NULL,NULL),(116,'Maybeth','Maybethsalas2327@gmail.com',NULL,'$2y$10$EDT//KFPM31NlVmB/DbyXuFIcBGDPRbV3.elm8v6Q8ZNSRyLiHB5a',0,3,NULL,'2023-04-22 17:41:42','2023-04-22 17:41:42',NULL,'68852270','Salas',0,NULL,'116-7306',NULL,NULL,NULL,NULL,NULL,NULL,NULL),(117,'YASNIAYA','Yasniayar@gmail.com',NULL,'$2y$10$xrlmVIy8faZ4MFW6eqGIH.W9EyYMFZA1MQviruON2Vge/IgUnjdHa',0,3,NULL,'2023-04-22 17:56:37','2023-04-22 17:56:37',NULL,'63516252','RUBATINO',0,NULL,'117-9516',NULL,NULL,NULL,NULL,NULL,NULL,NULL),(118,'Daniela','danielarojs60@gmail.com',NULL,'$2y$10$sIQYAhAO5hw5yyebV2oFKe2ZpOPky14hLnLayPMVMLbk/GCruH/sO',0,3,NULL,'2023-04-22 19:17:03','2023-04-22 19:17:03',NULL,'68646953','Ruíz',0,NULL,'118-5139',NULL,NULL,NULL,NULL,NULL,NULL,NULL),(119,'Clifford','clifford.leeg@gmail.com',NULL,'$2y$10$zdkGTBlpA8YpmtEu9.4xvefv1fQoZK09VjCLYoPglMzoYsaZMIrDG',0,3,NULL,'2023-04-22 19:21:11','2023-04-22 19:21:11',NULL,'63970866','Lee',0,NULL,'119-7931',NULL,NULL,NULL,NULL,NULL,NULL,NULL),(120,'Licenciada Zuleika Campos','camposzuleika2013@gmail.com',NULL,'$2y$10$rhMHa5MhhJ8dG6AkT0Bmd.oH60CoKsVnA3WLvdqPA5PUrwu9XvPOa',0,2,NULL,'2023-04-22 19:26:44','2023-04-30 02:39:23',NULL,'6783-4813','-',2,'Arraijan','120-3700',NULL,NULL,NULL,NULL,NULL,NULL,NULL),(121,'Test','Test4@gmail.com',NULL,'$2y$10$vSOOaKJlFFwAOxGKn4t1D.IhvYKib2R.0Nyck2QdCD/8ALT4fjr7q',0,3,NULL,'2023-04-22 20:07:37','2023-04-22 20:07:37',NULL,'65897908','Test',0,NULL,'121-5287',NULL,NULL,NULL,NULL,NULL,NULL,NULL),(122,'Test','Test5@gmail.com',NULL,'$2y$10$ZSjyQQu7GOAEsBVY8IDxi.pcu5vccLFYUoqAif6vvnXE9anGosagm',0,3,NULL,'2023-04-22 20:18:01','2023-04-22 20:18:01',NULL,'64646464','Test',0,NULL,'122-3184',NULL,NULL,NULL,NULL,NULL,NULL,NULL),(123,'Test','Test6@gmail.com',NULL,'$2y$10$BINEXhT/L0RE6h18OCBrDOzIUXN3Z7PASW24EoiV.AkyRIEYK05j.',0,3,NULL,'2023-04-22 20:20:20','2023-04-22 20:20:20',NULL,'62088987','Test',0,NULL,'123-8474',NULL,NULL,NULL,NULL,NULL,NULL,NULL),(124,'Test','Test7@gmail.com',NULL,'$2y$10$GQiJBnCOQUghWZGloBocQerbptEbFCurlsZsbbD6PAwpOBhZgQfYW',0,3,NULL,'2023-04-22 20:21:26','2023-04-22 20:21:26',NULL,'64468989','Test',0,NULL,'124-1939',NULL,NULL,NULL,NULL,NULL,NULL,NULL),(125,'Test','Test8@gmail.com',NULL,'$2y$10$kjgv5.UjTqsLauVPQKCuMeyby8IlpiP1vPz0fRDpRKXuH2DTceMOO',0,3,NULL,'2023-04-22 20:40:35','2023-04-22 20:40:35',NULL,'64646464','Test',0,NULL,'125-8910',NULL,NULL,NULL,NULL,NULL,NULL,NULL),(126,'Farmacia Janette','farmaciajane07@gmail.com',NULL,'$2y$10$4/hPHrOgAXPYkQPD0ZJVzurNYaoSycMNi3OIzf8Y0Q8FEm9.mSltO',0,2,NULL,'2023-04-22 20:50:28','2023-04-28 16:18:18',NULL,'69411665','-',2,'chiriqui','126-2066',NULL,NULL,NULL,NULL,NULL,NULL,NULL),(127,'Ana','Karenfer1412@gmail.com',NULL,'$2y$10$/HM63nOGF5xvk8h8eXf9c.i10ag.FFq.h3RQXM1T8J3IUmUwkTCl6',0,3,NULL,'2023-04-22 20:50:44','2023-04-29 04:00:34',NULL,'63883804','Urriola',0,NULL,'127-4094',NULL,NULL,NULL,'Rosa fernandez','5-11-157',NULL,NULL),(128,'Rosa','urriolaross572@gmail.com',NULL,'$2y$10$syVwqSTetjBiJU5gBGP68uTQ.mxDynO2JvTZwJi6q.HWVDaCds7R6',0,3,NULL,'2023-04-22 20:58:25','2023-04-22 20:58:25',NULL,'61132475','Fernández',0,NULL,'128-2847',NULL,NULL,NULL,NULL,NULL,NULL,NULL),(129,'Xiomara','xioelida@gmail.com',NULL,'$2y$10$l64sffIc./rIr2Xfv/uyXuSlHl3R8MCQXwpFH8kLszBi9lUH9ejWu',0,3,NULL,'2023-04-22 21:04:52','2023-04-22 21:04:52',NULL,'61091454','Durango',0,NULL,'129-7882',NULL,NULL,NULL,NULL,NULL,NULL,NULL),(130,'Jonathan','Jondahir1206@gmail.com',NULL,'$2y$10$v.s6CgTzWv22wMeOIdGyQecnxgo7Eo7wgvTZtOZjStiFHNUgFr3Xe',0,3,NULL,'2023-04-22 21:18:24','2023-04-30 08:37:48',NULL,'68291919','Vence',0,NULL,'130-8404',NULL,NULL,NULL,'Ana karen urriola','8-832-197',NULL,NULL),(131,'Kaleth','Urriolab32@gmail.com',NULL,'$2y$10$ygWP7aF8q/NGE5wwbTKHhOXJHeiPyrq/5MwrtmkVyB9xA6UFuCZ1S',0,3,NULL,'2023-04-22 21:24:11','2023-04-29 05:04:08',NULL,'66066165','Baxter',0,NULL,'131-4388',NULL,NULL,NULL,'Moises yunier urriola','8-787-2357',NULL,NULL),(132,'Funeraria Morgan','funerariamorgan@gmail.com',NULL,'$2y$10$7TxxYWe3nb.X9UOEVic0ruf0vJbkN1HK0KXudH.OEWfXjvDu4Frxu',0,2,NULL,'2023-04-22 21:29:06','2023-04-30 02:39:50',NULL,'6381-8375','-',1,'Sabanitas','132-9302',NULL,NULL,NULL,NULL,NULL,NULL,NULL),(133,'𝑽𝒆𝒓𝒐𝒖𝒔𝒌𝒂','verucoro16@gmail.com',NULL,'$2y$10$DMzPM2cxVl1F5o4KBHenXOxXfMdlcOxsUArYQnk1vSxkX0gyp6z4K',0,3,NULL,'2023-04-22 21:50:31','2023-04-22 21:50:31',NULL,'62972009','𝑪𝒐𝒓𝒐𝒏𝒂𝒅𝒐',0,NULL,'133-9704',NULL,NULL,NULL,NULL,NULL,NULL,NULL),(134,'Jean carlos','Gerencia@tarjetajovendiamante.com',NULL,'$2y$10$lq06Rw2RFH2EYT0Gdnft4.TNpG/vnGFjyAcxhX4kK6cr8VRyqDsia',0,3,NULL,'2023-04-22 22:19:54','2023-05-05 22:01:14',NULL,'66135460','Tunon Pretelt',1,'null','134-8381','https://app.form.phoenixtechsa.com//storage/images/users/2023_05_05//ClJpaOdzN7qeEILRCl73RmwnYjEgsRTKGMc67kFD.jpg','8-897-760','1995-09-02','Cecilia tunon','8-731-2407',NULL,NULL),(135,'Clinica Alba Suri','Clinica@dealbasuri.com',NULL,'$2y$10$Cp.nSvP0d.5RSkKRRU6.J.M3mWP4a2UjwfaIh/BskbhwHCny.csku',0,2,NULL,'2023-04-22 23:41:09','2023-04-30 02:40:13',NULL,'6151-9421','-',2,'Chiriqui','135-3514',NULL,NULL,NULL,NULL,NULL,NULL,NULL),(136,'Kenia','kep1425@gmail.com',NULL,'$2y$10$vXU6IGx9Pg2Nb7Ns9U9KqOkVy8IUcU7T4yBYXWte2e90bwDhN3exq',0,3,NULL,'2023-04-23 19:31:18','2023-04-23 19:31:18',NULL,'66786553','Pinzón',0,NULL,'136-4269',NULL,NULL,NULL,NULL,NULL,NULL,NULL),(137,'CARLA','Browncarla@gmail.com',NULL,'$2y$10$o2sMu3ljgYzS7saKBWu4fOtshMY6g4Zlr0h9vQoHWmH.fsQ4Vx1Py',0,3,NULL,'2023-04-23 22:04:04','2023-04-23 22:04:04',NULL,'62103075','BROWN',0,NULL,'137-9596',NULL,NULL,NULL,NULL,NULL,NULL,NULL),(138,'Carla','Browncarla60@gmail.com',NULL,'$2y$10$Hb9AluVJKNvkEUwdAjk07e8/1RniFRFqNd29rRdc.w1XVFBLs7rH6',0,3,NULL,'2023-04-23 22:11:43','2023-04-23 22:11:43',NULL,'62103075','Brown',0,NULL,'138-8180',NULL,NULL,NULL,NULL,NULL,NULL,NULL),(139,'Sonia','soniabello18031958@gmail.com',NULL,'$2y$10$pBnjLbWtFVMLbfm2gcqS2....2Il.mhQIqCiXlFSo7n0VgW/7uV.u',0,3,NULL,'2023-04-24 01:04:36','2023-04-24 01:04:36',NULL,'61856415','Bellos',0,NULL,'139-6164',NULL,NULL,NULL,NULL,NULL,NULL,NULL),(140,'Andreina','andreinaozuna4@gmail.com',NULL,'$2y$10$XtfYFKPkZHqGGd1Rj41qceyVbJz4grPkOLTzetcogLiauQdBYLYMm',0,3,NULL,'2023-04-24 01:19:49','2023-04-24 01:19:49',NULL,'67850535','Ozuna',0,NULL,'140-2243',NULL,NULL,NULL,NULL,NULL,NULL,NULL),(141,'Gabriel','ozunagabriel1950@gmail.com',NULL,'$2y$10$zXgDlmrwdjcUJYwNxBEaMuXMWQYQy9yhorV1ROv8kFJwwjUUM17OW',0,3,NULL,'2023-04-24 01:27:03','2023-04-24 01:27:03',NULL,'63372918','Ozuna',0,NULL,'141-2035',NULL,NULL,NULL,NULL,NULL,NULL,NULL),(142,'Javier','javier25laroche@hotmail.com',NULL,'$2y$10$N475/Xw1MMEletSO0U7VB.Tiae.L6d3fpzZzsvCMzqdcDmM/HG1MW',0,3,NULL,'2023-04-24 01:30:47','2023-04-24 01:30:47',NULL,'62173733','La Roche',0,NULL,'142-6348',NULL,NULL,NULL,NULL,NULL,NULL,NULL),(143,'Ashnabell','Ashnabelldegideon@gmail.com',NULL,'$2y$10$V4/IP5MnRIVaGAHHaktz.OPSAS/WYr4tgQVtcgl.pkp1uhC.6b42.',0,3,NULL,'2023-04-24 01:47:54','2023-04-24 01:47:54',NULL,'65051293','Durango',0,NULL,'143-3036',NULL,NULL,NULL,NULL,NULL,NULL,NULL),(144,'Alvaro','alvarobello053@gmail.com',NULL,'$2y$10$/pZfvTsGYbvBSBA0zghpZODw0jwdLnDzp3ecn0OF6aYHiZ6XFiiHC',0,3,NULL,'2023-04-24 03:47:03','2023-04-24 03:47:03',NULL,'66337225','Bello',0,NULL,'144-1612',NULL,NULL,NULL,NULL,NULL,NULL,NULL),(145,'Jorge','jorgemontenegroo2621@gmail.com',NULL,'$2y$10$jcxZHeI2F0UBDqROB1tRx.8Id9zYZPQdW1ezpH/Lokb9PGstMa8ha',0,3,NULL,'2023-04-24 21:29:47','2023-04-24 21:29:47',NULL,'62133789','Montenegro',0,NULL,'145-9012',NULL,NULL,NULL,NULL,NULL,NULL,NULL),(146,'Lenin','Leninpajaro08@gmail.com',NULL,'$2y$10$bWqUxwF0cJu5JirSPYfURuKwIbirGTzzLEQclbmVBfV929HVLgDM6',0,3,NULL,'2023-04-24 22:17:47','2023-04-24 22:17:47',NULL,'+507 63109024','Herrera',0,NULL,'146-4605',NULL,NULL,NULL,NULL,NULL,NULL,NULL),(147,'Jaime','jarm291285@gmail.com',NULL,'$2y$10$f.kvb7o3OsHh0XoOogp8jeWkvQYLq/RqyANS79bXWj/ABZRrXVury',0,3,NULL,'2023-04-24 22:37:22','2023-04-24 22:37:22',NULL,'66749286','Rodriguez',0,NULL,'147-2555',NULL,NULL,NULL,NULL,NULL,NULL,NULL),(148,'Alain','alainquiros02@gmail.com',NULL,'$2y$10$n1IKGV9p9Q6AUBE8SmsE4eEYYOrJiT2W./owwB4ydjXxRB4ceKUbm',0,3,NULL,'2023-04-24 22:56:30','2023-04-24 22:56:30',NULL,'64762811','Quirós',0,NULL,'148-4434',NULL,NULL,NULL,NULL,NULL,NULL,NULL),(149,'Jorge','jorgemontenegro2621@gmail.com',NULL,'$2y$10$6SW6AsnaVZwNJfirq6MAL.6xpiGWrX4OhGKtQEXDmUyFlbocEP34m',0,3,NULL,'2023-04-25 04:06:16','2023-04-25 04:06:16',NULL,'62133789','Montenegro',0,NULL,'149-4115',NULL,NULL,NULL,NULL,NULL,NULL,NULL),(150,'Laura','laurawarneryaus@hotmail.com',NULL,'$2y$10$SCXghu5mxTrUsbIQdJu8GOek0rC0o3Jl34Iw5IgL6ZdYPzhGksG0y',0,3,NULL,'2023-04-25 05:00:32','2023-04-25 05:00:32',NULL,'2931012','Warner',0,NULL,'150-6112',NULL,NULL,NULL,NULL,NULL,NULL,NULL),(151,'Daniela','Danielajaimes0162@gmail.com',NULL,'$2y$10$c9qPxEQlBJUUi6mgKfh1xOJcctQoEMGLgekMl99P993Y4r0Mduiwq',0,3,NULL,'2023-04-25 05:07:21','2023-04-25 05:07:21',NULL,'66187353','Jaimes',0,NULL,'151-5267',NULL,NULL,NULL,NULL,NULL,NULL,NULL),(152,'Clínica Balmoral','raandrion@hotmail.com',NULL,'$2y$10$kuu61h1zxWxPZqEkzkTZDeMzvc4c5GnjMD2zihH6.ubJ4.Z88QLsW',0,2,NULL,'2023-04-25 22:28:41','2023-04-28 16:18:33',NULL,'2203011','-',1,'Pedregal','152-3155',NULL,NULL,NULL,NULL,NULL,NULL,NULL),(153,'Sara','saravergara92@gmail.com',NULL,'$2y$10$ipRnSC9DnmrRo.4wwsLVs.2zV3rdWcH7H7O/TUsK3fqktb2nI5Baq',0,3,NULL,'2023-04-25 23:23:36','2023-04-25 23:23:36',NULL,'62179501','Vergara',0,NULL,'153-4910',NULL,NULL,NULL,NULL,NULL,NULL,NULL),(154,'Karim','Karim.galindo79@gmail.com',NULL,'$2y$10$pCl3l6ZFP33.ALV0TmgFt.wq04eJrig3ti6H0U8TyNsY55couSviO',0,3,NULL,'2023-04-26 02:55:34','2023-04-26 02:55:34',NULL,'63528802','Galindo',0,NULL,'154-3869',NULL,NULL,NULL,NULL,NULL,NULL,NULL),(155,'Sabina','sabinamendoza0018@gmail.com',NULL,'$2y$10$KBcieb./d2L91ShHv1hIyuzb9plgKNZGhqTaaehJ1bZP5cZyyfsau',0,3,NULL,'2023-04-26 16:19:33','2023-04-26 16:19:33',NULL,'68840309','Mendoza',0,NULL,'155-2349',NULL,NULL,NULL,NULL,NULL,NULL,NULL),(156,'odali','odali@gmail.com',NULL,'$2y$10$46hBX/cBzRkF.bOpnWsMVud1xyHtX.fPO4E1Ern4XzxELyK9BY2aG',0,3,NULL,'2023-04-26 17:21:50','2023-04-26 17:21:50',NULL,'04145394567','odali',0,NULL,'156-4198',NULL,NULL,NULL,NULL,NULL,NULL,NULL),(157,'12121212','maauasas@gmail.com',NULL,'$2y$10$EJgpbHajiM7L8/Tm/1QZWeeBrAaScCWNkWbnmDQBHl/lfm/TVG9PO',0,3,NULL,'2023-04-26 17:23:00','2023-04-26 17:23:00',NULL,'12122121','1121212',0,NULL,'157-3341',NULL,NULL,NULL,NULL,NULL,NULL,NULL),(158,'va','va@gmail.com',NULL,'$2y$10$Tchn4L23O2N6u8kk.nxNZO2FNM6ZhOdnZAzvU5MdaNkThpX3RquhK',0,3,NULL,'2023-04-26 17:24:26','2023-04-26 17:24:26',NULL,'1212','va',0,NULL,'158-1452',NULL,NULL,NULL,NULL,NULL,NULL,NULL),(159,'aaa','sassasas@gmail.com',NULL,'$2y$10$PQ1Uvmv2uXut00IArjZiE./LEOUA/r4BJNUhb0ep4.0HB26o2.8W.',0,3,NULL,'2023-04-26 17:27:21','2023-04-26 17:27:21',NULL,'121212','sasasas',0,NULL,'159-1096',NULL,NULL,NULL,NULL,NULL,NULL,NULL),(160,'asasas','sasasasas@gmail.com',NULL,'$2y$10$7FPBhG7ziKkORXU4uMj.ouYmT05JmXdznHETQGt6rWTEUhGMjRgTO',0,3,NULL,'2023-04-26 17:29:43','2023-04-26 17:29:43',NULL,'1212','asasasas',0,NULL,'160-7470',NULL,NULL,NULL,NULL,NULL,NULL,NULL),(161,'asasaoskao','asasoas@gmail.com',NULL,'$2y$10$RR.mMXjtkSCROWYmzm7rGuzreAly5Gy2TTEOce6M5VmScBC2Dk7N.',0,3,NULL,'2023-04-26 17:50:16','2023-04-26 17:50:16',NULL,'asasasas','oasoasoas',0,NULL,'161-2838',NULL,NULL,NULL,NULL,NULL,NULL,NULL),(162,'sasasoasoai','sasas@gmail.com',NULL,'$2y$10$g6SMu/iXDtgnoY58dmsA8.Z0LWjpH0fpKHHrzLcWroj9u.PFB5zqG',0,3,NULL,'2023-04-26 17:58:58','2023-04-26 17:58:58',NULL,'a12121212','siaoiasaosais',0,NULL,'162-1751',NULL,NULL,NULL,NULL,NULL,'Promotor 10',NULL),(163,'Mari','Botonyappy@gmail.com',NULL,'$2y$10$l1Vr6Cc72ZNMBeHt.VSJU.HhTnS1cK8drmSLfnKWd9F1/9dAL2yqy',0,3,NULL,'2023-04-26 20:15:31','2023-04-26 20:15:31',NULL,'66775643','Prueba',0,NULL,'163-5967',NULL,NULL,NULL,NULL,NULL,NULL,NULL),(164,'Eduardo','Edyvalderrama30@gmail.com',NULL,'$2y$10$./5Qoy1Vy1xempKkjc/sMeCHxS9ufwP/8v.WPFSY43AiN658kXKT6',0,3,NULL,'2023-04-27 00:18:19','2023-04-27 00:18:19',NULL,'64968914','Valderrama',0,NULL,'164-3068',NULL,NULL,NULL,NULL,NULL,NULL,NULL),(165,'Elizabeth','arceelizabeth728@gmail.com',NULL,'$2y$10$w.RN/vz4fq8y9FxNeWyRF.FcjnxEeRk43aKlHWaosUIEzJ5ms/wXm',0,3,NULL,'2023-04-27 00:33:09','2023-04-27 00:33:09',NULL,'62183727','Arce',0,NULL,'165-8786',NULL,NULL,NULL,NULL,NULL,NULL,NULL),(166,'Dalys','Dalysjenkins1001@gmail.com',NULL,'$2y$10$iOE0to0Wa6vb2XLxaGjcLeg7Ly8nAxbgQp3Pj4KnLjg04XAEK.Mb6',0,3,NULL,'2023-04-27 01:08:15','2023-04-27 01:08:15',NULL,'66543167','De lavastides',0,NULL,'166-2963',NULL,NULL,NULL,NULL,NULL,NULL,NULL),(167,'Lilibeth','Lilibethdelcgonzalez@gmail.com',NULL,'$2y$10$/B7H0beyitft3lQ1MVTYW.fcXb2NF3z17wEUUxi5Z1N0jFxRS5cRS',0,3,NULL,'2023-04-27 01:13:32','2023-04-27 01:13:32',NULL,'69875471','Gonzalez',0,NULL,'167-6534',NULL,NULL,NULL,NULL,NULL,NULL,NULL),(168,'David','davidmontegro@gmail.com',NULL,'$2y$10$zx7jAb6etMBnlPqyVFyZAeVerf/Z9LdZdU/UZSYS8iNBAYypugvkq',0,3,NULL,'2023-04-27 01:14:17','2023-04-27 01:14:17',NULL,'62133789','Montenegro',0,NULL,'168-3485',NULL,NULL,NULL,NULL,NULL,NULL,NULL),(169,'Elvin','Elvinfrancis@hotmail.com',NULL,'$2y$10$cjsBgHg5AnVxugx6KzTDUuAfa.BNw/5bgjQjV.uJYeZ3WA29u2nhS',0,3,NULL,'2023-04-27 06:20:24','2023-04-27 06:20:24',NULL,'64008700','Francis',0,NULL,'169-8159',NULL,NULL,NULL,NULL,NULL,NULL,NULL),(170,'manolo','luistorre@gmail.com',NULL,'$2y$10$qzx7YkcJ1xeSTdwKfHiJgeObdpZUSDtNY7IKihCaF0IlAAvdSMCYe',0,3,NULL,'2023-04-27 21:53:52','2023-04-27 22:22:45',NULL,'23243423','torre',0,'null','170-5039','https://app.form.phoenixtechsa.com//storage/images/users/2023_04_27//tdHy5ir9XA8mzQ8JzCfFfRQUEP18Vsvx1KiK2kYo.jpg',NULL,NULL,NULL,NULL,'Promotor 1',NULL),(171,'Aminta','carmenacostapitty@gmail.com',NULL,'$2y$10$7uANzu/R5B.dOEvT1aLOK.dPKRI/SKCEnmOhRalE0won9ydUwSyVK',0,3,NULL,'2023-04-27 23:28:21','2023-04-27 23:28:21',NULL,'62917588','Acosta',0,NULL,'171-8645',NULL,NULL,NULL,NULL,NULL,NULL,NULL),(172,'Julio','jcdiablicosenterprise27@gmail.com',NULL,'$2y$10$TFLNodUgV0i0PbvJCvt8uuFc8N9Zq5wNJI6KrMM5tzO0x5asmgHeC',0,3,NULL,'2023-04-28 01:38:48','2023-04-28 01:38:48',NULL,'64507496','Caballero',0,NULL,'172-9947',NULL,NULL,NULL,NULL,NULL,'Promotor 18',NULL),(173,'Janel','Janelaa2605@gmail.com',NULL,'$2y$10$NfNLQjgL1qX0tVLgcJFJ0.Ov4bnnP9UzXOnvzyuc3aI/X2Mi9qqZG',0,3,NULL,'2023-04-28 02:06:23','2023-04-28 02:06:23',NULL,'61606630','Cruz',0,NULL,'173-7432',NULL,NULL,NULL,NULL,NULL,NULL,NULL),(174,'Schnayda','schnaydaurriola@gmail.com',NULL,'$2y$10$c/4KqL0gFxyomi/O.LmsD.1Uh8PfctsKt/uZLB190cHCHunj8UEk2',0,3,NULL,'2023-04-28 02:59:39','2023-04-28 02:59:39',NULL,'67196490','Urriola',0,NULL,'174-5957',NULL,NULL,NULL,NULL,NULL,NULL,NULL),(175,'Jonathan','negroaldana10@gmail.com',NULL,'$2y$10$QZMYH5A8tOufnNEv5WreP.GsmCheUFSPzOpVNXDe8M9G9jUMVVcFq',0,3,NULL,'2023-04-28 04:00:34','2023-04-28 04:00:34',NULL,'60996280','Aldana',0,NULL,'175-8457',NULL,NULL,NULL,NULL,NULL,NULL,NULL),(176,'Moises','urriolam82@gmail.com',NULL,'$2y$10$xlezaoCexcViAV7hOX3NmOyWrW74jDi.TPgyjQjzfR9tkZGKyrT8u',0,3,NULL,'2023-04-28 18:10:37','2023-04-28 18:28:15',NULL,'67485702','Urriola',0,NULL,'176-5066',NULL,NULL,NULL,'Ana Karen urriola fernandez','8-832-197',NULL,NULL),(177,'Federico','fgulfo1195@hotmail.com',NULL,'$2y$10$bhFsXd4uGuF2KZ28K5dr3eMOk.E8UujpLRGr2jQQvR7nD1Jm5EBIC',0,3,NULL,'2023-04-28 22:59:07','2023-04-28 22:59:07',NULL,'64864634','Gulfo',0,NULL,'177-9707',NULL,NULL,NULL,NULL,NULL,NULL,NULL),(178,'Lisbeth','lisbethberrio187@gmail.com',NULL,'$2y$10$BHRJqE2hHVkhH/J6HftF1unX8WQLIV.ATEYbbiEGNJm82ipaCzCfm',0,3,NULL,'2023-04-28 23:55:12','2023-04-28 23:55:12',NULL,'61254909','Berrio',0,NULL,'178-3948',NULL,NULL,NULL,NULL,NULL,NULL,NULL),(179,'Surgey','suergeydamaris2114@gmail.com',NULL,'$2y$10$ydAIKYT7PAOVOYPCkzPuLunwW50zNacPtzr2EL9rfhWuUsY7iaBe2',0,3,NULL,'2023-04-29 02:51:14','2023-04-29 02:51:14',NULL,'69031125','Salcedo',0,NULL,'179-9107',NULL,NULL,NULL,NULL,NULL,'Promotor 8',NULL),(180,'Margaretha','Margaretha31305@gmail.com',NULL,'$2y$10$yRGxA/SxIwW/J09HNX1ZFeSQB7cTj4Ty2zS2CXmnBxI8YBNQmToC.',0,3,NULL,'2023-04-29 02:55:33','2023-04-29 03:22:59',NULL,'50763407715','Den haage',0,NULL,'180-5453',NULL,'8-709-209',NULL,'Nelson miranda','8-819-731',NULL,NULL),(181,'Oscar','oscar129908@gmail.com',NULL,'$2y$10$iuIrws.8vDyhMhdnpsthuO6knmGv.1Awp1nT4foNB4K/UIcWhlqES',0,3,NULL,'2023-04-29 04:56:11','2023-05-05 16:44:23',NULL,'61542388','Blanco',1,'null','181-4759',NULL,NULL,NULL,NULL,NULL,NULL,NULL),(182,'Ricardo','emilio132404@gmail.com',NULL,'$2y$10$6PxAnMeweVTkBqFpZL7wjOVVUbs4yTT80VYU4KGDN5tMicQK0uOnG',0,3,NULL,'2023-04-29 21:25:13','2023-05-04 14:22:02','','64725692','Castro',1,'null','182-3813','https://app.form.phoenixtechsa.com//storage/images/users/2023_05_04//mHrpio5qMh8BsLJ4Is9OT7JVQFVyzLVQrt7Adigz.jpg',NULL,NULL,NULL,NULL,NULL,NULL),(183,'Marlenis','marlenisaviles08@gmail.com',NULL,'$2y$10$mNIyTiDFD5a0V4bNNrbzpe/4Epz4LEvuXR67gyLDbjLImXi3RLxW6',0,3,NULL,'2023-04-30 00:56:09','2023-04-30 01:02:10',NULL,'67539901','Avilés',0,NULL,'183-1214',NULL,'2-756-360',NULL,'Valerie Nahomi Garrido Avilés','2-726-1583','Promotor 1',NULL),(184,'R- Torres Barber Shop','Irazema_reina@hotmail.com',NULL,'$2y$10$S672eSx0wAIvJeiv4H5l3.V2FRrBczsRzuJFZCl87G3Bj9/f8aSoa',0,2,NULL,'2023-04-30 01:12:59','2023-04-30 01:12:59',NULL,'6698-3060','-',1,'Panama','184-1858','https://app.form.phoenixtechsa.com//storage/images/users/2023_04_29//cuf3SHmgJRaiVKe9h4CdblWb7UGQRcoKSWbhSsFL.jpg',NULL,NULL,NULL,NULL,NULL,NULL),(185,'Cell Android','Tcheng0812@gmail.com',NULL,'$2y$10$k861tR6FCToiGfQyQa/l2.UXnXkokQEtLwx4aFtIG832EsRnD4Px.',0,2,NULL,'2023-04-30 01:18:50','2023-04-30 01:18:50',NULL,'6020-4419','Tomas Cheng',1,'-','185-7981','https://app.form.phoenixtechsa.com//storage/images/users/2023_04_29//yOKsPR7kBAfkaEkevsIceC0mCqajEDlCQ2PXCYR5.png',NULL,NULL,NULL,NULL,NULL,NULL),(186,'Dentis','dentispanama@gmail.com',NULL,'$2y$10$EzWqNVZG1ALVDLC0JcfqT.WVG.anXcEOVWfEsTcE8X7IY8B2wQAci',0,2,NULL,'2023-04-30 01:21:24','2023-04-30 01:21:24',NULL,'6231-8666/ 342-4488','Karla Ortega',1,'-','186-9443','https://app.form.phoenixtechsa.com//storage/images/users/2023_04_29//3QkwJ0866rJjoBHSUv5tD0DgaBuwQMqBHFDkSs6c.jpg',NULL,NULL,NULL,NULL,NULL,NULL),(187,'Aida','aidaaviles686@gmail.com',NULL,'$2y$10$R5oYbNWXNUSDzam3ZS9SyOb1PnCTF9qzyaQSLxOYsJS19WsEBPZ6G',0,3,NULL,'2023-04-30 01:30:40','2023-04-30 01:34:01',NULL,'69576393','Aviles',0,NULL,'187-6040',NULL,'7-92-723',NULL,'Paola del Carme Vergara aviles','2-761-1360','Promotor 1',NULL),(188,'Farmacia Kathy','gabrielasthefanie62@gmail.com',NULL,'$2y$10$vvi.PE5.n9MDDPyoTsZYo.LSx/2iFc5moE0op1TbcyHW3g8uf9W8O',0,2,NULL,'2023-04-30 01:32:35','2023-05-05 01:01:34',NULL,'6386-7143','Farmacia Kathy',1,'-','188-4810','https://app.form.phoenixtechsa.com//storage/images/users/2023_04_29//4aPRC84kOZ2wNzDkoX5rhojXH7lGba5eBpzsJYbM.jpg',NULL,NULL,NULL,NULL,NULL,NULL),(189,'Óptica city visión, S.A:','alfonsogafasymonturas@gmail.com',NULL,'$2y$10$I0oYPQbe16zIkVMousIYcuoWPxcx104o0r3NMlAc5c74WsNNlkD3C',0,2,NULL,'2023-04-30 01:36:58','2023-04-30 01:36:58',NULL,'6649-6951','Luis Salazar',1,'Colón','189-4651','https://app.form.phoenixtechsa.com//storage/images/users/2023_04_29//E9PcAbHre0ttMJvd7pABgV7aUoXCTVuGdFltkfNx.png',NULL,NULL,NULL,NULL,NULL,NULL),(190,'Centro Lem - terapias integrales','moraleslineth898@gmail.com',NULL,'$2y$10$F43td4HqigRnLGjVF/BSdOltqKCud8m7Xi8UwAvrNXCHFRW7qv74G',0,2,NULL,'2023-04-30 01:48:14','2023-04-30 01:48:14',NULL,'66450036','Lirieth Morales',1,'-','190-9451','https://app.form.phoenixtechsa.com//storage/images/users/2023_04_29//pEh863eY3jK4BhFAnVPmEQPj8M0V8mJlZGjMmpN7.jpg',NULL,NULL,NULL,NULL,NULL,NULL),(191,'Samuel','m.samuel081609@gmail.com',NULL,'$2y$10$1s5NZMetyk75UunALEzyQ.2BWtlXSHy.TXQng6yOOfKjJ1Vq3w2Ym',0,3,NULL,'2023-04-30 05:38:52','2023-05-06 16:37:32',NULL,'64593517','Martin',1,'Penonome Cristo Rey bda','191-5218',NULL,'2-720-2221','1988-01-09','Marlenis aviles','2-726-1583','Promotor 1',NULL),(192,'oscar valles','maumaumau@gmail.com',NULL,'$2y$10$3KzBHYmntWd8..OKDX24ZefRSvFSrb9xqcMxSurljOccPuRILhdi.',0,3,NULL,'2023-05-03 02:14:08','2023-05-03 02:14:08',NULL,'0414539459','asas',0,NULL,'192-4886',NULL,NULL,NULL,NULL,NULL,'Promotor 15',NULL),(193,'Test','Test9@gmail.com',NULL,'$2y$10$M89qFKRtunxcteB7xbQUselfjwBOFROrYJM9ZTAp/ONGVDqC9X1CO',0,3,NULL,'2023-05-03 02:18:33','2023-05-03 02:18:33',NULL,'64646464','Test',0,NULL,'193-6588',NULL,NULL,NULL,NULL,NULL,'Promotor 10',NULL),(194,'Alan','edmundo22320@gmail.com',NULL,'$2y$10$tL9NMT9qtCWngFTavFasCOzQhaZRaRCKp5AlgK9dvOFbX6jsCqhCi',0,3,NULL,'2023-05-03 19:13:54','2023-05-03 19:13:54',NULL,'12345678','Vargas',0,NULL,'194-5260',NULL,NULL,NULL,NULL,NULL,'Promotor 10',NULL),(195,'Derlis','santiagoderlis80@gmail.com',NULL,'$2y$10$vL0jXpMtSjRafIE30MZm/./D8Wq.xP.tHo2v2AuCBlaTa0lCkwfF2',0,3,NULL,'2023-05-04 01:18:55','2023-05-04 01:18:55',NULL,'61543911','Santiago',0,NULL,'195-5146',NULL,NULL,NULL,NULL,NULL,'Promotor 1',NULL),(196,'Adrian','adrianrube47@gmail.com',NULL,'$2y$10$fdHtfvPj.6V1uG/KsE1vS.UaIhH03SNF9urOz.jRK8dNjsjqnv5ke',0,3,NULL,'2023-05-04 04:16:49','2023-05-04 04:16:49',NULL,'66672984','Perez',0,NULL,'196-5005',NULL,NULL,NULL,NULL,NULL,'Promotor 33',NULL),(197,'Fabiola del Carmen','fbl.villarreal@gmail.com',NULL,'$2y$10$HMOsDWOUzZJf2T9p02.VNO6cF.QEUGpxaV/D3fPhhCSY1XjoQpYGa',0,3,NULL,'2023-05-04 05:42:00','2023-05-04 05:42:00',NULL,'67805325','Villarreal Durango',0,NULL,'197-7092',NULL,NULL,NULL,NULL,NULL,NULL,NULL),(198,'SEL LAB','louis.morales@laboratoriosel.com',NULL,'$2y$10$BPMd7lebczghh.Zd20cVe.T69e8aqr8jUPvDaSyCrzbCRsdryHcOe',0,2,NULL,'2023-05-04 22:22:30','2023-05-04 22:22:30',NULL,'6241-1557','-',1,'Chiriqui','198-8750',NULL,NULL,NULL,NULL,NULL,NULL,NULL),(199,'Pedro','pedrovillarreal3001@gmail.com',NULL,'$2y$10$WTDtOJttuI/pghuN3IHue.d5xj7dn7rJQAd8bDEgkN76fx2mddJMC',0,3,NULL,'2023-05-04 22:57:26','2023-05-04 22:57:26',NULL,'68622653','Ruiz Villarreal',0,NULL,'199-2187',NULL,NULL,NULL,NULL,NULL,NULL,NULL),(200,'Alberto','albertomoron44@gmail.com',NULL,'$2y$10$fXmNa5eIMF0jVvSN.I1gG.i87/uNq5qhv5vGvOk/kynha2JiJ6uXy',0,3,NULL,'2023-05-04 23:12:43','2023-05-04 23:28:19',NULL,'68361499','Moron',1,'Don Bosco Calle#2 casa 1062','200-7561',NULL,'8-832-2064','1990-02-07',NULL,NULL,'Promotor 1',NULL),(201,'Centro Medico Los Andes','dreeab@hotmail.com',NULL,'$2y$10$2NP5guYFSNjDOEiz5hHqK.rJp10xaldXZU3CL3fmgeHLi8QXxQC/q',0,2,NULL,'2023-05-04 23:46:29','2023-05-04 23:46:29',NULL,'60589129','-',1,'Los Andes','201-4815',NULL,NULL,NULL,NULL,NULL,NULL,NULL),(202,'A´plato hondo','Correa2259luis@gmail.com',NULL,'$2y$10$zB9ghSWALzW7HIAPMcQlSu9fAna9G/ZpBGXBu6ZyRU62eeFVZanp6',0,2,NULL,'2023-05-05 01:00:18','2023-05-05 01:00:18',NULL,'6855-0772','-',1,'Vista alegre casco viejo arraijan calle principal','202-1643',NULL,NULL,NULL,NULL,NULL,NULL,NULL),(203,'Optica Feria De Lentes','Martha.tanga@hotmail.com',NULL,'$2y$10$jRc0eWUcNcumbAfxrjx3L.xyfSKPgPars4.bc5gzJQLRaEj2lkfHS',0,2,NULL,'2023-05-05 01:13:14','2023-05-05 01:13:14',NULL,'66088292','-',2,'Chorrera Centro Femenino','203-8991',NULL,NULL,NULL,NULL,NULL,NULL,NULL),(204,'CENTRO MEDICO Y DE ODONTOLOGIA, NG','dentalclinicng@gmail.com',NULL,'$2y$10$HmFZbYnRhQqfPQbLgMnOTe/sTzhxtfjWpOjP7Lfnd7BfRQAAS4x7u',0,2,NULL,'2023-05-05 01:26:09','2023-05-05 01:26:09',NULL,'-','-',1,'Chorrera','204-1441',NULL,NULL,NULL,NULL,NULL,NULL,NULL),(205,'Clínica Óptica De La Hoz','clinicaopticadelahoz@gmail.com',NULL,'$2y$10$oN64zTjEYj/.PVorVRF9tufReF3fsUvjXfMxocJa879ljQwL8erUW',0,2,NULL,'2023-05-05 01:30:55','2023-05-05 01:30:55',NULL,'6467-1941','-',1,'La Chorrera Plaza Coopeve','205-6435',NULL,NULL,NULL,NULL,NULL,NULL,NULL),(206,'SAAB Farmacias S.A.','ysa.saab@hotmail.com',NULL,'$2y$10$dRbi3NHY72mJfgaevvGU4.hPKvLooKpXbbMHXj6jCMwKL1qui7ply',0,2,NULL,'2023-05-05 19:11:39','2023-05-05 19:11:39',NULL,'6637-2720','-',1,'chorrera','206-3502',NULL,NULL,NULL,NULL,NULL,NULL,NULL),(207,'Cabañas Monkey','juanantoniojacobs@gmail.com',NULL,'$2y$10$evzdJtZe6uLqpGfbXQp1JesHhMsgVDVBBCShX3R2t9hurR4Bx88UW',0,2,NULL,'2023-05-05 22:12:27','2023-05-05 22:12:27',NULL,'6353-6985','-',1,'San Carlos, La Ermita','207-4948',NULL,NULL,NULL,NULL,NULL,NULL,NULL),(208,'MediLab','anamedilab_28@hotmail.com',NULL,'$2y$10$Jdh3txXpgNUDcSl0vI6Q2ulP0uhLHmEfMkYzZISjZd41.XJYmsx6G',0,2,NULL,'2023-05-05 22:51:44','2023-05-05 22:51:44',NULL,'6451-5730','-',2,'La chorrera calle Sta Rita','208-1277','https://app.form.phoenixtechsa.com//storage/images/users/2023_05_05//zivonjWWTthTBiTFFRR9WnoC5ijCww1WhQ8VRtQd.jpg',NULL,NULL,NULL,NULL,NULL,NULL),(209,'Creaciones BordaGrim','jcgrimaldo@hotmail.com',NULL,'$2y$10$Kor0K0Y/aFMLLUQYKcKPa.Dr9/6vJ60ujbiP8YsBsHG1CO.Q4PY5G',0,2,NULL,'2023-05-05 23:03:19','2023-05-05 23:03:19',NULL,'6560-1836','-',1,'chanis','209-5780','https://app.form.phoenixtechsa.com//storage/images/users/2023_05_05//u2hcbRa7pmQBbcdbIwjAvtwaPEAwqfFTgkNPnWvV.jpg',NULL,NULL,NULL,NULL,NULL,NULL),(210,'Sindy','Sindyarias75@gmail.com',NULL,'$2y$10$CXCaJxvHRes2hb/NRVEk..2pjVF6JW1M8ppT0qyqw.QuR3Pkakex2',0,3,NULL,'2023-05-06 04:38:09','2023-05-06 04:38:09',NULL,'69667508','Arias',0,NULL,'210-1125',NULL,NULL,NULL,NULL,NULL,NULL,NULL),(211,'Veronica','yarigonza0402@gmail.com',NULL,'$2y$10$j0Lh/kdW6sCQz7emjJHmpuJheb0Yk0tQ09OdXOZGWWyStWFI.E.wy',0,3,NULL,'2023-05-06 06:46:46','2023-05-06 06:46:46',NULL,'67706379','González',0,NULL,'211-9863',NULL,NULL,NULL,NULL,NULL,NULL,NULL),(212,'Raizel','scarlethfer.15@gmail.com',NULL,'$2y$10$Vy5KkclqYlfv0AaN/abamezTrqcv0WNfDdlsYojOiXEd.NlIMNg6i',0,3,NULL,'2023-05-08 16:42:33','2023-05-08 16:42:33',NULL,'61263567','Fernandez',0,NULL,'212-7728',NULL,NULL,NULL,NULL,NULL,'Promotor 19',NULL),(213,'Nidia','Nidiamontero22@gmail.com',NULL,'$2y$10$TZoQDiXcmerf8EIOuJ8HjeJ8WDXRYaY9VyH4bLeAkCM.BNMll6YR6',0,3,NULL,'2023-05-08 20:32:06','2023-05-08 20:32:06',NULL,'67576877','Montero',0,NULL,'213-8869',NULL,NULL,NULL,NULL,NULL,NULL,NULL),(214,'promotor','promotor1@gmail.com',NULL,'$2y$10$6Liol67l6wBbtkUyrDELf.tSYrpJpMcx0jqUOZ3JegFEIxIz/Q5C6',0,3,NULL,'2023-05-08 21:24:44','2023-05-08 21:24:44',NULL,'65656565','1',0,NULL,'214-4658',NULL,NULL,NULL,NULL,NULL,NULL,NULL),(215,'promotor','promotor2@gmail.com',NULL,'$2y$10$OBpXwVCR9BCtbq4wr3kSxO4toIan180/eTQPQJ5u/0KOFzUm5PHxu',0,3,NULL,'2023-05-08 21:27:27','2023-05-08 21:27:42',NULL,'65656565','2',0,NULL,'215-2205',NULL,'88888888888',NULL,'8888888888','888888888',NULL,NULL),(216,'promotor','promotor3@gmail.com',NULL,'$2y$10$bSzI8ilRSKVgsLd3zAPS9OWA7ff/BrT.e/JJAU9kphCmLqPxcniue',0,3,NULL,'2023-05-08 21:29:14','2023-05-08 21:29:14',NULL,'665656565','3',0,NULL,'216-4094',NULL,NULL,NULL,NULL,NULL,NULL,NULL),(217,'promotor','promotor4@gmail.com',NULL,'$2y$10$mhqtvwxPeuypFbkgOwCQiuKrkFud47Zuwlf5TjIDQb.cN7ivhJdB.',0,3,NULL,'2023-05-08 21:30:32','2023-05-08 21:30:39',NULL,'65656565','4',0,NULL,'217-5285',NULL,'888888888',NULL,'888888888','8888888888',NULL,NULL),(218,'Felipe','f.jimenez9215@gmail.com',NULL,'$2y$10$QvybH.G7OHjvzj10P0P/zeoPbnPBnyQigFdSdZHutuaGoR2iteeua',0,3,NULL,'2023-05-08 23:54:15','2023-05-08 23:54:15',NULL,'61342024','Jimenez',0,NULL,'218-7261',NULL,NULL,NULL,NULL,NULL,'Promotor 19',NULL);


